66.249.70.70 - - [16/May/2026:06:50:56 +0200] "GET /wp-content/et-cache/100954/et-divi-dynamic-tb-92334-tb-97768-tb-97135-100954-late.css HTTP/1.1" 200 2583 "https://handanhand.lu/kwestie-do-rozwazenia-przy-wyborze-strony-bukmacherskiej-na-rynku-polskim/" "Mozilla/5.0 (Linux; Android 6.0.1; Nexus 5X Build/MMB29P) AppleWebKit/537.36 (KHTML, like Gecko) Chrome/148.0.7778.96 Mobile Safari/537.36 (compatible; GoogleOther)"
66.249.70.69 - - [16/May/2026:06:51:16 +0200] "GET /wp-content/plugins/divi-plus/includes/modules/BlogSlider/style.min.css?ver=1.0.0 HTTP/1.1" 200 862 "https://handanhand.lu/?c=2571110" "Mozilla/5.0 (Linux; Android 6.0.1; Nexus 5X Build/MMB29P) AppleWebKit/537.36 (KHTML, like Gecko) Chrome/148.0.7778.96 Mobile Safari/537.36 (compatible; Googlebot/2.1; +http://www.google.com/bot.html)"
66.249.70.69 - - [16/May/2026:06:51:16 +0200] "GET /wp-includes/js/mediaelement/wp-mediaelement.min.js?ver=6.9.4 HTTP/1.1" 200 466 "https://handanhand.lu/?c=2571110" "Mozilla/5.0 (Linux; Android 6.0.1; Nexus 5X Build/MMB29P) AppleWebKit/537.36 (KHTML, like Gecko) Chrome/148.0.7778.96 Mobile Safari/537.36 (compatible; Googlebot/2.1; +http://www.google.com/bot.html)"
66.249.70.69 - - [16/May/2026:06:51:16 +0200] "GET /wp-content/et-cache/95203/et-divi-dynamic-tb-92334-tb-97135-95203-late.css?ver=1778112000 HTTP/1.1" 200 2822 "https://handanhand.lu/?c=2571110" "Mozilla/5.0 (Linux; Android 6.0.1; Nexus 5X Build/MMB29P) AppleWebKit/537.36 (KHTML, like Gecko) Chrome/148.0.7778.96 Mobile Safari/537.36 (compatible; Googlebot/2.1; +http://www.google.com/bot.html)"
66.249.70.69 - - [16/May/2026:06:51:18 +0200] "GET /wp-content/plugins/divi-plus/includes/assets/js/swiper/swiper.min.js?ver=6.4.5 HTTP/1.1" 200 34743 "https://handanhand.lu/?c=2571110" "Mozilla/5.0 (Linux; Android 6.0.1; Nexus 5X Build/MMB29P) AppleWebKit/537.36 (KHTML, like Gecko) Chrome/148.0.7778.96 Mobile Safari/537.36 (compatible; Googlebot/2.1; +http://www.google.com/bot.html)"
66.249.70.69 - - [16/May/2026:06:51:18 +0200] "GET /wp-content/plugins/divi-plus/includes/assets/css/swiper/swiper.min.css?ver=6.4.5 HTTP/1.1" 200 3975 "https://handanhand.lu/?c=2571110" "Mozilla/5.0 (Linux; Android 6.0.1; Nexus 5X Build/MMB29P) AppleWebKit/537.36 (KHTML, like Gecko) Chrome/148.0.7778.96 Mobile Safari/537.36 (compatible; Googlebot/2.1; +http://www.google.com/bot.html)"
66.249.70.70 - - [16/May/2026:06:51:20 +0200] "GET /wp-content/et-cache/95203/et-core-unified-tb-92334-tb-97135-deferred-95203.min.css?ver=1778112000 HTTP/1.1" 200 2507 "https://handanhand.lu/?c=2571110" "Mozilla/5.0 (Linux; Android 6.0.1; Nexus 5X Build/MMB29P) AppleWebKit/537.36 (KHTML, like Gecko) Chrome/148.0.7778.96 Mobile Safari/537.36 (compatible; Googlebot/2.1; +http://www.google.com/bot.html)"
66.249.70.70 - - [16/May/2026:06:51:21 +0200] "GET /wp-includes/js/mediaelement/mediaelement-migrate.min.js?ver=6.9.4 HTTP/1.1" 200 491 "https://handanhand.lu/?c=2571110" "Mozilla/5.0 (Linux; Android 6.0.1; Nexus 5X Build/MMB29P) AppleWebKit/537.36 (KHTML, like Gecko) Chrome/148.0.7778.96 Mobile Safari/537.36 (compatible; Googlebot/2.1; +http://www.google.com/bot.html)"
66.249.70.69 - - [16/May/2026:06:51:23 +0200] "GET /wp-content/et-cache/95203/et-divi-dynamic-tb-92334-tb-97135-95203.css?ver=1778112000 HTTP/1.1" 200 2883 "https://handanhand.lu/?c=2571110" "Mozilla/5.0 (Linux; Android 6.0.1; Nexus 5X Build/MMB29P) AppleWebKit/537.36 (KHTML, like Gecko) Chrome/148.0.7778.96 Mobile Safari/537.36 (compatible; Googlebot/2.1; +http://www.google.com/bot.html)"
66.249.70.69 - - [16/May/2026:06:51:23 +0200] "GET /wp-content/plugins/divi-plus/includes/modules/BlogSlider/dipl-blog-slider-custom.min.js?ver=1.0.1 HTTP/1.1" 200 297 "https://handanhand.lu/?c=2571110" "Mozilla/5.0 (Linux; Android 6.0.1; Nexus 5X Build/MMB29P) AppleWebKit/537.36 (KHTML, like Gecko) Chrome/148.0.7778.96 Mobile Safari/537.36 (compatible; Googlebot/2.1; +http://www.google.com/bot.html)"
66.249.70.69 - - [16/May/2026:06:51:24 +0200] "GET /wp-content/et-cache/95203/et-core-unified-95203.min.css?ver=1778112000 HTTP/1.1" 200 471 "https://handanhand.lu/?c=2571110" "Mozilla/5.0 (Linux; Android 6.0.1; Nexus 5X Build/MMB29P) AppleWebKit/537.36 (KHTML, like Gecko) Chrome/148.0.7778.96 Mobile Safari/537.36 (compatible; Googlebot/2.1; +http://www.google.com/bot.html)"
66.249.70.70 - - [16/May/2026:06:51:25 +0200] "GET /wp-includes/js/mediaelement/mediaelement-and-player.min.js?ver=4.2.17 HTTP/1.1" 200 35669 "https://handanhand.lu/?c=2571110" "Mozilla/5.0 (Linux; Android 6.0.1; Nexus 5X Build/MMB29P) AppleWebKit/537.36 (KHTML, like Gecko) Chrome/148.0.7778.96 Mobile Safari/537.36 (compatible; Googlebot/2.1; +http://www.google.com/bot.html)"
66.249.70.69 - - [16/May/2026:06:51:25 +0200] "GET /wp-includes/js/mediaelement/mediaelementplayer-legacy.min.css?ver=4.2.17 HTTP/1.1" 200 2390 "https://handanhand.lu/?c=2571110" "Mozilla/5.0 (Linux; Android 6.0.1; Nexus 5X Build/MMB29P) AppleWebKit/537.36 (KHTML, like Gecko) Chrome/148.0.7778.96 Mobile Safari/537.36 (compatible; Googlebot/2.1; +http://www.google.com/bot.html)"
66.249.70.71 - - [16/May/2026:06:51:26 +0200] "GET /wp-content/plugins/divi-plus/styles/diplSwiper.min.css?ver=1.0.0 HTTP/1.1" 200 722 "https://handanhand.lu/?c=2571110" "Mozilla/5.0 (Linux; Android 6.0.1; Nexus 5X Build/MMB29P) AppleWebKit/537.36 (KHTML, like Gecko) Chrome/148.0.7778.96 Mobile Safari/537.36 (compatible; Googlebot/2.1; +http://www.google.com/bot.html)"
66.249.70.69 - - [16/May/2026:06:51:27 +0200] "GET /wp-includes/js/mediaelement/wp-mediaelement.min.css?ver=6.9.4 HTTP/1.1" 200 992 "https://handanhand.lu/?c=2571110" "Mozilla/5.0 (Linux; Android 6.0.1; Nexus 5X Build/MMB29P) AppleWebKit/537.36 (KHTML, like Gecko) Chrome/148.0.7778.96 Mobile Safari/537.36 (compatible; Googlebot/2.1; +http://www.google.com/bot.html)"
66.249.70.69 - - [16/May/2026:07:03:31 +0200] "GET /wp-content/et-cache/96489/et-core-unified-cpt-deferred-96489.min.css?ver=1778112000 HTTP/1.1" 200 702 "https://handanhand.lu/?p=5711664" "Mozilla/5.0 (Linux; Android 6.0.1; Nexus 5X Build/MMB29P) AppleWebKit/537.36 (KHTML, like Gecko) Chrome/148.0.7778.96 Mobile Safari/537.36 (compatible; Googlebot/2.1; +http://www.google.com/bot.html)"
66.249.70.69 - - [16/May/2026:07:05:36 +0200] "GET /wp-content/et-cache/96489/et-core-unified-cpt-deferred-96489.min.css?ver=1778112000 HTTP/1.1" 200 702 "https://handanhand.lu/?p=6265444" "Mozilla/5.0 (Linux; Android 6.0.1; Nexus 5X Build/MMB29P) AppleWebKit/537.36 (KHTML, like Gecko) Chrome/148.0.7778.96 Mobile Safari/537.36 (compatible; Googlebot/2.1; +http://www.google.com/bot.html)"
216.73.216.197 - - [16/May/2026:07:06:52 +0200] "GET /%1$s HTTP/1.1" 400 150 "-" "-"
216.73.216.197 - - [16/May/2026:07:15:55 +0200] "GET /wp-content/et-cache/96489/et-core-unified-cpt-96489.min.css HTTP/1.1" 200 666 "-" "Mozilla/5.0 AppleWebKit/537.36 (KHTML, like Gecko; compatible; ClaudeBot/1.0; +claudebot@anthropic.com)"
66.249.70.71 - - [16/May/2026:07:27:51 +0200] "GET /wp-content/plugins/woocommerce/assets/css/woocommerce-layout.css?ver=10.7.0 HTTP/1.1" 200 3165 "https://handanhand.lu/?p=5764767" "Mozilla/5.0 (Linux; Android 6.0.1; Nexus 5X Build/MMB29P) AppleWebKit/537.36 (KHTML, like Gecko) Chrome/148.0.7778.96 Mobile Safari/537.36 (compatible; Googlebot/2.1; +http://www.google.com/bot.html)"
66.249.70.70 - - [16/May/2026:07:27:56 +0200] "GET /wp-content/plugins/woocommerce/assets/css/woocommerce-layout.css?ver=10.7.0 HTTP/1.1" 200 3165 "https://handanhand.lu/?p=6104234" "Mozilla/5.0 (Linux; Android 6.0.1; Nexus 5X Build/MMB29P) AppleWebKit/537.36 (KHTML, like Gecko) Chrome/148.0.7778.96 Mobile Safari/537.36 (compatible; Googlebot/2.1; +http://www.google.com/bot.html)"
49.97.11.151 - - [16/May/2026:07:28:02 +0200] "GET /wp-content/plugins/woocommerce/assets/css/woocommerce-smallscreen.css?ver=10.7.0 HTTP/1.1" 200 1176 "https://handanhand.lu/?p=3716495" "Mozilla/5.0 (Linux; Android 10; K) AppleWebKit/537.36 (KHTML, like Gecko) Chrome/148.0.0.0 Mobile Safari/537.36"
49.97.11.151 - - [16/May/2026:07:28:02 +0200] "GET /wp-content/plugins/woocommerce/assets/css/woocommerce.css?ver=10.7.0 HTTP/1.1" 200 10336 "https://handanhand.lu/?p=3716495" "Mozilla/5.0 (Linux; Android 10; K) AppleWebKit/537.36 (KHTML, like Gecko) Chrome/148.0.0.0 Mobile Safari/537.36"
49.97.11.151 - - [16/May/2026:07:28:02 +0200] "GET /wp-content/plugins/woocommerce/assets/css/woocommerce-layout.css?ver=10.7.0 HTTP/1.1" 200 3165 "https://handanhand.lu/?p=3716495" "Mozilla/5.0 (Linux; Android 10; K) AppleWebKit/537.36 (KHTML, like Gecko) Chrome/148.0.0.0 Mobile Safari/537.36"
49.97.11.151 - - [16/May/2026:07:28:02 +0200] "GET /wp-content/et-cache/notfound/et-divi-dynamic-tb-92334-tb-96489-tb-97135-late.css?ver=1778895814 HTTP/1.1" 200 2583 "https://handanhand.lu/?p=3716495" "Mozilla/5.0 (Linux; Android 10; K) AppleWebKit/537.36 (KHTML, like Gecko) Chrome/148.0.0.0 Mobile Safari/537.36"
49.97.11.151 - - [16/May/2026:07:28:02 +0200] "GET /wp-content/plugins/divi-plus/styles/style.min.css?ver=1.13.0 HTTP/1.1" 200 1237 "https://handanhand.lu/?p=3716495" "Mozilla/5.0 (Linux; Android 10; K) AppleWebKit/537.36 (KHTML, like Gecko) Chrome/148.0.0.0 Mobile Safari/537.36"
49.97.11.151 - - [16/May/2026:07:28:02 +0200] "GET /wp-content/et-cache/global/et-divi-customizer-global.min.css?ver=1778895814 HTTP/1.1" 200 2048 "https://handanhand.lu/?p=3716495" "Mozilla/5.0 (Linux; Android 10; K) AppleWebKit/537.36 (KHTML, like Gecko) Chrome/148.0.0.0 Mobile Safari/537.36"
49.97.11.151 - - [16/May/2026:07:28:02 +0200] "GET /wp-content/et-cache/92334/et-core-unified-cpt-92334.min.css?ver=1778895814 HTTP/1.1" 200 706 "https://handanhand.lu/?p=3716495" "Mozilla/5.0 (Linux; Android 10; K) AppleWebKit/537.36 (KHTML, like Gecko) Chrome/148.0.0.0 Mobile Safari/537.36"
49.97.11.151 - - [16/May/2026:07:28:02 +0200] "GET /wp-content/et-cache/96489/et-core-unified-cpt-96489.min.css?ver=1778901272 HTTP/1.1" 200 666 "https://handanhand.lu/?p=3716495" "Mozilla/5.0 (Linux; Android 10; K) AppleWebKit/537.36 (KHTML, like Gecko) Chrome/148.0.0.0 Mobile Safari/537.36"
49.97.11.151 - - [16/May/2026:07:28:02 +0200] "GET /wp-content/et-cache/96489/et-core-unified-cpt-deferred-96489.min.css?ver=1778895814 HTTP/1.1" 200 702 "https://handanhand.lu/?p=3716495" "Mozilla/5.0 (Linux; Android 10; K) AppleWebKit/537.36 (KHTML, like Gecko) Chrome/148.0.0.0 Mobile Safari/537.36"
49.97.11.151 - - [16/May/2026:07:28:02 +0200] "GET /wp-content/plugins/woocommerce/assets/client/blocks/wc-blocks.css?ver=wc-10.7.0 HTTP/1.1" 200 2400 "https://handanhand.lu/?p=3716495" "Mozilla/5.0 (Linux; Android 10; K) AppleWebKit/537.36 (KHTML, like Gecko) Chrome/148.0.0.0 Mobile Safari/537.36"
49.97.11.151 - - [16/May/2026:07:28:03 +0200] "GET /wp-content/plugins/divi-plus/includes/modules/ButtonItem/style.min.css?ver=1.0.0 HTTP/1.1" 200 823 "https://handanhand.lu/?p=3716495" "Mozilla/5.0 (Linux; Android 10; K) AppleWebKit/537.36 (KHTML, like Gecko) Chrome/148.0.0.0 Mobile Safari/537.36"
49.97.11.151 - - [16/May/2026:07:28:03 +0200] "GET /wp-includes/js/jquery/jquery.min.js?ver=3.7.1 HTTP/1.1" 200 29610 "https://handanhand.lu/?p=3716495" "Mozilla/5.0 (Linux; Android 10; K) AppleWebKit/537.36 (KHTML, like Gecko) Chrome/148.0.0.0 Mobile Safari/537.36"
49.97.11.151 - - [16/May/2026:07:28:03 +0200] "GET /wp-includes/js/jquery/jquery-migrate.min.js?ver=3.4.1 HTTP/1.1" 200 4690 "https://handanhand.lu/?p=3716495" "Mozilla/5.0 (Linux; Android 10; K) AppleWebKit/537.36 (KHTML, like Gecko) Chrome/148.0.0.0 Mobile Safari/537.36"
49.97.11.151 - - [16/May/2026:07:28:03 +0200] "GET /wp-content/uploads/2024/11/Logo.png HTTP/1.1" 200 86806 "https://handanhand.lu/?p=3716495" "Mozilla/5.0 (Linux; Android 10; K) AppleWebKit/537.36 (KHTML, like Gecko) Chrome/148.0.0.0 Mobile Safari/537.36"
49.97.11.151 - - [16/May/2026:07:28:03 +0200] "GET /wp-content/uploads/2024/08/dpn-life-change-section-img.webp HTTP/1.1" 200 73016 "https://handanhand.lu/?p=3716495" "Mozilla/5.0 (Linux; Android 10; K) AppleWebKit/537.36 (KHTML, like Gecko) Chrome/148.0.0.0 Mobile Safari/537.36"
49.97.11.151 - - [16/May/2026:07:28:03 +0200] "GET /wp-content/themes/Divi/js/scripts.min.js?ver=4.27.4 HTTP/1.1" 200 56547 "https://handanhand.lu/?p=3716495" "Mozilla/5.0 (Linux; Android 10; K) AppleWebKit/537.36 (KHTML, like Gecko) Chrome/148.0.0.0 Mobile Safari/537.36"
49.97.11.151 - - [16/May/2026:07:28:03 +0200] "GET /wp-content/themes/Divi/includes/builder/feature/dynamic-assets/assets/js/jquery.fitvids.js?ver=4.27.4 HTTP/1.1" 200 1169 "https://handanhand.lu/?p=3716495" "Mozilla/5.0 (Linux; Android 10; K) AppleWebKit/537.36 (KHTML, like Gecko) Chrome/148.0.0.0 Mobile Safari/537.36"
49.97.11.151 - - [16/May/2026:07:28:03 +0200] "GET /wp-content/plugins/divi-plus/scripts/frontend-bundle.min.js?ver=1.13.0 HTTP/1.1" 200 4780 "https://handanhand.lu/?p=3716495" "Mozilla/5.0 (Linux; Android 10; K) AppleWebKit/537.36 (KHTML, like Gecko) Chrome/148.0.0.0 Mobile Safari/537.36"
49.97.11.151 - - [16/May/2026:07:28:03 +0200] "GET /wp-content/plugins/woocommerce/assets/js/sourcebuster/sourcebuster.min.js?ver=10.7.0 HTTP/1.1" 200 4617 "https://handanhand.lu/?p=3716495" "Mozilla/5.0 (Linux; Android 10; K) AppleWebKit/537.36 (KHTML, like Gecko) Chrome/148.0.0.0 Mobile Safari/537.36"
49.97.11.151 - - [16/May/2026:07:28:03 +0200] "GET /wp-content/plugins/woocommerce/assets/js/frontend/order-attribution.min.js?ver=10.7.0 HTTP/1.1" 200 1033 "https://handanhand.lu/?p=3716495" "Mozilla/5.0 (Linux; Android 10; K) AppleWebKit/537.36 (KHTML, like Gecko) Chrome/148.0.0.0 Mobile Safari/537.36"
49.97.11.151 - - [16/May/2026:07:28:03 +0200] "GET /wp-content/themes/Divi/core/admin/js/common.js?ver=4.27.4 HTTP/1.1" 200 503 "https://handanhand.lu/?p=3716495" "Mozilla/5.0 (Linux; Android 10; K) AppleWebKit/537.36 (KHTML, like Gecko) Chrome/148.0.0.0 Mobile Safari/537.36"
49.97.11.151 - - [16/May/2026:07:28:03 +0200] "GET /wp-content/plugins/divi-plus/includes/modules/Button/dipl-button-custom.min.js?ver=1.0.0 HTTP/1.1" 200 344 "https://handanhand.lu/?p=3716495" "Mozilla/5.0 (Linux; Android 10; K) AppleWebKit/537.36 (KHTML, like Gecko) Chrome/148.0.0.0 Mobile Safari/537.36"
49.97.11.151 - - [16/May/2026:07:28:03 +0200] "GET /wp-content/plugins/woocommerce/assets/js/jquery-blockui/jquery.blockUI.min.js?ver=2.7.0-wc.10.7.0 HTTP/1.1" 200 3288 "https://handanhand.lu/?p=3716495" "Mozilla/5.0 (Linux; Android 10; K) AppleWebKit/537.36 (KHTML, like Gecko) Chrome/148.0.0.0 Mobile Safari/537.36"
49.97.11.151 - - [16/May/2026:07:28:04 +0200] "GET /wp-content/et-cache/notfound/et-divi-dynamic-tb-92334-tb-96489-tb-97135-late.css HTTP/1.1" 200 2583 "https://handanhand.lu/?p=3716495" "Mozilla/5.0 (Linux; Android 10; K) AppleWebKit/537.36 (KHTML, like Gecko) Chrome/148.0.0.0 Mobile Safari/537.36"
49.97.11.151 - - [16/May/2026:07:28:04 +0200] "GET /wp-content/themes/Divi/core/admin/fonts/modules/social/modules.woff HTTP/1.1" 200 10320 "https://handanhand.lu/wp-content/et-cache/notfound/et-divi-dynamic-tb-92334-tb-96489-tb-97135-late.css?ver=1778895814" "Mozilla/5.0 (Linux; Android 10; K) AppleWebKit/537.36 (KHTML, like Gecko) Chrome/148.0.0.0 Mobile Safari/537.36"
49.97.11.151 - - [16/May/2026:07:28:04 +0200] "GET /wp-content/plugins/woocommerce/assets/js/frontend/add-to-cart.min.js?ver=10.7.0 HTTP/1.1" 200 1302 "https://handanhand.lu/?p=3716495" "Mozilla/5.0 (Linux; Android 10; K) AppleWebKit/537.36 (KHTML, like Gecko) Chrome/148.0.0.0 Mobile Safari/537.36"
49.97.11.151 - - [16/May/2026:07:28:04 +0200] "GET /wp-content/plugins/woocommerce/assets/js/js-cookie/js.cookie.min.js?ver=2.1.4-wc.10.7.0 HTTP/1.1" 200 772 "https://handanhand.lu/?p=3716495" "Mozilla/5.0 (Linux; Android 10; K) AppleWebKit/537.36 (KHTML, like Gecko) Chrome/148.0.0.0 Mobile Safari/537.36"
49.97.11.151 - - [16/May/2026:07:28:04 +0200] "GET /wp-content/plugins/woocommerce/assets/js/frontend/woocommerce.min.js?ver=10.7.0 HTTP/1.1" 200 1345 "https://handanhand.lu/?p=3716495" "Mozilla/5.0 (Linux; Android 10; K) AppleWebKit/537.36 (KHTML, like Gecko) Chrome/148.0.0.0 Mobile Safari/537.36"
66.249.70.69 - - [16/May/2026:07:28:29 +0200] "GET /wp-content/et-cache/100960/et-divi-dynamic-tb-92334-tb-97768-tb-97135-100960-late.css HTTP/1.1" 200 2583 "https://handanhand.lu/casino-online-non-aams-legality-and-regulations-explained/" "Mozilla/5.0 (Linux; Android 6.0.1; Nexus 5X Build/MMB29P) AppleWebKit/537.36 (KHTML, like Gecko) Chrome/148.0.7778.96 Mobile Safari/537.36 (compatible; GoogleOther)"
66.249.70.69 - - [16/May/2026:07:30:09 +0200] "GET /wp-content/plugins/woocommerce/assets/css/woocommerce-layout.css?ver=10.7.0 HTTP/1.1" 200 3165 "https://handanhand.lu/?p=4938478" "Mozilla/5.0 (Linux; Android 6.0.1; Nexus 5X Build/MMB29P) AppleWebKit/537.36 (KHTML, like Gecko) Chrome/148.0.7778.96 Mobile Safari/537.36 (compatible; Googlebot/2.1; +http://www.google.com/bot.html)"
66.249.70.69 - - [16/May/2026:07:30:22 +0200] "GET /wp-content/plugins/woocommerce/assets/css/woocommerce-layout.css?ver=10.7.0 HTTP/1.1" 200 3165 "https://handanhand.lu/?p=5252577" "Mozilla/5.0 (Linux; Android 6.0.1; Nexus 5X Build/MMB29P) AppleWebKit/537.36 (KHTML, like Gecko) Chrome/148.0.7778.96 Mobile Safari/537.36 (compatible; Googlebot/2.1; +http://www.google.com/bot.html)"
66.249.70.69 - - [16/May/2026:07:31:38 +0200] "GET /wp-content/et-cache/notfound/et-divi-dynamic-tb-92334-tb-96489-tb-97135-late.css?ver=1778112000 HTTP/1.1" 200 2583 "https://handanhand.lu/?p=5619390" "Mozilla/5.0 (Linux; Android 6.0.1; Nexus 5X Build/MMB29P) AppleWebKit/537.36 (KHTML, like Gecko) Chrome/148.0.7778.96 Mobile Safari/537.36 (compatible; GoogleOther)"
66.249.70.70 - - [16/May/2026:07:33:05 +0200] "GET /wp-content/et-cache/100947/et-divi-dynamic-tb-92334-tb-97768-tb-97135-100947-late.css HTTP/1.1" 200 2583 "https://handanhand.lu/plinko-erfahrungen-2026-lohnt-einander-das-neue-buzz-spiel/" "Mozilla/5.0 (Linux; Android 6.0.1; Nexus 5X Build/MMB29P) AppleWebKit/537.36 (KHTML, like Gecko) Chrome/148.0.7778.96 Mobile Safari/537.36 (compatible; GoogleOther)"
66.249.70.70 - - [16/May/2026:07:33:17 +0200] "GET /wp-content/plugins/woocommerce/assets/css/woocommerce-layout.css?ver=10.7.0 HTTP/1.1" 200 3165 "https://handanhand.lu/?p=4517015" "Mozilla/5.0 (Linux; Android 6.0.1; Nexus 5X Build/MMB29P) AppleWebKit/537.36 (KHTML, like Gecko) Chrome/148.0.7778.96 Mobile Safari/537.36 (compatible; Googlebot/2.1; +http://www.google.com/bot.html)"
66.249.70.69 - - [16/May/2026:07:35:28 +0200] "GET /wp-content/plugins/woocommerce/assets/js/frontend/order-attribution.min.js?ver=10.7.0 HTTP/1.1" 200 1033 "https://handanhand.lu/?p=3568872" "Mozilla/5.0 (Linux; Android 6.0.1; Nexus 5X Build/MMB29P) AppleWebKit/537.36 (KHTML, like Gecko) Chrome/148.0.7778.96 Mobile Safari/537.36 (compatible; Googlebot/2.1; +http://www.google.com/bot.html)"
66.249.70.69 - - [16/May/2026:07:36:28 +0200] "GET /wp-content/et-cache/96489/et-core-unified-cpt-deferred-96489.min.css?ver=1778112000 HTTP/1.1" 200 702 "https://handanhand.lu/?p=5871010" "Mozilla/5.0 (Linux; Android 6.0.1; Nexus 5X Build/MMB29P) AppleWebKit/537.36 (KHTML, like Gecko) Chrome/148.0.7778.96 Mobile Safari/537.36 (compatible; Googlebot/2.1; +http://www.google.com/bot.html)"
66.249.70.71 - - [16/May/2026:07:38:57 +0200] "GET /wp-content/plugins/woocommerce/assets/css/woocommerce-layout.css?ver=10.7.0 HTTP/1.1" 200 3165 "https://handanhand.lu/?p=6389986" "Mozilla/5.0 (Linux; Android 6.0.1; Nexus 5X Build/MMB29P) AppleWebKit/537.36 (KHTML, like Gecko) Chrome/148.0.7778.96 Mobile Safari/537.36 (compatible; Googlebot/2.1; +http://www.google.com/bot.html)"
66.249.70.69 - - [16/May/2026:07:40:13 +0200] "GET /wp-content/plugins/woocommerce/assets/css/woocommerce-layout.css?ver=10.7.0 HTTP/1.1" 200 3165 "https://handanhand.lu/?p=2814195" "Mozilla/5.0 (Linux; Android 6.0.1; Nexus 5X Build/MMB29P) AppleWebKit/537.36 (KHTML, like Gecko) Chrome/148.0.7778.96 Mobile Safari/537.36 (compatible; Googlebot/2.1; +http://www.google.com/bot.html)"
66.249.70.71 - - [16/May/2026:07:42:37 +0200] "GET /wp-content/plugins/woocommerce/assets/css/woocommerce-layout.css?ver=10.7.0 HTTP/1.1" 200 3165 "https://handanhand.lu/?p=3036900" "Mozilla/5.0 (Linux; Android 6.0.1; Nexus 5X Build/MMB29P) AppleWebKit/537.36 (KHTML, like Gecko) Chrome/148.0.7778.96 Mobile Safari/537.36 (compatible; Googlebot/2.1; +http://www.google.com/bot.html)"
66.249.70.71 - - [16/May/2026:07:42:38 +0200] "GET /wp-content/plugins/woocommerce/assets/css/woocommerce-layout.css?ver=10.7.0 HTTP/1.1" 200 3165 "https://handanhand.lu/?p=6160109" "Mozilla/5.0 (Linux; Android 6.0.1; Nexus 5X Build/MMB29P) AppleWebKit/537.36 (KHTML, like Gecko) Chrome/148.0.7778.96 Mobile Safari/537.36 (compatible; Googlebot/2.1; +http://www.google.com/bot.html)"
66.249.70.69 - - [16/May/2026:07:42:57 +0200] "GET /wp-content/plugins/woocommerce/assets/css/woocommerce-layout.css?ver=10.7.0 HTTP/1.1" 200 3165 "https://handanhand.lu/?p=4557364" "Mozilla/5.0 (Linux; Android 6.0.1; Nexus 5X Build/MMB29P) AppleWebKit/537.36 (KHTML, like Gecko) Chrome/148.0.7778.96 Mobile Safari/537.36 (compatible; Googlebot/2.1; +http://www.google.com/bot.html)"
66.249.70.70 - - [16/May/2026:07:43:01 +0200] "GET /wp-content/plugins/woocommerce/assets/css/woocommerce-layout.css?ver=10.7.0 HTTP/1.1" 200 3165 "https://handanhand.lu/?p=4068791" "Mozilla/5.0 (Linux; Android 6.0.1; Nexus 5X Build/MMB29P) AppleWebKit/537.36 (KHTML, like Gecko) Chrome/148.0.7778.96 Mobile Safari/537.36 (compatible; Googlebot/2.1; +http://www.google.com/bot.html)"
66.249.70.69 - - [16/May/2026:07:43:31 +0200] "GET /wp-content/plugins/woocommerce/assets/css/woocommerce-layout.css?ver=10.7.0 HTTP/1.1" 200 3165 "https://handanhand.lu/?p=6361040" "Mozilla/5.0 (Linux; Android 6.0.1; Nexus 5X Build/MMB29P) AppleWebKit/537.36 (KHTML, like Gecko) Chrome/148.0.7778.96 Mobile Safari/537.36 (compatible; Googlebot/2.1; +http://www.google.com/bot.html)"
66.249.70.70 - - [16/May/2026:07:46:06 +0200] "GET /wp-content/plugins/woocommerce/assets/css/woocommerce-layout.css?ver=10.7.0 HTTP/1.1" 200 3165 "https://handanhand.lu/?p=4959411" "Mozilla/5.0 (Linux; Android 6.0.1; Nexus 5X Build/MMB29P) AppleWebKit/537.36 (KHTML, like Gecko) Chrome/148.0.7778.96 Mobile Safari/537.36 (compatible; Googlebot/2.1; +http://www.google.com/bot.html)"
66.249.70.69 - - [16/May/2026:07:46:21 +0200] "GET /wp-content/plugins/woocommerce/assets/css/woocommerce-layout.css?ver=10.7.0 HTTP/1.1" 200 3165 "https://handanhand.lu/?p=5020238" "Mozilla/5.0 (Linux; Android 6.0.1; Nexus 5X Build/MMB29P) AppleWebKit/537.36 (KHTML, like Gecko) Chrome/148.0.7778.96 Mobile Safari/537.36 (compatible; Googlebot/2.1; +http://www.google.com/bot.html)"
66.249.70.69 - - [16/May/2026:07:46:27 +0200] "GET /wp-content/plugins/woocommerce/assets/css/woocommerce-layout.css?ver=10.7.0 HTTP/1.1" 200 3165 "https://handanhand.lu/?p=5704681" "Mozilla/5.0 (Linux; Android 6.0.1; Nexus 5X Build/MMB29P) AppleWebKit/537.36 (KHTML, like Gecko) Chrome/148.0.7778.96 Mobile Safari/537.36 (compatible; Googlebot/2.1; +http://www.google.com/bot.html)"
66.249.70.70 - - [16/May/2026:07:48:41 +0200] "GET /wp-content/plugins/woocommerce/assets/css/woocommerce-layout.css?ver=10.7.0 HTTP/1.1" 200 3165 "https://handanhand.lu/?p=6204220" "Mozilla/5.0 (Linux; Android 6.0.1; Nexus 5X Build/MMB29P) AppleWebKit/537.36 (KHTML, like Gecko) Chrome/148.0.7778.96 Mobile Safari/537.36 (compatible; Googlebot/2.1; +http://www.google.com/bot.html)"
66.249.70.69 - - [16/May/2026:07:48:43 +0200] "GET /wp-content/plugins/woocommerce/assets/css/woocommerce-layout.css?ver=10.7.0 HTTP/1.1" 200 3165 "https://handanhand.lu/?p=4318554" "Mozilla/5.0 (Linux; Android 6.0.1; Nexus 5X Build/MMB29P) AppleWebKit/537.36 (KHTML, like Gecko) Chrome/148.0.7778.96 Mobile Safari/537.36 (compatible; Googlebot/2.1; +http://www.google.com/bot.html)"
66.249.70.69 - - [16/May/2026:07:48:49 +0200] "GET /wp-content/plugins/woocommerce/assets/css/woocommerce-layout.css?ver=10.7.0 HTTP/1.1" 200 3165 "https://handanhand.lu/?p=4002936" "Mozilla/5.0 (Linux; Android 6.0.1; Nexus 5X Build/MMB29P) AppleWebKit/537.36 (KHTML, like Gecko) Chrome/148.0.7778.96 Mobile Safari/537.36 (compatible; Googlebot/2.1; +http://www.google.com/bot.html)"
66.249.70.70 - - [16/May/2026:07:49:12 +0200] "GET /wp-content/plugins/woocommerce/assets/css/woocommerce-layout.css?ver=10.7.0 HTTP/1.1" 200 3165 "https://handanhand.lu/?p=4997309" "Mozilla/5.0 (Linux; Android 6.0.1; Nexus 5X Build/MMB29P) AppleWebKit/537.36 (KHTML, like Gecko) Chrome/148.0.7778.96 Mobile Safari/537.36 (compatible; Googlebot/2.1; +http://www.google.com/bot.html)"
66.249.70.71 - - [16/May/2026:07:49:28 +0200] "GET /wp-content/plugins/woocommerce/assets/css/woocommerce-layout.css?ver=10.7.0 HTTP/1.1" 200 3165 "https://handanhand.lu/?p=4277534" "Mozilla/5.0 (Linux; Android 6.0.1; Nexus 5X Build/MMB29P) AppleWebKit/537.36 (KHTML, like Gecko) Chrome/148.0.7778.96 Mobile Safari/537.36 (compatible; Googlebot/2.1; +http://www.google.com/bot.html)"
66.249.70.70 - - [16/May/2026:07:49:31 +0200] "GET /wp-content/plugins/woocommerce/assets/css/woocommerce-layout.css?ver=10.7.0 HTTP/1.1" 200 3165 "https://handanhand.lu/?p=5078473" "Mozilla/5.0 (Linux; Android 6.0.1; Nexus 5X Build/MMB29P) AppleWebKit/537.36 (KHTML, like Gecko) Chrome/148.0.7778.96 Mobile Safari/537.36 (compatible; Googlebot/2.1; +http://www.google.com/bot.html)"
66.249.70.69 - - [16/May/2026:07:51:24 +0200] "GET /wp-content/plugins/woocommerce/assets/css/woocommerce-layout.css?ver=10.7.0 HTTP/1.1" 200 3165 "https://handanhand.lu/?p=4544476" "Mozilla/5.0 (Linux; Android 6.0.1; Nexus 5X Build/MMB29P) AppleWebKit/537.36 (KHTML, like Gecko) Chrome/148.0.7778.96 Mobile Safari/537.36 (compatible; Googlebot/2.1; +http://www.google.com/bot.html)"
66.249.70.64 - - [16/May/2026:07:51:56 +0200] "GET /wp-content/plugins/woocommerce/assets/css/woocommerce-layout.css?ver=10.7.0 HTTP/1.1" 200 3165 "https://handanhand.lu/?p=6117526" "Mozilla/5.0 (Linux; Android 6.0.1; Nexus 5X Build/MMB29P) AppleWebKit/537.36 (KHTML, like Gecko) Chrome/148.0.7778.96 Mobile Safari/537.36 (compatible; Googlebot/2.1; +http://www.google.com/bot.html)"
66.249.70.70 - - [16/May/2026:07:53:41 +0200] "GET /wp-content/et-cache/100971/et-divi-dynamic-tb-92334-tb-97768-tb-97135-100971-late.css?ver=1778112000 HTTP/1.1" 200 2583 "https://handanhand.lu/come-scegliere-il-miglior-casino-online-non-aams/" "Mozilla/5.0 (Linux; Android 6.0.1; Nexus 5X Build/MMB29P) AppleWebKit/537.36 (KHTML, like Gecko) Chrome/148.0.7778.96 Mobile Safari/537.36 (compatible; GoogleOther)"
66.249.70.64 - - [16/May/2026:07:53:43 +0200] "GET /wp-content/et-cache/100971/et-divi-dynamic-tb-92334-tb-97768-tb-97135-100971-late.css HTTP/1.1" 200 2583 "https://handanhand.lu/come-scegliere-il-miglior-casino-online-non-aams/" "Mozilla/5.0 (Linux; Android 6.0.1; Nexus 5X Build/MMB29P) AppleWebKit/537.36 (KHTML, like Gecko) Chrome/148.0.7778.96 Mobile Safari/537.36 (compatible; GoogleOther)"
66.249.70.71 - - [16/May/2026:07:55:38 +0200] "GET /wp-content/plugins/woocommerce/assets/css/woocommerce-layout.css?ver=10.7.0 HTTP/1.1" 200 3165 "https://handanhand.lu/?p=5702560" "Mozilla/5.0 (Linux; Android 6.0.1; Nexus 5X Build/MMB29P) AppleWebKit/537.36 (KHTML, like Gecko) Chrome/148.0.7778.96 Mobile Safari/537.36 (compatible; Googlebot/2.1; +http://www.google.com/bot.html)"
66.249.70.69 - - [16/May/2026:07:55:50 +0200] "GET /wp-content/plugins/woocommerce/assets/css/woocommerce-layout.css?ver=10.7.0 HTTP/1.1" 200 3165 "https://handanhand.lu/?p=5183945" "Mozilla/5.0 (Linux; Android 6.0.1; Nexus 5X Build/MMB29P) AppleWebKit/537.36 (KHTML, like Gecko) Chrome/148.0.7778.96 Mobile Safari/537.36 (compatible; Googlebot/2.1; +http://www.google.com/bot.html)"
66.249.70.71 - - [16/May/2026:07:55:53 +0200] "GET /wp-content/plugins/woocommerce/assets/css/woocommerce-layout.css?ver=10.7.0 HTTP/1.1" 200 3165 "https://handanhand.lu/?p=3603761" "Mozilla/5.0 (Linux; Android 6.0.1; Nexus 5X Build/MMB29P) AppleWebKit/537.36 (KHTML, like Gecko) Chrome/148.0.7778.96 Mobile Safari/537.36 (compatible; Googlebot/2.1; +http://www.google.com/bot.html)"
66.249.70.69 - - [16/May/2026:07:58:13 +0200] "GET /wp-content/plugins/woocommerce/assets/css/woocommerce-layout.css?ver=10.7.0 HTTP/1.1" 200 3165 "https://handanhand.lu/?p=6376017" "Mozilla/5.0 (Linux; Android 6.0.1; Nexus 5X Build/MMB29P) AppleWebKit/537.36 (KHTML, like Gecko) Chrome/148.0.7778.96 Mobile Safari/537.36 (compatible; Googlebot/2.1; +http://www.google.com/bot.html)"
66.249.70.71 - - [16/May/2026:08:01:42 +0200] "GET /wp-content/plugins/woocommerce/assets/css/woocommerce-layout.css?ver=10.7.0 HTTP/1.1" 200 3165 "https://handanhand.lu/?p=2684620" "Mozilla/5.0 (Linux; Android 6.0.1; Nexus 5X Build/MMB29P) AppleWebKit/537.36 (KHTML, like Gecko) Chrome/148.0.7778.96 Mobile Safari/537.36 (compatible; Googlebot/2.1; +http://www.google.com/bot.html)"
66.249.70.71 - - [16/May/2026:08:02:45 +0200] "GET /wp-content/et-cache/100985/et-divi-dynamic-tb-92334-tb-97768-tb-97135-100985-late.css HTTP/1.1" 200 2583 "https://handanhand.lu/trender-som-formar-framtiden-for-eu-casinon-design/" "Mozilla/5.0 (Linux; Android 6.0.1; Nexus 5X Build/MMB29P) AppleWebKit/537.36 (KHTML, like Gecko) Chrome/148.0.7778.96 Mobile Safari/537.36 (compatible; Googlebot/2.1; +http://www.google.com/bot.html)"
66.249.70.70 - - [16/May/2026:08:04:44 +0200] "GET /wp-content/plugins/woocommerce/assets/js/sourcebuster/sourcebuster.min.js?ver=10.7.0 HTTP/1.1" 200 4617 "https://handanhand.lu/?p=3876109" "Mozilla/5.0 (Linux; Android 6.0.1; Nexus 5X Build/MMB29P) AppleWebKit/537.36 (KHTML, like Gecko) Chrome/148.0.7778.96 Mobile Safari/537.36 (compatible; Googlebot/2.1; +http://www.google.com/bot.html)"
216.73.216.197 - - [16/May/2026:08:13:14 +0200] "GET /%22%20.%20esc_url(%20%22http:/feeds.feedburner.com/%1$s HTTP/1.1" 400 150 "-" "-"
66.249.70.69 - - [16/May/2026:08:13:23 +0200] "GET /wp-content/themes/Divi/core/admin/js/common.js?ver=4.27.4 HTTP/1.1" 200 503 "https://handanhand.lu/?p=4985322" "Mozilla/5.0 (Linux; Android 6.0.1; Nexus 5X Build/MMB29P) AppleWebKit/537.36 (KHTML, like Gecko) Chrome/148.0.7778.96 Mobile Safari/537.36 (compatible; Googlebot/2.1; +http://www.google.com/bot.html)"
216.73.216.197 - - [16/May/2026:08:14:11 +0200] "GET /%22%20.%20esc_url(%20%22http:/feeds.feedburner.com/~fc/%1$s HTTP/1.1" 400 150 "-" "-"
66.249.70.69 - - [16/May/2026:08:38:05 +0200] "GET /wp-content/et-cache/100947/et-divi-dynamic-tb-92334-tb-97768-tb-97135-100947-late.css?ver=1778112000 HTTP/1.1" 200 2583 "https://handanhand.lu/plinko-erfahrungen-2026-lohnt-einander-das-neue-buzz-spiel/" "Mozilla/5.0 (Linux; Android 6.0.1; Nexus 5X Build/MMB29P) AppleWebKit/537.36 (KHTML, like Gecko) Chrome/148.0.7778.96 Mobile Safari/537.36 (compatible; GoogleOther)"
66.249.70.70 - - [16/May/2026:08:44:37 +0200] "GET /wp-content/plugins/woocommerce/assets/css/woocommerce-layout.css?ver=10.7.0 HTTP/1.1" 200 3165 "https://handanhand.lu/?p=2605650" "Mozilla/5.0 (Linux; Android 6.0.1; Nexus 5X Build/MMB29P) AppleWebKit/537.36 (KHTML, like Gecko) Chrome/148.0.7778.96 Mobile Safari/537.36 (compatible; Googlebot/2.1; +http://www.google.com/bot.html)"
66.249.70.69 - - [16/May/2026:08:45:20 +0200] "GET /wp-content/plugins/woocommerce/assets/css/woocommerce-layout.css?ver=10.7.0 HTTP/1.1" 200 3165 "https://handanhand.lu/?p=3881241" "Mozilla/5.0 (Linux; Android 6.0.1; Nexus 5X Build/MMB29P) AppleWebKit/537.36 (KHTML, like Gecko) Chrome/148.0.7778.96 Mobile Safari/537.36 (compatible; Googlebot/2.1; +http://www.google.com/bot.html)"
66.249.70.70 - - [16/May/2026:08:47:23 +0200] "GET /wp-content/plugins/woocommerce/assets/css/woocommerce-layout.css?ver=10.7.0 HTTP/1.1" 200 3165 "https://handanhand.lu/?p=2793454" "Mozilla/5.0 (Linux; Android 6.0.1; Nexus 5X Build/MMB29P) AppleWebKit/537.36 (KHTML, like Gecko) Chrome/148.0.7778.96 Mobile Safari/537.36 (compatible; Googlebot/2.1; +http://www.google.com/bot.html)"
66.249.70.71 - - [16/May/2026:08:47:54 +0200] "GET /wp-content/plugins/woocommerce/assets/css/woocommerce-layout.css?ver=10.7.0 HTTP/1.1" 200 3165 "https://handanhand.lu/?p=3282830" "Mozilla/5.0 (Linux; Android 6.0.1; Nexus 5X Build/MMB29P) AppleWebKit/537.36 (KHTML, like Gecko) Chrome/148.0.7778.96 Mobile Safari/537.36 (compatible; Googlebot/2.1; +http://www.google.com/bot.html)"
66.249.70.69 - - [16/May/2026:08:48:35 +0200] "GET /wp-content/plugins/woocommerce/assets/css/woocommerce-layout.css?ver=10.7.0 HTTP/1.1" 200 3165 "https://handanhand.lu/?p=5120888" "Mozilla/5.0 (Linux; Android 6.0.1; Nexus 5X Build/MMB29P) AppleWebKit/537.36 (KHTML, like Gecko) Chrome/148.0.7778.96 Mobile Safari/537.36 (compatible; Googlebot/2.1; +http://www.google.com/bot.html)"
66.249.70.70 - - [16/May/2026:08:50:06 +0200] "GET /wp-content/plugins/woocommerce/assets/css/woocommerce-layout.css?ver=10.7.0 HTTP/1.1" 200 3165 "https://handanhand.lu/?p=5202149" "Mozilla/5.0 (Linux; Android 6.0.1; Nexus 5X Build/MMB29P) AppleWebKit/537.36 (KHTML, like Gecko) Chrome/148.0.7778.96 Mobile Safari/537.36 (compatible; Googlebot/2.1; +http://www.google.com/bot.html)"
66.249.70.69 - - [16/May/2026:08:50:21 +0200] "GET /wp-content/plugins/woocommerce/assets/css/woocommerce-layout.css?ver=10.7.0 HTTP/1.1" 200 3165 "https://handanhand.lu/?p=4459375" "Mozilla/5.0 (Linux; Android 6.0.1; Nexus 5X Build/MMB29P) AppleWebKit/537.36 (KHTML, like Gecko) Chrome/148.0.7778.96 Mobile Safari/537.36 (compatible; Googlebot/2.1; +http://www.google.com/bot.html)"
66.249.70.69 - - [16/May/2026:08:50:56 +0200] "GET /wp-content/plugins/woocommerce/assets/css/woocommerce-layout.css?ver=10.7.0 HTTP/1.1" 200 3165 "https://handanhand.lu/?p=3998173" "Mozilla/5.0 (Linux; Android 6.0.1; Nexus 5X Build/MMB29P) AppleWebKit/537.36 (KHTML, like Gecko) Chrome/148.0.7778.96 Mobile Safari/537.36 (compatible; Googlebot/2.1; +http://www.google.com/bot.html)"
216.73.216.197 - - [16/May/2026:08:52:15 +0200] "GET /wp-content/maintenance/assets/styles.css HTTP/1.1" 200 851 "-" "Mozilla/5.0 AppleWebKit/537.36 (KHTML, like Gecko; compatible; ClaudeBot/1.0; +claudebot@anthropic.com)"
216.73.216.197 - - [16/May/2026:08:52:15 +0200] "GET /wp-content/maintenance/assets/timer.js HTTP/1.1" 200 434 "-" "Mozilla/5.0 AppleWebKit/537.36 (KHTML, like Gecko; compatible; ClaudeBot/1.0; +claudebot@anthropic.com)"
66.249.70.71 - - [16/May/2026:08:53:00 +0200] "GET /wp-content/plugins/woocommerce/assets/css/woocommerce-layout.css?ver=10.7.0 HTTP/1.1" 200 3165 "https://handanhand.lu/?p=4066766" "Mozilla/5.0 (Linux; Android 6.0.1; Nexus 5X Build/MMB29P) AppleWebKit/537.36 (KHTML, like Gecko) Chrome/148.0.7778.96 Mobile Safari/537.36 (compatible; Googlebot/2.1; +http://www.google.com/bot.html)"
66.249.70.70 - - [16/May/2026:08:53:39 +0200] "GET /wp-content/et-cache/notfound/et-divi-dynamic-tb-92334-tb-96489-tb-97135-late.css HTTP/1.1" 200 2583 "https://handanhand.lu/?p=6124454" "Mozilla/5.0 (Linux; Android 6.0.1; Nexus 5X Build/MMB29P) AppleWebKit/537.36 (KHTML, like Gecko) Chrome/148.0.7778.96 Mobile Safari/537.36 (compatible; Googlebot/2.1; +http://www.google.com/bot.html)"
66.249.70.69 - - [16/May/2026:08:53:59 +0200] "GET /wp-content/plugins/woocommerce/assets/css/woocommerce-layout.css?ver=10.7.0 HTTP/1.1" 200 3165 "https://handanhand.lu/?p=4163678" "Mozilla/5.0 (Linux; Android 6.0.1; Nexus 5X Build/MMB29P) AppleWebKit/537.36 (KHTML, like Gecko) Chrome/148.0.7778.96 Mobile Safari/537.36 (compatible; Googlebot/2.1; +http://www.google.com/bot.html)"
66.249.70.70 - - [16/May/2026:08:54:08 +0200] "GET /wp-content/plugins/woocommerce/assets/css/woocommerce-layout.css?ver=10.7.0 HTTP/1.1" 200 3165 "https://handanhand.lu/?p=3631070" "Mozilla/5.0 (Linux; Android 6.0.1; Nexus 5X Build/MMB29P) AppleWebKit/537.36 (KHTML, like Gecko) Chrome/148.0.7778.96 Mobile Safari/537.36 (compatible; Googlebot/2.1; +http://www.google.com/bot.html)"
66.249.70.70 - - [16/May/2026:08:54:18 +0200] "GET /wp-content/plugins/woocommerce/assets/css/woocommerce-layout.css?ver=10.7.0 HTTP/1.1" 200 3165 "https://handanhand.lu/?p=6387329" "Mozilla/5.0 (Linux; Android 6.0.1; Nexus 5X Build/MMB29P) AppleWebKit/537.36 (KHTML, like Gecko) Chrome/148.0.7778.96 Mobile Safari/537.36 (compatible; Googlebot/2.1; +http://www.google.com/bot.html)"
66.249.70.69 - - [16/May/2026:08:54:27 +0200] "GET /wp-content/plugins/woocommerce/assets/css/woocommerce-layout.css?ver=10.7.0 HTTP/1.1" 200 3165 "https://handanhand.lu/?p=3866571" "Mozilla/5.0 (Linux; Android 6.0.1; Nexus 5X Build/MMB29P) AppleWebKit/537.36 (KHTML, like Gecko) Chrome/148.0.7778.96 Mobile Safari/537.36 (compatible; Googlebot/2.1; +http://www.google.com/bot.html)"
66.249.70.69 - - [16/May/2026:08:54:31 +0200] "GET /wp-content/plugins/woocommerce/assets/css/woocommerce-layout.css?ver=10.7.0 HTTP/1.1" 200 3165 "https://handanhand.lu/?p=6224330" "Mozilla/5.0 (Linux; Android 6.0.1; Nexus 5X Build/MMB29P) AppleWebKit/537.36 (KHTML, like Gecko) Chrome/148.0.7778.96 Mobile Safari/537.36 (compatible; Googlebot/2.1; +http://www.google.com/bot.html)"
66.249.70.70 - - [16/May/2026:08:54:39 +0200] "GET /wp-content/plugins/woocommerce/assets/css/woocommerce-layout.css?ver=10.7.0 HTTP/1.1" 200 3165 "https://handanhand.lu/?p=4961344" "Mozilla/5.0 (Linux; Android 6.0.1; Nexus 5X Build/MMB29P) AppleWebKit/537.36 (KHTML, like Gecko) Chrome/148.0.7778.96 Mobile Safari/537.36 (compatible; Googlebot/2.1; +http://www.google.com/bot.html)"
66.249.70.69 - - [16/May/2026:08:56:07 +0200] "GET /wp-content/plugins/woocommerce/assets/css/woocommerce-layout.css?ver=10.7.0 HTTP/1.1" 200 3165 "https://handanhand.lu/?p=5797557" "Mozilla/5.0 (Linux; Android 6.0.1; Nexus 5X Build/MMB29P) AppleWebKit/537.36 (KHTML, like Gecko) Chrome/148.0.7778.96 Mobile Safari/537.36 (compatible; Googlebot/2.1; +http://www.google.com/bot.html)"
66.249.70.69 - - [16/May/2026:08:56:13 +0200] "GET /wp-content/plugins/woocommerce/assets/css/woocommerce-layout.css?ver=10.7.0 HTTP/1.1" 200 3165 "https://handanhand.lu/?p=3946684" "Mozilla/5.0 (Linux; Android 6.0.1; Nexus 5X Build/MMB29P) AppleWebKit/537.36 (KHTML, like Gecko) Chrome/148.0.7778.96 Mobile Safari/537.36 (compatible; Googlebot/2.1; +http://www.google.com/bot.html)"
66.249.70.71 - - [16/May/2026:08:56:43 +0200] "GET /wp-content/plugins/woocommerce/assets/css/woocommerce-layout.css?ver=10.7.0 HTTP/1.1" 200 3165 "https://handanhand.lu/?p=6034475" "Mozilla/5.0 (Linux; Android 6.0.1; Nexus 5X Build/MMB29P) AppleWebKit/537.36 (KHTML, like Gecko) Chrome/148.0.7778.96 Mobile Safari/537.36 (compatible; Googlebot/2.1; +http://www.google.com/bot.html)"
66.249.70.69 - - [16/May/2026:08:57:17 +0200] "GET /wp-content/plugins/woocommerce/assets/css/woocommerce-layout.css?ver=10.7.0 HTTP/1.1" 200 3165 "https://handanhand.lu/?p=4476425" "Mozilla/5.0 (Linux; Android 6.0.1; Nexus 5X Build/MMB29P) AppleWebKit/537.36 (KHTML, like Gecko) Chrome/148.0.7778.96 Mobile Safari/537.36 (compatible; Googlebot/2.1; +http://www.google.com/bot.html)"
66.249.70.69 - - [16/May/2026:08:57:40 +0200] "GET /wp-content/plugins/woocommerce/assets/css/woocommerce-layout.css?ver=10.7.0 HTTP/1.1" 200 3165 "https://handanhand.lu/?p=6485357" "Mozilla/5.0 (Linux; Android 6.0.1; Nexus 5X Build/MMB29P) AppleWebKit/537.36 (KHTML, like Gecko) Chrome/148.0.7778.96 Mobile Safari/537.36 (compatible; Googlebot/2.1; +http://www.google.com/bot.html)"
66.249.70.71 - - [16/May/2026:08:57:48 +0200] "GET /wp-content/plugins/woocommerce/assets/css/woocommerce-layout.css?ver=10.7.0 HTTP/1.1" 200 3165 "https://handanhand.lu/?p=6267354" "Mozilla/5.0 (Linux; Android 6.0.1; Nexus 5X Build/MMB29P) AppleWebKit/537.36 (KHTML, like Gecko) Chrome/148.0.7778.96 Mobile Safari/537.36 (compatible; Googlebot/2.1; +http://www.google.com/bot.html)"
66.249.70.69 - - [16/May/2026:08:59:20 +0200] "GET /wp-content/plugins/woocommerce/assets/css/woocommerce-layout.css?ver=10.7.0 HTTP/1.1" 200 3165 "https://handanhand.lu/?p=2575523" "Mozilla/5.0 (Linux; Android 6.0.1; Nexus 5X Build/MMB29P) AppleWebKit/537.36 (KHTML, like Gecko) Chrome/148.0.7778.96 Mobile Safari/537.36 (compatible; Googlebot/2.1; +http://www.google.com/bot.html)"
66.249.70.69 - - [16/May/2026:08:59:49 +0200] "GET /wp-content/plugins/woocommerce/assets/css/woocommerce-layout.css?ver=10.7.0 HTTP/1.1" 200 3165 "https://handanhand.lu/?p=3370624" "Mozilla/5.0 (Linux; Android 6.0.1; Nexus 5X Build/MMB29P) AppleWebKit/537.36 (KHTML, like Gecko) Chrome/148.0.7778.96 Mobile Safari/537.36 (compatible; Googlebot/2.1; +http://www.google.com/bot.html)"
66.249.70.70 - - [16/May/2026:09:00:02 +0200] "GET /wp-content/plugins/woocommerce/assets/css/woocommerce-layout.css?ver=10.7.0 HTTP/1.1" 200 3165 "https://handanhand.lu/?p=5337026" "Mozilla/5.0 (Linux; Android 6.0.1; Nexus 5X Build/MMB29P) AppleWebKit/537.36 (KHTML, like Gecko) Chrome/148.0.7778.96 Mobile Safari/537.36 (compatible; Googlebot/2.1; +http://www.google.com/bot.html)"
66.249.70.69 - - [16/May/2026:09:00:19 +0200] "GET /wp-content/plugins/woocommerce/assets/css/woocommerce-layout.css?ver=10.7.0 HTTP/1.1" 200 3165 "https://handanhand.lu/?p=5183490" "Mozilla/5.0 (Linux; Android 6.0.1; Nexus 5X Build/MMB29P) AppleWebKit/537.36 (KHTML, like Gecko) Chrome/148.0.7778.96 Mobile Safari/537.36 (compatible; Googlebot/2.1; +http://www.google.com/bot.html)"
66.249.70.70 - - [16/May/2026:09:00:30 +0200] "GET /wp-content/plugins/woocommerce/assets/css/woocommerce-layout.css?ver=10.7.0 HTTP/1.1" 200 3165 "https://handanhand.lu/?p=3125811" "Mozilla/5.0 (Linux; Android 6.0.1; Nexus 5X Build/MMB29P) AppleWebKit/537.36 (KHTML, like Gecko) Chrome/148.0.7778.96 Mobile Safari/537.36 (compatible; Googlebot/2.1; +http://www.google.com/bot.html)"
66.249.70.69 - - [16/May/2026:09:00:32 +0200] "GET /wp-content/plugins/woocommerce/assets/css/woocommerce-layout.css?ver=10.7.0 HTTP/1.1" 200 3165 "https://handanhand.lu/?p=6201403" "Mozilla/5.0 (Linux; Android 6.0.1; Nexus 5X Build/MMB29P) AppleWebKit/537.36 (KHTML, like Gecko) Chrome/148.0.7778.96 Mobile Safari/537.36 (compatible; Googlebot/2.1; +http://www.google.com/bot.html)"
66.249.70.70 - - [16/May/2026:09:00:50 +0200] "GET /wp-content/plugins/woocommerce/assets/css/woocommerce-layout.css?ver=10.7.0 HTTP/1.1" 200 3165 "https://handanhand.lu/?p=3132552" "Mozilla/5.0 (Linux; Android 6.0.1; Nexus 5X Build/MMB29P) AppleWebKit/537.36 (KHTML, like Gecko) Chrome/148.0.7778.96 Mobile Safari/537.36 (compatible; Googlebot/2.1; +http://www.google.com/bot.html)"
66.249.70.71 - - [16/May/2026:09:00:52 +0200] "GET /wp-content/plugins/woocommerce/assets/css/woocommerce-layout.css?ver=10.7.0 HTTP/1.1" 200 3165 "https://handanhand.lu/?p=5257235" "Mozilla/5.0 (Linux; Android 6.0.1; Nexus 5X Build/MMB29P) AppleWebKit/537.36 (KHTML, like Gecko) Chrome/148.0.7778.96 Mobile Safari/537.36 (compatible; Googlebot/2.1; +http://www.google.com/bot.html)"
66.249.70.70 - - [16/May/2026:09:02:23 +0200] "GET /wp-content/plugins/woocommerce/assets/css/woocommerce-layout.css?ver=10.7.0 HTTP/1.1" 200 3165 "https://handanhand.lu/?p=5176175" "Mozilla/5.0 (Linux; Android 6.0.1; Nexus 5X Build/MMB29P) AppleWebKit/537.36 (KHTML, like Gecko) Chrome/148.0.7778.96 Mobile Safari/537.36 (compatible; Googlebot/2.1; +http://www.google.com/bot.html)"
66.249.70.69 - - [16/May/2026:09:02:24 +0200] "GET /wp-content/plugins/woocommerce/assets/css/woocommerce-layout.css?ver=10.7.0 HTTP/1.1" 200 3165 "https://handanhand.lu/?p=4870862" "Mozilla/5.0 (Linux; Android 6.0.1; Nexus 5X Build/MMB29P) AppleWebKit/537.36 (KHTML, like Gecko) Chrome/148.0.7778.96 Mobile Safari/537.36 (compatible; Googlebot/2.1; +http://www.google.com/bot.html)"
66.249.70.70 - - [16/May/2026:09:02:37 +0200] "GET /wp-content/plugins/woocommerce/assets/css/woocommerce-layout.css?ver=10.7.0 HTTP/1.1" 200 3165 "https://handanhand.lu/?p=5528123" "Mozilla/5.0 (Linux; Android 6.0.1; Nexus 5X Build/MMB29P) AppleWebKit/537.36 (KHTML, like Gecko) Chrome/148.0.7778.96 Mobile Safari/537.36 (compatible; Googlebot/2.1; +http://www.google.com/bot.html)"
66.249.70.69 - - [16/May/2026:09:02:40 +0200] "GET /wp-content/et-cache/100970/et-divi-dynamic-tb-92334-tb-97768-tb-97135-100970-late.css HTTP/1.1" 200 2583 "https://handanhand.lu/sekrety-uspekha-v-kazino-onlain-pin-ap-dlia-stavok-i-slotov/" "Mozilla/5.0 (Linux; Android 6.0.1; Nexus 5X Build/MMB29P) AppleWebKit/537.36 (KHTML, like Gecko) Chrome/148.0.7778.96 Mobile Safari/537.36 (compatible; Googlebot/2.1; +http://www.google.com/bot.html)"
66.249.70.70 - - [16/May/2026:09:03:07 +0200] "GET /wp-content/plugins/woocommerce/assets/css/woocommerce-layout.css?ver=10.7.0 HTTP/1.1" 200 3165 "https://handanhand.lu/?p=3256251" "Mozilla/5.0 (Linux; Android 6.0.1; Nexus 5X Build/MMB29P) AppleWebKit/537.36 (KHTML, like Gecko) Chrome/148.0.7778.96 Mobile Safari/537.36 (compatible; Googlebot/2.1; +http://www.google.com/bot.html)"
66.249.70.69 - - [16/May/2026:09:03:11 +0200] "GET /wp-content/plugins/woocommerce/assets/css/woocommerce-layout.css?ver=10.7.0 HTTP/1.1" 200 3165 "https://handanhand.lu/?p=6239734" "Mozilla/5.0 (Linux; Android 6.0.1; Nexus 5X Build/MMB29P) AppleWebKit/537.36 (KHTML, like Gecko) Chrome/148.0.7778.96 Mobile Safari/537.36 (compatible; Googlebot/2.1; +http://www.google.com/bot.html)"
66.249.70.69 - - [16/May/2026:09:03:17 +0200] "GET /wp-content/plugins/divi-plus/scripts/frontend-bundle.min.js?ver=1.13.0 HTTP/1.1" 200 4780 "https://handanhand.lu/?p=5005865" "Mozilla/5.0 (Linux; Android 6.0.1; Nexus 5X Build/MMB29P) AppleWebKit/537.36 (KHTML, like Gecko) Chrome/148.0.7778.96 Mobile Safari/537.36 (compatible; Googlebot/2.1; +http://www.google.com/bot.html)"
66.249.70.70 - - [16/May/2026:09:03:30 +0200] "GET /wp-content/plugins/woocommerce/assets/css/woocommerce-layout.css?ver=10.7.0 HTTP/1.1" 200 3165 "https://handanhand.lu/?p=6146910" "Mozilla/5.0 (Linux; Android 6.0.1; Nexus 5X Build/MMB29P) AppleWebKit/537.36 (KHTML, like Gecko) Chrome/148.0.7778.96 Mobile Safari/537.36 (compatible; Googlebot/2.1; +http://www.google.com/bot.html)"
216.73.216.197 - - [16/May/2026:09:04:35 +0200] "GET /%22%20.%20esc_url(%20%22http:/feeds.feedburner.com/%s HTTP/1.1" 400 150 "-" "-"
216.73.216.197 - - [16/May/2026:09:04:35 +0200] "GET /%22%20.%20esc_url(%20%22http:/feeds.feedburner.com/%3$s HTTP/1.1" 400 150 "-" "-"
216.73.216.197 - - [16/May/2026:09:04:35 +0200] "GET /%22%20.%20esc_url(%20%22http:/feeds.feedburner.com/%2$s HTTP/1.1" 400 150 "-" "-"
216.73.216.197 - - [16/May/2026:09:04:36 +0200] "GET //%22%1$s/%22 HTTP/1.1" 400 150 "-" "-"
216.73.216.197 - - [16/May/2026:09:04:36 +0200] "GET //%22%5$s/%22 HTTP/1.1" 400 150 "-" "-"
216.73.216.197 - - [16/May/2026:09:04:36 +0200] "GET //%22%3$s/%22 HTTP/1.1" 400 150 "-" "-"
216.73.216.197 - - [16/May/2026:09:04:36 +0200] "GET //%22%2$s/%22 HTTP/1.1" 400 150 "-" "-"
216.73.216.197 - - [16/May/2026:09:04:37 +0200] "GET //%22%s/%22 HTTP/1.1" 400 150 "-" "-"
66.249.70.70 - - [16/May/2026:09:06:41 +0200] "GET /wp-content/plugins/woocommerce/assets/css/woocommerce-layout.css?ver=10.7.0 HTTP/1.1" 200 3165 "https://handanhand.lu/?p=5672901" "Mozilla/5.0 (Linux; Android 6.0.1; Nexus 5X Build/MMB29P) AppleWebKit/537.36 (KHTML, like Gecko) Chrome/148.0.7778.96 Mobile Safari/537.36 (compatible; Googlebot/2.1; +http://www.google.com/bot.html)"
66.249.70.70 - - [16/May/2026:09:06:45 +0200] "GET /wp-content/plugins/woocommerce/assets/css/woocommerce-layout.css?ver=10.7.0 HTTP/1.1" 200 3165 "https://handanhand.lu/?p=5425207" "Mozilla/5.0 (Linux; Android 6.0.1; Nexus 5X Build/MMB29P) AppleWebKit/537.36 (KHTML, like Gecko) Chrome/148.0.7778.96 Mobile Safari/537.36 (compatible; Googlebot/2.1; +http://www.google.com/bot.html)"
66.249.70.70 - - [16/May/2026:09:06:55 +0200] "GET /wp-content/plugins/woocommerce/assets/css/woocommerce-layout.css?ver=10.7.0 HTTP/1.1" 200 3165 "https://handanhand.lu/?p=3585545" "Mozilla/5.0 (Linux; Android 6.0.1; Nexus 5X Build/MMB29P) AppleWebKit/537.36 (KHTML, like Gecko) Chrome/148.0.7778.96 Mobile Safari/537.36 (compatible; Googlebot/2.1; +http://www.google.com/bot.html)"
216.73.216.197 - - [16/May/2026:09:07:10 +0200] "GET /%3C%=%20option.images_uri%20%%3E/%3C%=%20option.imgSrc%20%%3E HTTP/1.1" 400 150 "-" "-"
216.73.216.197 - - [16/May/2026:09:07:53 +0200] "GET /%22%20.%20esc_url(%20%22http:/twittercounter.com/embed/%7B$name%7D/ffffff/%1$s HTTP/1.1" 400 150 "-" "-"
66.249.70.70 - - [16/May/2026:09:09:37 +0200] "GET /wp-content/plugins/woocommerce/assets/css/woocommerce-layout.css?ver=10.7.0 HTTP/1.1" 200 3165 "https://handanhand.lu/?p=6038543" "Mozilla/5.0 (Linux; Android 6.0.1; Nexus 5X Build/MMB29P) AppleWebKit/537.36 (KHTML, like Gecko) Chrome/148.0.7778.96 Mobile Safari/537.36 (compatible; Googlebot/2.1; +http://www.google.com/bot.html)"
216.73.216.197 - - [16/May/2026:09:10:37 +0200] "GET /%22%20.%20esc_url(%20%22http:/feeds.feedburner.com/~fc/%s HTTP/1.1" 400 150 "-" "-"
66.249.70.71 - - [16/May/2026:09:10:40 +0200] "GET /wp-content/et-cache/96489/et-core-unified-cpt-deferred-96489.min.css?ver=1778112000 HTTP/1.1" 200 702 "https://handanhand.lu/?p=3742080" "Mozilla/5.0 (Linux; Android 6.0.1; Nexus 5X Build/MMB29P) AppleWebKit/537.36 (KHTML, like Gecko) Chrome/148.0.7778.96 Mobile Safari/537.36 (compatible; Googlebot/2.1; +http://www.google.com/bot.html)"
66.249.70.69 - - [16/May/2026:09:11:36 +0200] "GET /wp-content/plugins/woocommerce/assets/css/woocommerce-layout.css?ver=10.7.0 HTTP/1.1" 200 3165 "https://handanhand.lu/?p=3637633" "Mozilla/5.0 (Linux; Android 6.0.1; Nexus 5X Build/MMB29P) AppleWebKit/537.36 (KHTML, like Gecko) Chrome/148.0.7778.96 Mobile Safari/537.36 (compatible; Googlebot/2.1; +http://www.google.com/bot.html)"
106.133.98.237 - - [16/May/2026:09:11:39 +0200] "GET /wp-content/plugins/woocommerce/assets/css/woocommerce-layout.css?ver=10.7.0 HTTP/1.1" 200 3165 "https://handanhand.lu/?p=4072366" "Mozilla/5.0 (iPhone; CPU iPhone OS 26_3_1 like Mac OS X) AppleWebKit/605.1.15 (KHTML, like Gecko) CriOS/148.0.7778.166 Mobile/15E148 Safari/604.1"
