216.73.216.197 - - [16/May/2026:07:15:06 +0200] "GET /?view=%2Fvar%2Fwww%2Fvhosts%2Fhandanhand.lu%2Fhttpdocs%2Fwp-content%2Fthemes%2Ftwentytwentyfive%2Fpatterns%2Fcomments.php HTTP/1.1" 200 4639 "-" "Mozilla/5.0 AppleWebKit/537.36 (KHTML, like Gecko; compatible; ClaudeBot/1.0; +claudebot@anthropic.com)"
216.73.216.197 - - [16/May/2026:07:15:08 +0200] "GET /?file=%2Fvar%2Fwww%2Fvhosts%2Fhandanhand.lu%2Fhttpdocs%2Fwp-content%2Fthemes%2FDivi%2Fcss%2Fdynamic-assets%2Fsplit_header.css HTTP/1.1" 200 50187 "-" "Mozilla/5.0 AppleWebKit/537.36 (KHTML, like Gecko; compatible; ClaudeBot/1.0; +claudebot@anthropic.com)"
65.108.68.121 - - [16/May/2026:07:15:10 +0200] "POST /wp-admin/admin-ajax.php HTTP/1.1" 200 5303 "-" "WordPress/6.9.4; https://handanhand.lu"
216.73.216.197 - - [16/May/2026:07:15:10 +0200] "GET /?edit=%2Fvar%2Fwww%2Fvhosts%2Fhandanhand.lu%2Fhttpdocs%2Fwp-content%2Fthemes%2FDivi%2Fcore%2Fcomponents%2FSupportCenter.php HTTP/1.1" 200 80374 "-" "Mozilla/5.0 AppleWebKit/537.36 (KHTML, like Gecko; compatible; ClaudeBot/1.0; +claudebot@anthropic.com)"
65.108.68.121 - - [16/May/2026:07:15:08 +0200] "POST /wp-cron.php?doing_wp_cron=1778908508.7259559631347656250000 HTTP/1.1" 200 5396 "-" "WordPress/6.9.4; https://handanhand.lu"
66.249.70.70 - - [16/May/2026:07:15:07 +0200] "GET /?p=5726063 HTTP/1.1" 200 43648 "-" "Mozilla/5.0 (Linux; Android 6.0.1; Nexus 5X Build/MMB29P) AppleWebKit/537.36 (KHTML, like Gecko) Chrome/148.0.7778.96 Mobile Safari/537.36 (compatible; GoogleOther)"
216.73.216.197 - - [16/May/2026:07:15:09 +0200] "GET /?edit=%2Fvar%2Fwww%2Fvhosts%2Fhandanhand.lu%2Fhttpdocs%2Fwp-content%2Fthemes%2FDivi%2Fcore%2Fcomponents%2FUpdates.php HTTP/1.1" 200 59405 "-" "Mozilla/5.0 AppleWebKit/537.36 (KHTML, like Gecko; compatible; ClaudeBot/1.0; +claudebot@anthropic.com)"
216.73.216.197 - - [16/May/2026:07:15:10 +0200] "GET /?file=%2Fvar%2Fwww%2Fvhosts%2Fhandanhand.lu%2Fhttpdocs%2Fwp-content%2Fplugins HTTP/1.1" 200 50650 "-" "Mozilla/5.0 AppleWebKit/537.36 (KHTML, like Gecko; compatible; ClaudeBot/1.0; +claudebot@anthropic.com)"
176.31.139.0 - - [16/May/2026:07:15:05 +0200] "GET /p=5843169 HTTP/1.1" 200 43644 "-" "Mozilla/5.0 (compatible; AhrefsBot/7.0; +http://ahrefs.com/robot/)"
216.73.216.197 - - [16/May/2026:07:15:09 +0200] "GET /?file=%2Fvar%2Fwww%2Fvhosts%2Fhandanhand.lu%2Fhttpdocs%2Fwp-content%2Fmaintenance.php HTTP/1.1" 200 50173 "-" "Mozilla/5.0 AppleWebKit/537.36 (KHTML, like Gecko; compatible; ClaudeBot/1.0; +claudebot@anthropic.com)"
216.73.216.197 - - [16/May/2026:07:15:12 +0200] "GET /?view=%2Fvar%2Fwww%2Fvhosts%2Fhandanhand.lu%2Fhttpdocs%2Fwp-content%2Fthemes%2FDivi%2Fcss%2Fdynamic-assets%2Fsplit_header.css HTTP/1.1" 200 4862 "-" "Mozilla/5.0 AppleWebKit/537.36 (KHTML, like Gecko; compatible; ClaudeBot/1.0; +claudebot@anthropic.com)"
216.73.216.197 - - [16/May/2026:07:15:11 +0200] "GET /?edit=%2Fvar%2Fwww%2Fvhosts%2Fhandanhand.lu%2Fhttpdocs%2Fwp-content%2Fthemes%2FDivi%2Fcore%2Fcode-snippets%2Fconstants.php HTTP/1.1" 200 51414 "-" "Mozilla/5.0 AppleWebKit/537.36 (KHTML, like Gecko; compatible; ClaudeBot/1.0; +claudebot@anthropic.com)"
216.73.216.197 - - [16/May/2026:07:15:08 +0200] "GET /?edit=%2Fvar%2Fwww%2Fvhosts%2Fhandanhand.lu%2Fhttpdocs%2Fwp-content%2Fthemes%2FDivi%2Fincludes%2Fbuilder%2Fab-testing.php HTTP/1.1" 200 63593 "-" "Mozilla/5.0 AppleWebKit/537.36 (KHTML, like Gecko; compatible; ClaudeBot/1.0; +claudebot@anthropic.com)"
92.222.108.97 - - [16/May/2026:07:15:13 +0200] "GET /p=5620050 HTTP/1.1" 200 43644 "-" "Mozilla/5.0 (compatible; AhrefsBot/7.0; +http://ahrefs.com/robot/)"
216.73.216.197 - - [16/May/2026:07:15:10 +0200] "GET /?edit=%2Fvar%2Fwww%2Fvhosts%2Fhandanhand.lu%2Fhttpdocs%2Fwp-content%2Fthemes%2Ftwentytwentyfive%2Fpatterns%2Fcomments.php HTTP/1.1" 200 51810 "-" "Mozilla/5.0 AppleWebKit/537.36 (KHTML, like Gecko; compatible; ClaudeBot/1.0; +claudebot@anthropic.com)"
216.73.216.197 - - [16/May/2026:07:15:11 +0200] "GET /?edit=%2Fvar%2Fwww%2Fvhosts%2Fhandanhand.lu%2Fhttpdocs%2Fwp-content%2Fthemes%2FDivi%2Fcore%2Fcomponents%2Finit.php HTTP/1.1" 200 54761 "-" "Mozilla/5.0 AppleWebKit/537.36 (KHTML, like Gecko; compatible; ClaudeBot/1.0; +claudebot@anthropic.com)"
216.73.216.197 - - [16/May/2026:07:15:11 +0200] "GET /?edit=%2Fvar%2Fwww%2Fvhosts%2Fhandanhand.lu%2Fhttpdocs%2Fwp-content%2Fthemes%2FDivi%2Fcore%2Fcomponents%2FVersionRollback.php HTTP/1.1" 200 55616 "-" "Mozilla/5.0 AppleWebKit/537.36 (KHTML, like Gecko; compatible; ClaudeBot/1.0; +claudebot@anthropic.com)"
216.73.216.197 - - [16/May/2026:07:15:13 +0200] "GET /?view=%2Fvar%2Fwww%2Fvhosts%2Fhandanhand.lu%2Fhttpdocs%2Fwp-content%2Fmaintenance.php HTTP/1.1" 200 4991 "-" "Mozilla/5.0 AppleWebKit/537.36 (KHTML, like Gecko; compatible; ClaudeBot/1.0; +claudebot@anthropic.com)"
216.73.216.197 - - [16/May/2026:07:15:06 +0200] "GET /?view=%2Fvar%2Fwww%2Fvhosts%2Fhandanhand.lu%2Fhttpdocs%2Fwp-content%2Findex.php HTTP/1.1" 200 4473 "-" "Mozilla/5.0 AppleWebKit/537.36 (KHTML, like Gecko; compatible; ClaudeBot/1.0; +claudebot@anthropic.com)"
5.39.1.245 - - [16/May/2026:07:15:09 +0200] "GET /p=5765663 HTTP/1.1" 200 43644 "-" "Mozilla/5.0 (compatible; AhrefsBot/7.0; +http://ahrefs.com/robot/)"
66.249.70.69 - - [16/May/2026:07:15:14 +0200] "GET /?p=4296575 HTTP/1.1" 200 43648 "-" "Mozilla/5.0 (Linux; Android 6.0.1; Nexus 5X Build/MMB29P) AppleWebKit/537.36 (KHTML, like Gecko) Chrome/148.0.7778.96 Mobile Safari/537.36 (compatible; Googlebot/2.1; +http://www.google.com/bot.html)"
216.73.216.197 - - [16/May/2026:07:15:13 +0200] "GET /?edit=%2Fvar%2Fwww%2Fvhosts%2Fhandanhand.lu%2Fhttpdocs%2Fwp-content%2Findex.php HTTP/1.1" 200 51680 "-" "Mozilla/5.0 AppleWebKit/537.36 (KHTML, like Gecko; compatible; ClaudeBot/1.0; +claudebot@anthropic.com)"
216.73.216.197 - - [16/May/2026:07:15:13 +0200] "GET /?file=%2Fvar%2Fwww%2Fvhosts%2Fhandanhand.lu%2Fhttpdocs%2Fwp-content%2Fthemes%2FDivi%2Fincludes%2Fbuilder%2Fframework.php HTTP/1.1" 200 50182 "-" "Mozilla/5.0 AppleWebKit/537.36 (KHTML, like Gecko; compatible; ClaudeBot/1.0; +claudebot@anthropic.com)"
216.73.216.197 - - [16/May/2026:07:15:14 +0200] "GET /'%20.%20esc_url(%20$favicon_url%20)%20.%20' HTTP/1.1" 200 5303 "-" "Mozilla/5.0 AppleWebKit/537.36 (KHTML, like Gecko; compatible; ClaudeBot/1.0; +claudebot@anthropic.com)"
216.73.216.197 - - [16/May/2026:07:15:15 +0200] "GET /?edit=%2Fvar%2Fwww%2Fvhosts%2Fhandanhand.lu%2Fhttpdocs%2Fwp-content%2Fthemes%2FDivi%2Fcss%2Fdynamic-assets%2Fsplit_header.css HTTP/1.1" 200 51903 "-" "Mozilla/5.0 AppleWebKit/537.36 (KHTML, like Gecko; compatible; ClaudeBot/1.0; +claudebot@anthropic.com)"
216.73.216.197 - - [16/May/2026:07:15:16 +0200] "GET /?view=%2Fvar%2Fwww%2Fvhosts%2Fhandanhand.lu%2Fhttpdocs%2Fwp-content%2Fthemes%2FDivi%2Fcore%2Fcode-snippets%2Fapi.php HTTP/1.1" 200 6218 "-" "Mozilla/5.0 AppleWebKit/537.36 (KHTML, like Gecko; compatible; ClaudeBot/1.0; +claudebot@anthropic.com)"
216.73.216.197 - - [16/May/2026:07:15:15 +0200] "GET /?file=%2Fvar%2Fwww%2Fvhosts%2Fhandanhand.lu%2Fhttpdocs%2Fwp-content%2Fthemes%2FDivi%2Fincludes%2Ffunctions%2Ftutorials.php HTTP/1.1" 200 50186 "-" "Mozilla/5.0 AppleWebKit/537.36 (KHTML, like Gecko; compatible; ClaudeBot/1.0; +claudebot@anthropic.com)"
216.73.216.197 - - [16/May/2026:07:15:15 +0200] "GET /?rename=%2Fvar%2Fwww%2Fvhosts%2Fhandanhand.lu%2Fhttpdocs%2Fwp-content%2Fthemes%2FDivi%2Fcore%2Fcomponents%2FHTTPInterface.php HTTP/1.1" 200 51204 "-" "Mozilla/5.0 AppleWebKit/537.36 (KHTML, like Gecko; compatible; ClaudeBot/1.0; +claudebot@anthropic.com)"
5.39.1.250 - - [16/May/2026:07:15:15 +0200] "GET /p=5370865 HTTP/1.1" 200 43644 "-" "Mozilla/5.0 (compatible; AhrefsBot/7.0; +http://ahrefs.com/robot/)"
66.249.70.69 - - [16/May/2026:07:15:15 +0200] "GET /?p=5009017 HTTP/1.1" 200 43648 "-" "Mozilla/5.0 (Linux; Android 6.0.1; Nexus 5X Build/MMB29P) AppleWebKit/537.36 (KHTML, like Gecko) Chrome/148.0.7778.96 Mobile Safari/537.36 (compatible; Googlebot/2.1; +http://www.google.com/bot.html)"
216.73.216.197 - - [16/May/2026:07:15:15 +0200] "GET /?file=%2Fvar%2Fwww%2Fvhosts%2Fhandanhand.lu%2Fhttpdocs%2Fwp-content%2Fthemes%2FDivi%2Fcore%2Fcode-snippets%2Fapi.php HTTP/1.1" 200 50184 "-" "Mozilla/5.0 AppleWebKit/537.36 (KHTML, like Gecko; compatible; ClaudeBot/1.0; +claudebot@anthropic.com)"
216.73.216.197 - - [16/May/2026:07:15:16 +0200] "GET /?edit=%2Fvar%2Fwww%2Fvhosts%2Fhandanhand.lu%2Fhttpdocs%2Fwp-content%2Fthemes%2FDivi%2Fincludes%2Fbuilder%2Fframework.php HTTP/1.1" 200 65294 "-" "Mozilla/5.0 AppleWebKit/537.36 (KHTML, like Gecko; compatible; ClaudeBot/1.0; +claudebot@anthropic.com)"
216.73.216.197 - - [16/May/2026:07:15:14 +0200] "GET /?view=%2Fvar%2Fwww%2Fvhosts%2Fhandanhand.lu%2Fhttpdocs%2Fwp-content%2Fthemes%2FDivi%2Fincludes%2Fbuilder%2Fframework.php HTTP/1.1" 200 17554 "-" "Mozilla/5.0 AppleWebKit/537.36 (KHTML, like Gecko; compatible; ClaudeBot/1.0; +claudebot@anthropic.com)"
216.73.216.197 - - [16/May/2026:07:15:15 +0200] "GET /?edit=%2Fvar%2Fwww%2Fvhosts%2Fhandanhand.lu%2Fhttpdocs%2Fwp-content%2Fmaintenance.php HTTP/1.1" 200 52168 "-" "Mozilla/5.0 AppleWebKit/537.36 (KHTML, like Gecko; compatible; ClaudeBot/1.0; +claudebot@anthropic.com)"
216.73.216.197 - - [16/May/2026:07:15:13 +0200] "GET /?rename=%2Fvar%2Fwww%2Fvhosts%2Fhandanhand.lu%2Fhttpdocs%2Fwp-content%2Fthemes%2FDivi%2Fcore%2Fcode-snippets%2Fcode-snippets.php HTTP/1.1" 200 51199 "-" "Mozilla/5.0 AppleWebKit/537.36 (KHTML, like Gecko; compatible; ClaudeBot/1.0; +claudebot@anthropic.com)"
216.73.216.197 - - [16/May/2026:07:15:16 +0200] "GET /?edit=%2Fvar%2Fwww%2Fvhosts%2Fhandanhand.lu%2Fhttpdocs%2Fwp-content%2Fthemes%2FDivi%2Fincludes%2Ffunctions%2Ftutorials.php HTTP/1.1" 200 51287 "-" "Mozilla/5.0 AppleWebKit/537.36 (KHTML, like Gecko; compatible; ClaudeBot/1.0; +claudebot@anthropic.com)"
216.73.216.197 - - [16/May/2026:07:15:16 +0200] "GET /?edit=%2Fvar%2Fwww%2Fvhosts%2Fhandanhand.lu%2Fhttpdocs%2Fwp-content%2Fthemes%2FDivi%2Fcore%2Fcode-snippets%2Fapi.php HTTP/1.1" 200 53485 "-" "Mozilla/5.0 AppleWebKit/537.36 (KHTML, like Gecko; compatible; ClaudeBot/1.0; +claudebot@anthropic.com)"
216.73.216.197 - - [16/May/2026:07:15:18 +0200] "GET /?view=%2Fvar%2Fwww%2Fvhosts%2Fhandanhand.lu%2Fhttpdocs%2Fwp-content%2Fthemes%2FDivi%2Fcore%2Fcomponents%2FHTTPInterface.php HTTP/1.1" 200 7096 "-" "Mozilla/5.0 AppleWebKit/537.36 (KHTML, like Gecko; compatible; ClaudeBot/1.0; +claudebot@anthropic.com)"
216.73.216.197 - - [16/May/2026:07:15:17 +0200] "GET /?view=%2Fvar%2Fwww%2Fvhosts%2Fhandanhand.lu%2Fhttpdocs%2Fwp-content%2Fthemes%2FDivi%2Fcore%2Fcode-snippets%2Fcode-snippets.php HTTP/1.1" 200 4489 "-" "Mozilla/5.0 AppleWebKit/537.36 (KHTML, like Gecko; compatible; ClaudeBot/1.0; +claudebot@anthropic.com)"
216.73.216.197 - - [16/May/2026:07:15:17 +0200] "GET /?file=%2Fvar%2Fwww%2Fvhosts%2Fhandanhand.lu%2Fhttpdocs%2Fwp-content%2Fthemes%2FDivi%2Fcore%2Fcode-snippets%2Fcode-snippets.php HTTP/1.1" 200 50185 "-" "Mozilla/5.0 AppleWebKit/537.36 (KHTML, like Gecko; compatible; ClaudeBot/1.0; +claudebot@anthropic.com)"
216.73.216.197 - - [16/May/2026:07:15:16 +0200] "GET /?view=%2Fvar%2Fwww%2Fvhosts%2Fhandanhand.lu%2Fhttpdocs%2Fwp-content%2Fthemes%2FDivi%2Fincludes%2Ffunctions%2Ftutorials.php HTTP/1.1" 200 4079 "-" "Mozilla/5.0 AppleWebKit/537.36 (KHTML, like Gecko; compatible; ClaudeBot/1.0; +claudebot@anthropic.com)"
216.73.216.197 - - [16/May/2026:07:15:18 +0200] "GET /?file=%2Fvar%2Fwww%2Fvhosts%2Fhandanhand.lu%2Fhttpdocs%2Fwp-content%2Fthemes%2FDivi%2Fcore%2Fcomponents%2FHTTPInterface.php HTTP/1.1" 200 50189 "-" "Mozilla/5.0 AppleWebKit/537.36 (KHTML, like Gecko; compatible; ClaudeBot/1.0; +claudebot@anthropic.com)"
216.73.216.197 - - [16/May/2026:07:15:18 +0200] "GET /?edit=%2Fvar%2Fwww%2Fvhosts%2Fhandanhand.lu%2Fhttpdocs%2Fwp-content%2Fthemes%2FDivi%2Fcore%2Fcode-snippets%2Fcode-snippets.php HTTP/1.1" 200 51685 "-" "Mozilla/5.0 AppleWebKit/537.36 (KHTML, like Gecko; compatible; ClaudeBot/1.0; +claudebot@anthropic.com)"
216.73.216.197 - - [16/May/2026:07:15:18 +0200] "GET /?edit=%2Fvar%2Fwww%2Fvhosts%2Fhandanhand.lu%2Fhttpdocs%2Fwp-content%2Fthemes%2FDivi%2Fcore%2Fcomponents%2FHTTPInterface.php HTTP/1.1" 200 54387 "-" "Mozilla/5.0 AppleWebKit/537.36 (KHTML, like Gecko; compatible; ClaudeBot/1.0; +claudebot@anthropic.com)"
216.73.216.197 - - [16/May/2026:07:15:19 +0200] "GET /?view=%2Fvar%2Fwww%2Fvhosts%2Fhandanhand.lu%2Fhttpdocs%2Fwp-content%2Fthemes%2FDivi%2Fcss%2Fdynamic-assets%2Fheader.css HTTP/1.1" 200 6877 "-" "Mozilla/5.0 AppleWebKit/537.36 (KHTML, like Gecko; compatible; ClaudeBot/1.0; +claudebot@anthropic.com)"
216.73.216.197 - - [16/May/2026:07:15:19 +0200] "GET /?view=%2Fvar%2Fwww%2Fvhosts%2Fhandanhand.lu%2Fhttpdocs%2Fwp-content%2Fthemes%2Ftwentytwentyfive%2Fpatterns%2Flogos.php HTTP/1.1" 200 4693 "-" "Mozilla/5.0 AppleWebKit/537.36 (KHTML, like Gecko; compatible; ClaudeBot/1.0; +claudebot@anthropic.com)"
216.73.216.197 - - [16/May/2026:07:15:20 +0200] "GET /?view=%2Fvar%2Fwww%2Fvhosts%2Fhandanhand.lu%2Fhttpdocs%2Fwp-content%2Fthemes%2Ftwentytwentyfive%2Fpatterns%2Ftext-faqs.php HTTP/1.1" 200 4966 "-" "Mozilla/5.0 AppleWebKit/537.36 (KHTML, like Gecko; compatible; ClaudeBot/1.0; +claudebot@anthropic.com)"
216.73.216.197 - - [16/May/2026:07:15:20 +0200] "GET /?view=%2Fvar%2Fwww%2Fvhosts%2Fhandanhand.lu%2Fhttpdocs%2Fwp-content%2Fthemes%2Ftwentytwentyfive%2Fpatterns%2Fformat-audio.php HTTP/1.1" 200 4859 "-" "Mozilla/5.0 AppleWebKit/537.36 (KHTML, like Gecko; compatible; ClaudeBot/1.0; +claudebot@anthropic.com)"
216.73.216.197 - - [16/May/2026:07:15:20 +0200] "GET /?view=%2Fvar%2Fwww%2Fvhosts%2Fhandanhand.lu%2Fhttpdocs%2Fwp-content%2Fthemes%2FDivi%2Fcss%2Fdynamic-assets%2Fcomments.css HTTP/1.1" 200 4259 "-" "Mozilla/5.0 AppleWebKit/537.36 (KHTML, like Gecko; compatible; ClaudeBot/1.0; +claudebot@anthropic.com)"
216.73.216.197 - - [16/May/2026:07:15:20 +0200] "GET /?view=%2Fvar%2Fwww%2Fvhosts%2Fhandanhand.lu%2Fhttpdocs%2Fwp-content%2Fthemes%2FDivi%2Fcommon%2Futils%2Fhtml-utils.js HTTP/1.1" 200 5572 "-" "Mozilla/5.0 AppleWebKit/537.36 (KHTML, like Gecko; compatible; ClaudeBot/1.0; +claudebot@anthropic.com)"
46.62.254.35 - - [16/May/2026:07:15:20 +0200] "GET /wp-login.php HTTP/1.1" 200 8554 "-" "Mozilla/5.0 (Windows NT 10.0; WOW64) AppleWebKit/537.36 (KHTML, like Gecko) Chrome/133.0.0.0 Safari/537.36"
216.73.216.197 - - [16/May/2026:07:15:20 +0200] "GET /?view=%2Fvar%2Fwww%2Fvhosts%2Fhandanhand.lu%2Fhttpdocs%2Fwp-content%2Fthemes%2FDivi%2Fincludes%2Fbuilder%2Ftemplate-preview.php HTTP/1.1" 200 5255 "-" "Mozilla/5.0 AppleWebKit/537.36 (KHTML, like Gecko; compatible; ClaudeBot/1.0; +claudebot@anthropic.com)"
216.73.216.197 - - [16/May/2026:07:15:19 +0200] "GET /?file=%2Fvar%2Fwww%2Fvhosts%2Fhandanhand.lu%2Fhttpdocs%2Fwp-content%2Flanguages HTTP/1.1" 200 53068 "-" "Mozilla/5.0 AppleWebKit/537.36 (KHTML, like Gecko; compatible; ClaudeBot/1.0; +claudebot@anthropic.com)"
216.73.216.197 - - [16/May/2026:07:15:20 +0200] "GET /?view=%2Fvar%2Fwww%2Fvhosts%2Fhandanhand.lu%2Fhttpdocs%2Fwp-content%2Fthemes%2FDivi%2Fincludes%2Ffunctions%2Fsanitization.php HTTP/1.1" 200 5854 "-" "Mozilla/5.0 AppleWebKit/537.36 (KHTML, like Gecko; compatible; ClaudeBot/1.0; +claudebot@anthropic.com)"
216.73.216.197 - - [16/May/2026:07:15:19 +0200] "GET /?rename=%2Fvar%2Fwww%2Fvhosts%2Fhandanhand.lu%2Fhttpdocs%2Fwp-content%2Fthemes%2FDivi%2Fcss%2Fdynamic-assets%2Fsplit_header.css HTTP/1.1" 200 51202 "-" "Mozilla/5.0 AppleWebKit/537.36 (KHTML, like Gecko; compatible; ClaudeBot/1.0; +claudebot@anthropic.com)"
46.62.254.35 - - [16/May/2026:07:15:20 +0200] "POST /wp-login.php HTTP/1.1" 200 8560 "https://handanhand.lu/wp-login.php" "Mozilla/5.0 (Windows NT 10.0; WOW64) AppleWebKit/537.36 (KHTML, like Gecko) Chrome/133.0.0.0 Safari/537.36"
216.73.216.197 - - [16/May/2026:07:15:19 +0200] "GET /?file=%2Fvar%2Fwww%2Fvhosts%2Fhandanhand.lu%2Fhttpdocs%2Fwp-content%2Fuploads HTTP/1.1" 200 50714 "-" "Mozilla/5.0 AppleWebKit/537.36 (KHTML, like Gecko; compatible; ClaudeBot/1.0; +claudebot@anthropic.com)"
216.73.216.197 - - [16/May/2026:07:15:19 +0200] "GET /?file=%2Fvar%2Fwww%2Fvhosts%2Fhandanhand.lu%2Fhttpdocs%2Fwp-content%2Fthemes%2FDivi%2Fincludes%2Fbuilder%2Fautoload.php HTTP/1.1" 200 50181 "-" "Mozilla/5.0 AppleWebKit/537.36 (KHTML, like Gecko; compatible; ClaudeBot/1.0; +claudebot@anthropic.com)"
216.73.216.197 - - [16/May/2026:07:15:20 +0200] "GET /?file=%2Fvar%2Fwww%2Fvhosts%2Fhandanhand.lu%2Fhttpdocs%2Fwp-content%2Fthemes%2Ftwentytwentyfive%2Fpatterns%2Fformat-link.php HTTP/1.1" 200 50187 "-" "Mozilla/5.0 AppleWebKit/537.36 (KHTML, like Gecko; compatible; ClaudeBot/1.0; +claudebot@anthropic.com)"
216.73.216.197 - - [16/May/2026:07:15:20 +0200] "GET /?view=%2Fvar%2Fwww%2Fvhosts%2Fhandanhand.lu%2Fhttpdocs%2Fwp-content%2Fthemes%2FDivi%2Fincludes%2Ffunctions%2Fsidebars.php HTTP/1.1" 200 4261 "-" "Mozilla/5.0 AppleWebKit/537.36 (KHTML, like Gecko; compatible; ClaudeBot/1.0; +claudebot@anthropic.com)"
216.73.216.197 - - [16/May/2026:07:15:21 +0200] "GET /?view=%2Fvar%2Fwww%2Fvhosts%2Fhandanhand.lu%2Fhttpdocs%2Fwp-content%2Fthemes%2FDivi%2Fincludes%2Fbuilder%2Fautoload.php HTTP/1.1" 200 6220 "-" "Mozilla/5.0 AppleWebKit/537.36 (KHTML, like Gecko; compatible; ClaudeBot/1.0; +claudebot@anthropic.com)"
216.73.216.197 - - [16/May/2026:07:15:20 +0200] "GET /?view=%2Fvar%2Fwww%2Fvhosts%2Fhandanhand.lu%2Fhttpdocs%2Fwp-content%2Fthemes%2Ftwentytwentyfour%2Fpatterns%2Fposts-list.php HTTP/1.1" 200 5076 "-" "Mozilla/5.0 AppleWebKit/537.36 (KHTML, like Gecko; compatible; ClaudeBot/1.0; +claudebot@anthropic.com)"
216.73.216.197 - - [16/May/2026:07:15:20 +0200] "GET /?edit=%2Fvar%2Fwww%2Fvhosts%2Fhandanhand.lu%2Fhttpdocs%2Fwp-content%2Fthemes%2FDivi%2Fincludes%2Fwidgets%2Fwidget-ads.php HTTP/1.1" 200 54374 "-" "Mozilla/5.0 AppleWebKit/537.36 (KHTML, like Gecko; compatible; ClaudeBot/1.0; +claudebot@anthropic.com)"
216.73.216.197 - - [16/May/2026:07:15:20 +0200] "GET /?file=%2Fvar%2Fwww%2Fvhosts%2Fhandanhand.lu%2Fhttpdocs%2Fwp-content%2Fthemes%2FDivi%2Fcore%2Fcomponents%2FPageResource.php HTTP/1.1" 200 50188 "-" "Mozilla/5.0 AppleWebKit/537.36 (KHTML, like Gecko; compatible; ClaudeBot/1.0; +claudebot@anthropic.com)"
216.73.216.197 - - [16/May/2026:07:15:21 +0200] "GET /?file=%2Fvar%2Fwww%2Fvhosts%2Fhandanhand.lu%2Fhttpdocs%2Fwp-content%2Fthemes%2FDivi%2Fincludes%2Fbuilder%2Fcore.php HTTP/1.1" 200 50181 "-" "Mozilla/5.0 AppleWebKit/537.36 (KHTML, like Gecko; compatible; ClaudeBot/1.0; +claudebot@anthropic.com)"
216.73.216.197 - - [16/May/2026:07:15:21 +0200] "GET /?edit=%2Fvar%2Fwww%2Fvhosts%2Fhandanhand.lu%2Fhttpdocs%2Fwp-content%2Fthemes%2FDivi%2Fcore%2Fcomponents%2FCache.php HTTP/1.1" 200 52772 "-" "Mozilla/5.0 AppleWebKit/537.36 (KHTML, like Gecko; compatible; ClaudeBot/1.0; +claudebot@anthropic.com)"
216.73.216.197 - - [16/May/2026:07:15:22 +0200] "GET /?view=%2Fvar%2Fwww%2Fvhosts%2Fhandanhand.lu%2Fhttpdocs%2Fwp-content%2Fthemes%2FDivi%2Fcore%2Fcomponents%2FPageResource.php HTTP/1.1" 200 12524 "-" "Mozilla/5.0 AppleWebKit/537.36 (KHTML, like Gecko; compatible; ClaudeBot/1.0; +claudebot@anthropic.com)"
216.73.216.197 - - [16/May/2026:07:15:21 +0200] "GET /?view=%2Fvar%2Fwww%2Fvhosts%2Fhandanhand.lu%2Fhttpdocs%2Fwp-content%2Fthemes%2Ftwentytwentyfive%2Fpatterns%2Fformat-link.php HTTP/1.1" 200 4657 "-" "Mozilla/5.0 AppleWebKit/537.36 (KHTML, like Gecko; compatible; ClaudeBot/1.0; +claudebot@anthropic.com)"
94.23.188.203 - - [16/May/2026:07:15:21 +0200] "GET /p=5164133 HTTP/1.1" 200 43644 "-" "Mozilla/5.0 (compatible; AhrefsBot/7.0; +http://ahrefs.com/robot/)"
216.73.216.197 - - [16/May/2026:07:15:21 +0200] "GET /?edit=%2Fvar%2Fwww%2Fvhosts%2Fhandanhand.lu%2Fhttpdocs%2Fwp-content%2Fthemes%2FDivi%2Fincludes%2Fwidgets%2Fwidget-about.php HTTP/1.1" 200 52222 "-" "Mozilla/5.0 AppleWebKit/537.36 (KHTML, like Gecko; compatible; ClaudeBot/1.0; +claudebot@anthropic.com)"
216.73.216.197 - - [16/May/2026:07:15:21 +0200] "GET /?file=%2Fvar%2Fwww%2Fvhosts%2Fhandanhand.lu%2Fhttpdocs%2Fwp-content%2Fthemes%2FDivi%2Fcore%2Fcomponents%2FPortability.php HTTP/1.1" 200 50183 "-" "Mozilla/5.0 AppleWebKit/537.36 (KHTML, like Gecko; compatible; ClaudeBot/1.0; +claudebot@anthropic.com)"
216.73.216.197 - - [16/May/2026:07:15:22 +0200] "GET /?edit=%2Fvar%2Fwww%2Fvhosts%2Fhandanhand.lu%2Fhttpdocs%2Fwp-content%2Fthemes%2FDivi%2Fincludes%2Ffunctions%2Finstallation.php HTTP/1.1" 200 51284 "-" "Mozilla/5.0 AppleWebKit/537.36 (KHTML, like Gecko; compatible; ClaudeBot/1.0; +claudebot@anthropic.com)"
216.73.216.197 - - [16/May/2026:07:15:23 +0200] "GET /?view=%2Fvar%2Fwww%2Fvhosts%2Fhandanhand.lu%2Fhttpdocs%2Fwp-content%2Fthemes%2FDivi%2Fincludes%2Fbuilder%2Fcore.php HTTP/1.1" 200 60608 "-" "Mozilla/5.0 AppleWebKit/537.36 (KHTML, like Gecko; compatible; ClaudeBot/1.0; +claudebot@anthropic.com)"
216.73.216.197 - - [16/May/2026:07:15:22 +0200] "GET /?edit=%2Fvar%2Fwww%2Fvhosts%2Fhandanhand.lu%2Fhttpdocs%2Fwp-content%2Fthemes%2Ftwentytwentyfive%2Fpatterns%2Flogos.php HTTP/1.1" 200 51905 "-" "Mozilla/5.0 AppleWebKit/537.36 (KHTML, like Gecko; compatible; ClaudeBot/1.0; +claudebot@anthropic.com)"
216.73.216.197 - - [16/May/2026:07:15:21 +0200] "GET /?file=%2Fvar%2Fwww%2Fvhosts%2Fhandanhand.lu%2Fhttpdocs%2Fwp-content%2Fthemes%2FDivi%2Fincludes%2Fbuilder%2Ffunctions.php HTTP/1.1" 200 50179 "-" "Mozilla/5.0 AppleWebKit/537.36 (KHTML, like Gecko; compatible; ClaudeBot/1.0; +claudebot@anthropic.com)"
216.73.216.197 - - [16/May/2026:07:15:23 +0200] "GET /?file=%2Fvar%2Fwww%2Fvhosts%2Fhandanhand.lu%2Fhttpdocs%2Fwp-content%2Fthemes%2FDivi%2Fincludes%2Fbuilder%2Fscripts HTTP/1.1" 200 50564 "-" "Mozilla/5.0 AppleWebKit/537.36 (KHTML, like Gecko; compatible; ClaudeBot/1.0; +claudebot@anthropic.com)"
216.73.216.197 - - [16/May/2026:07:15:22 +0200] "GET /?edit=%2Fvar%2Fwww%2Fvhosts%2Fhandanhand.lu%2Fhttpdocs%2Fwp-content%2Fthemes%2FDivi%2Fcss%2Fdynamic-assets%2Fheader.css HTTP/1.1" 200 53887 "-" "Mozilla/5.0 AppleWebKit/537.36 (KHTML, like Gecko; compatible; ClaudeBot/1.0; +claudebot@anthropic.com)"
216.73.216.197 - - [16/May/2026:07:15:23 +0200] "GET /?file=%2Fvar%2Fwww%2Fvhosts%2Fhandanhand.lu%2Fhttpdocs%2Fwp-content%2Fthemes%2Ftwentytwentyfive%2Fpatterns%2Fmore-posts.php HTTP/1.1" 200 50191 "-" "Mozilla/5.0 AppleWebKit/537.36 (KHTML, like Gecko; compatible; ClaudeBot/1.0; +claudebot@anthropic.com)"
216.73.216.197 - - [16/May/2026:07:15:23 +0200] "GET /?edit=%2Fvar%2Fwww%2Fvhosts%2Fhandanhand.lu%2Fhttpdocs%2Fwp-content%2Fthemes%2Ftwentytwentyfive%2Fpatterns%2Ftext-faqs.php HTTP/1.1" 200 52197 "-" "Mozilla/5.0 AppleWebKit/537.36 (KHTML, like Gecko; compatible; ClaudeBot/1.0; +claudebot@anthropic.com)"
216.73.216.197 - - [16/May/2026:07:15:23 +0200] "GET /?edit=%2Fvar%2Fwww%2Fvhosts%2Fhandanhand.lu%2Fhttpdocs%2Fwp-content%2Fthemes%2FDivi%2Fcss%2Fdynamic-assets%2Fcomments.css HTTP/1.1" 200 51354 "-" "Mozilla/5.0 AppleWebKit/537.36 (KHTML, like Gecko; compatible; ClaudeBot/1.0; +claudebot@anthropic.com)"
216.73.216.197 - - [16/May/2026:07:15:23 +0200] "GET /?edit=%2Fvar%2Fwww%2Fvhosts%2Fhandanhand.lu%2Fhttpdocs%2Fwp-content%2Fthemes%2Ftwentytwentyfive%2Fpatterns%2Fformat-audio.php HTTP/1.1" 200 52095 "-" "Mozilla/5.0 AppleWebKit/537.36 (KHTML, like Gecko; compatible; ClaudeBot/1.0; +claudebot@anthropic.com)"
216.73.216.197 - - [16/May/2026:07:15:25 +0200] "GET /?view=%2Fvar%2Fwww%2Fvhosts%2Fhandanhand.lu%2Fhttpdocs%2Fwp-content%2Fthemes%2FDivi%2Fcore%2Fcomponents%2FPortability.php HTTP/1.1" 200 27193 "-" "Mozilla/5.0 AppleWebKit/537.36 (KHTML, like Gecko; compatible; ClaudeBot/1.0; +claudebot@anthropic.com)"
216.73.216.197 - - [16/May/2026:07:15:24 +0200] "GET /?edit=%2Fvar%2Fwww%2Fvhosts%2Fhandanhand.lu%2Fhttpdocs%2Fwp-content%2Fthemes%2FDivi%2Fcommon%2Futils%2Fhtml-utils.js HTTP/1.1" 200 52787 "-" "Mozilla/5.0 AppleWebKit/537.36 (KHTML, like Gecko; compatible; ClaudeBot/1.0; +claudebot@anthropic.com)"
66.249.70.69 - - [16/May/2026:07:15:23 +0200] "GET /?p=3685018 HTTP/1.1" 200 43648 "-" "Mozilla/5.0 (Linux; Android 6.0.1; Nexus 5X Build/MMB29P) AppleWebKit/537.36 (KHTML, like Gecko) Chrome/148.0.7778.96 Mobile Safari/537.36 (compatible; Googlebot/2.1; +http://www.google.com/bot.html)"
216.73.216.197 - - [16/May/2026:07:15:25 +0200] "GET /?view=%2Fvar%2Fwww%2Fvhosts%2Fhandanhand.lu%2Fhttpdocs%2Fwp-content%2Fthemes%2FDivi%2Fincludes%2Fbuilder%2Ffunctions.php HTTP/1.1" 200 116421 "-" "Mozilla/5.0 AppleWebKit/537.36 (KHTML, like Gecko; compatible; ClaudeBot/1.0; +claudebot@anthropic.com)"
216.73.216.197 - - [16/May/2026:07:15:24 +0200] "GET /?edit=%2Fvar%2Fwww%2Fvhosts%2Fhandanhand.lu%2Fhttpdocs%2Fwp-content%2Fthemes%2FDivi%2Fincludes%2Fbuilder%2Ftemplate-preview.php HTTP/1.1" 200 52417 "-" "Mozilla/5.0 AppleWebKit/537.36 (KHTML, like Gecko; compatible; ClaudeBot/1.0; +claudebot@anthropic.com)"
216.73.216.197 - - [16/May/2026:07:15:24 +0200] "GET /?file=%2Fvar%2Fwww%2Fvhosts%2Fhandanhand.lu%2Fhttpdocs%2Fwp-content%2Fthemes%2Ftwentytwentyfive%2Fpatterns%2Fheader.php HTTP/1.1" 200 50185 "-" "Mozilla/5.0 AppleWebKit/537.36 (KHTML, like Gecko; compatible; ClaudeBot/1.0; +claudebot@anthropic.com)"
216.73.216.197 - - [16/May/2026:07:15:22 +0200] "GET /?file=%2Fvar%2Fwww%2Fvhosts%2Fhandanhand.lu%2Fhttpdocs%2Fwp-content%2Fthemes%2FDivi%2Fincludes%2Fbuilder%2Fab-testing.php HTTP/1.1" 200 50184 "-" "Mozilla/5.0 AppleWebKit/537.36 (KHTML, like Gecko; compatible; ClaudeBot/1.0; +claudebot@anthropic.com)"
216.73.216.197 - - [16/May/2026:07:15:25 +0200] "GET /?edit=%2Fvar%2Fwww%2Fvhosts%2Fhandanhand.lu%2Fhttpdocs%2Fwp-content%2Fthemes%2FDivi%2Fincludes%2Ffunctions%2Fsidebars.php HTTP/1.1" 200 51463 "-" "Mozilla/5.0 AppleWebKit/537.36 (KHTML, like Gecko; compatible; ClaudeBot/1.0; +claudebot@anthropic.com)"
216.73.216.197 - - [16/May/2026:07:15:25 +0200] "GET /?edit=%2Fvar%2Fwww%2Fvhosts%2Fhandanhand.lu%2Fhttpdocs%2Fwp-content%2Fthemes%2FDivi%2Fincludes%2Ffunctions%2Fsanitization.php HTTP/1.1" 200 53041 "-" "Mozilla/5.0 AppleWebKit/537.36 (KHTML, like Gecko; compatible; ClaudeBot/1.0; +claudebot@anthropic.com)"
216.73.216.197 - - [16/May/2026:07:15:26 +0200] "GET /?view=%2Fvar%2Fwww%2Fvhosts%2Fhandanhand.lu%2Fhttpdocs%2Fwp-content%2Fthemes%2FDivi%2Fincludes%2Fbuilder%2Fab-testing.php HTTP/1.1" 200 15720 "-" "Mozilla/5.0 AppleWebKit/537.36 (KHTML, like Gecko; compatible; ClaudeBot/1.0; +claudebot@anthropic.com)"
216.73.216.197 - - [16/May/2026:07:15:26 +0200] "GET /?view=%2Fvar%2Fwww%2Fvhosts%2Fhandanhand.lu%2Fhttpdocs%2Fwp-content%2Fthemes%2Ftwentytwentyfive%2Fpatterns%2Fmore-posts.php HTTP/1.1" 200 4884 "-" "Mozilla/5.0 AppleWebKit/537.36 (KHTML, like Gecko; compatible; ClaudeBot/1.0; +claudebot@anthropic.com)"
216.73.216.197 - - [16/May/2026:07:15:25 +0200] "GET /?file=%2Fvar%2Fwww%2Fvhosts%2Fhandanhand.lu%2Fhttpdocs%2Fwp-content%2Findex.php HTTP/1.1" 200 50171 "-" "Mozilla/5.0 AppleWebKit/537.36 (KHTML, like Gecko; compatible; ClaudeBot/1.0; +claudebot@anthropic.com)"
216.73.216.197 - - [16/May/2026:07:15:26 +0200] "GET /?file=%2Fvar%2Fwww%2Fvhosts%2Fhandanhand.lu%2Fhttpdocs%2Fwp-content%2Fthemes%2Ftwentytwentyfive%2Fpatterns%2Fcomments.php HTTP/1.1" 200 50187 "-" "Mozilla/5.0 AppleWebKit/537.36 (KHTML, like Gecko; compatible; ClaudeBot/1.0; +claudebot@anthropic.com)"
216.73.216.197 - - [16/May/2026:07:15:26 +0200] "GET /?file=%2Fvar%2Fwww%2Fvhosts%2Fhandanhand.lu%2Fhttpdocs%2Fwp-content%2Fthemes%2FDivi%2Fcore%2Fcomponents%2FSupportCenter.php HTTP/1.1" 200 50188 "-" "Mozilla/5.0 AppleWebKit/537.36 (KHTML, like Gecko; compatible; ClaudeBot/1.0; +claudebot@anthropic.com)"
216.73.216.197 - - [16/May/2026:07:15:25 +0200] "GET /?edit=%2Fvar%2Fwww%2Fvhosts%2Fhandanhand.lu%2Fhttpdocs%2Fwp-content%2Fthemes%2Ftwentytwentyfour%2Fpatterns%2Fposts-list.php HTTP/1.1" 200 52254 "-" "Mozilla/5.0 AppleWebKit/537.36 (KHTML, like Gecko; compatible; ClaudeBot/1.0; +claudebot@anthropic.com)"
216.73.216.197 - - [16/May/2026:07:15:25 +0200] "GET /?file=%2Fvar%2Fwww%2Fvhosts%2Fhandanhand.lu%2Fhttpdocs%2Fwp-content%2Fthemes%2FDivi%2Fcore%2Fcomponents%2FUpdates.php HTTP/1.1" 200 50186 "-" "Mozilla/5.0 AppleWebKit/537.36 (KHTML, like Gecko; compatible; ClaudeBot/1.0; +claudebot@anthropic.com)"
176.31.139.26 - - [16/May/2026:07:15:25 +0200] "GET /p=4819608 HTTP/1.1" 200 43644 "-" "Mozilla/5.0 (compatible; AhrefsBot/7.0; +http://ahrefs.com/robot/)"
216.73.216.197 - - [16/May/2026:07:15:26 +0200] "GET /?edit=%2Fvar%2Fwww%2Fvhosts%2Fhandanhand.lu%2Fhttpdocs%2Fwp-content%2Fthemes%2FDivi%2Fincludes%2Fbuilder%2Fautoload.php HTTP/1.1" 200 53449 "-" "Mozilla/5.0 AppleWebKit/537.36 (KHTML, like Gecko; compatible; ClaudeBot/1.0; +claudebot@anthropic.com)"
216.73.216.197 - - [16/May/2026:07:15:27 +0200] "GET /?file=%2Fvar%2Fwww%2Fvhosts%2Fhandanhand.lu%2Fhttpdocs HTTP/1.1" 200 50710 "-" "Mozilla/5.0 AppleWebKit/537.36 (KHTML, like Gecko; compatible; ClaudeBot/1.0; +claudebot@anthropic.com)"
185.191.171.8 - - [16/May/2026:07:15:27 +0200] "GET /p=4751400 HTTP/1.1" 200 43644 "-" "Mozilla/5.0 (compatible; SemrushBot/7~bl; +http://www.semrush.com/bot.html)"
94.23.188.217 - - [16/May/2026:07:15:26 +0200] "GET /p=4796238 HTTP/1.1" 200 43644 "-" "Mozilla/5.0 (compatible; AhrefsBot/7.0; +http://ahrefs.com/robot/)"
216.73.216.197 - - [16/May/2026:07:15:26 +0200] "GET /?file=%2Fvar%2Fwww%2Fvhosts%2Fhandanhand.lu%2Fhttpdocs%2Fwp-content%2Fthemes%2FDivi%2Fcore%2Fcomponents%2Finit.php HTTP/1.1" 200 50181 "-" "Mozilla/5.0 AppleWebKit/537.36 (KHTML, like Gecko; compatible; ClaudeBot/1.0; +claudebot@anthropic.com)"
92.222.108.125 - - [16/May/2026:07:15:30 +0200] "GET /p=4748064 HTTP/1.1" 200 43644 "-" "Mozilla/5.0 (compatible; AhrefsBot/7.0; +http://ahrefs.com/robot/)"
66.249.70.69 - - [16/May/2026:07:15:32 +0200] "GET /?p=3110816 HTTP/1.1" 200 43648 "-" "Mozilla/5.0 (Linux; Android 6.0.1; Nexus 5X Build/MMB29P) AppleWebKit/537.36 (KHTML, like Gecko) Chrome/148.0.7778.96 Mobile Safari/537.36 (compatible; Googlebot/2.1; +http://www.google.com/bot.html)"
66.249.70.70 - - [16/May/2026:07:15:32 +0200] "GET /?p=2724771 HTTP/1.1" 200 43648 "-" "Mozilla/5.0 (Linux; Android 6.0.1; Nexus 5X Build/MMB29P) AppleWebKit/537.36 (KHTML, like Gecko) Chrome/148.0.7778.96 Mobile Safari/537.36 (compatible; GoogleOther)"
51.68.247.209 - - [16/May/2026:07:15:35 +0200] "GET /p=4527993 HTTP/1.1" 200 43644 "-" "Mozilla/5.0 (compatible; AhrefsBot/7.0; +http://ahrefs.com/robot/)"
54.37.118.73 - - [16/May/2026:07:15:36 +0200] "GET /p=4445374 HTTP/1.1" 200 43644 "-" "Mozilla/5.0 (compatible; AhrefsBot/7.0; +http://ahrefs.com/robot/)"
85.208.96.195 - - [16/May/2026:07:15:38 +0200] "GET /p=4128700 HTTP/1.1" 200 43644 "-" "Mozilla/5.0 (compatible; SemrushBot/7~bl; +http://www.semrush.com/bot.html)"
66.249.70.69 - - [16/May/2026:07:15:40 +0200] "GET /?p=3609852 HTTP/1.1" 200 43648 "-" "Mozilla/5.0 (Linux; Android 6.0.1; Nexus 5X Build/MMB29P) AppleWebKit/537.36 (KHTML, like Gecko) Chrome/148.0.7778.96 Mobile Safari/537.36 (compatible; Googlebot/2.1; +http://www.google.com/bot.html)"
5.39.1.228 - - [16/May/2026:07:15:43 +0200] "GET /p=4199191 HTTP/1.1" 200 43644 "-" "Mozilla/5.0 (compatible; AhrefsBot/7.0; +http://ahrefs.com/robot/)"
216.73.216.197 - - [16/May/2026:07:15:47 +0200] "GET /?view=%2Fvar%2Fwww%2Fvhosts%2Fhandanhand.lu%2Fhttpdocs%2Fwp-content%2Fthemes%2Ftwentytwentyfour%2Fpatterns%2Fposts-3-col.php HTTP/1.1" 200 4890 "-" "Mozilla/5.0 AppleWebKit/537.36 (KHTML, like Gecko; compatible; ClaudeBot/1.0; +claudebot@anthropic.com)"
94.23.188.217 - - [16/May/2026:07:15:46 +0200] "GET /p=4024460 HTTP/1.1" 200 43644 "-" "Mozilla/5.0 (compatible; AhrefsBot/7.0; +http://ahrefs.com/robot/)"
216.73.216.197 - - [16/May/2026:07:15:47 +0200] "GET /?rename=%2Fvar%2Fwww%2Fvhosts%2Fhandanhand.lu%2Fhttpdocs%2Fwp-content%2Fthemes%2FDivi%2Fcore%2Fcomponents%2FSupportCenter.php HTTP/1.1" 200 51202 "-" "Mozilla/5.0 AppleWebKit/537.36 (KHTML, like Gecko; compatible; ClaudeBot/1.0; +claudebot@anthropic.com)"
216.73.216.197 - - [16/May/2026:07:15:47 +0200] "GET /?edit=%2Fvar%2Fwww%2Fvhosts%2Fhandanhand.lu%2Fhttpdocs%2Fwp-content%2Fthemes%2Ftwentytwentythree%2Fpatterns%2Fhidden-404.php HTTP/1.1" 200 51739 "-" "Mozilla/5.0 AppleWebKit/537.36 (KHTML, like Gecko; compatible; ClaudeBot/1.0; +claudebot@anthropic.com)"
216.73.216.197 - - [16/May/2026:07:15:47 +0200] "GET /?file=%2Fvar%2Fwww%2Fvhosts%2Fhandanhand.lu%2Fhttpdocs%2Fwp-content%2Fthemes%2FDivi%2Fcore%2Fcode-snippets%2Fpost HTTP/1.1" 200 50229 "-" "Mozilla/5.0 AppleWebKit/537.36 (KHTML, like Gecko; compatible; ClaudeBot/1.0; +claudebot@anthropic.com)"
216.73.216.197 - - [16/May/2026:07:15:47 +0200] "GET /?rename=%2Fvar%2Fwww%2Fvhosts%2Fhandanhand.lu%2Fhttpdocs%2Fwp-content%2Fthemes%2FDivi%2Fcore%2Fcomponents%2Finit.php HTTP/1.1" 200 51202 "-" "Mozilla/5.0 AppleWebKit/537.36 (KHTML, like Gecko; compatible; ClaudeBot/1.0; +claudebot@anthropic.com)"
216.73.216.197 - - [16/May/2026:07:15:47 +0200] "GET /?file=%2Fvar%2Fwww%2Fvhosts%2Fhandanhand.lu%2Fhttpdocs%2Fwp-content%2Fthemes%2FDivi%2Fincludes%2Fwidgets%2Fwidget-ads.php HTTP/1.1" 200 50183 "-" "Mozilla/5.0 AppleWebKit/537.36 (KHTML, like Gecko; compatible; ClaudeBot/1.0; +claudebot@anthropic.com)"
216.73.216.197 - - [16/May/2026:07:15:47 +0200] "GET /?view=%2Fvar%2Fwww%2Fvhosts%2Fhandanhand.lu%2Fhttpdocs%2Fwp-content%2Fthemes%2Ftwentytwentyfive%2Fpatterns%2Fhero-book.php HTTP/1.1" 200 5081 "-" "Mozilla/5.0 AppleWebKit/537.36 (KHTML, like Gecko; compatible; ClaudeBot/1.0; +claudebot@anthropic.com)"
216.73.216.197 - - [16/May/2026:07:15:47 +0200] "GET /?view=%2Fvar%2Fwww%2Fvhosts%2Fhandanhand.lu%2Fhttpdocs%2Fwp-content%2Fthemes%2FDivi%2Fcss%2Fdynamic-assets%2Fboxed_layout.css HTTP/1.1" 200 4334 "-" "Mozilla/5.0 AppleWebKit/537.36 (KHTML, like Gecko; compatible; ClaudeBot/1.0; +claudebot@anthropic.com)"
216.73.216.197 - - [16/May/2026:07:15:47 +0200] "GET /?edit=%2Fvar%2Fwww%2Fvhosts%2Fhandanhand.lu%2Fhttpdocs%2Fwp-content%2Fthemes%2FDivi%2Fcss%2Fdynamic-assets%2Fside_nav.css HTTP/1.1" 200 51514 "-" "Mozilla/5.0 AppleWebKit/537.36 (KHTML, like Gecko; compatible; ClaudeBot/1.0; +claudebot@anthropic.com)"
216.73.216.197 - - [16/May/2026:07:15:48 +0200] "GET /?view=%2Fvar%2Fwww%2Fvhosts%2Fhandanhand.lu%2Fhttpdocs%2Fwp-content%2Fthemes%2FDivi%2Fcss%2Fdynamic-assets%2Fproject.css HTTP/1.1" 200 4495 "-" "Mozilla/5.0 AppleWebKit/537.36 (KHTML, like Gecko; compatible; ClaudeBot/1.0; +claudebot@anthropic.com)"
216.73.216.197 - - [16/May/2026:07:15:47 +0200] "GET /?view=%2Fvar%2Fwww%2Fvhosts%2Fhandanhand.lu%2Fhttpdocs%2Fwp-content%2Fthemes%2FDivi%2Fincludes%2Ffunctions%2Fdynamic-assets.php HTTP/1.1" 200 5917 "-" "Mozilla/5.0 AppleWebKit/537.36 (KHTML, like Gecko; compatible; ClaudeBot/1.0; +claudebot@anthropic.com)"
216.73.216.197 - - [16/May/2026:07:15:48 +0200] "GET /?view=%2Fvar%2Fwww%2Fvhosts%2Fhandanhand.lu%2Fhttpdocs%2Fwp-content%2Fthemes%2FDivi%2Fincludes%2Fwidgets%2Fwidget-adsense.php HTTP/1.1" 200 4884 "-" "Mozilla/5.0 AppleWebKit/537.36 (KHTML, like Gecko; compatible; ClaudeBot/1.0; +claudebot@anthropic.com)"
51.75.236.130 - - [16/May/2026:07:15:48 +0200] "GET /p=5174999 HTTP/1.1" 200 43623 "-" "Mozilla/5.0 (compatible; AhrefsBot/7.0; +http://ahrefs.com/robot/)"
66.249.77.164 - - [16/May/2026:07:15:48 +0200] "GET /?p=4519439 HTTP/1.1" 200 5335 "-" "Mozilla/5.0 (Linux; Android 6.0.1; Nexus 5X Build/MMB29P) AppleWebKit/537.36 (KHTML, like Gecko) Chrome/148.0.7778.96 Mobile Safari/537.36 (compatible; GoogleOther)"
216.73.216.197 - - [16/May/2026:07:15:48 +0200] "GET /?edit=%2Fvar%2Fwww%2Fvhosts%2Fhandanhand.lu%2Fhttpdocs%2Fwp-content%2Fthemes%2FDivi%2Fcss%2Fdynamic-assets%2Fvertical_nav.css HTTP/1.1" 200 53831 "-" "Mozilla/5.0 AppleWebKit/537.36 (KHTML, like Gecko; compatible; ClaudeBot/1.0; +claudebot@anthropic.com)"
216.73.216.197 - - [16/May/2026:07:15:49 +0200] "GET /?edit=%2Fvar%2Fwww%2Fvhosts%2Fhandanhand.lu%2Fhttpdocs%2Fwp-content%2Fthemes%2FDivi%2Fcore%2Fcomponents%2FLogger.php HTTP/1.1" 200 52440 "-" "Mozilla/5.0 AppleWebKit/537.36 (KHTML, like Gecko; compatible; ClaudeBot/1.0; +claudebot@anthropic.com)"
216.73.216.197 - - [16/May/2026:07:15:48 +0200] "GET /?rename=%2Fvar%2Fwww%2Fvhosts%2Fhandanhand.lu%2Fhttpdocs%2Fwp-content%2Fthemes%2FDivi%2Fcore%2Fcomponents%2FVersionRollback.php HTTP/1.1" 200 51203 "-" "Mozilla/5.0 AppleWebKit/537.36 (KHTML, like Gecko; compatible; ClaudeBot/1.0; +claudebot@anthropic.com)"
216.73.216.197 - - [16/May/2026:07:15:49 +0200] "GET /?file=%2Fvar%2Fwww%2Fvhosts%2Fhandanhand.lu%2Fhttpdocs%2Fwp-content%2Fthemes%2FDivi%2Fcore%2Fcomponents%2FCache.php HTTP/1.1" 200 50182 "-" "Mozilla/5.0 AppleWebKit/537.36 (KHTML, like Gecko; compatible; ClaudeBot/1.0; +claudebot@anthropic.com)"
216.73.216.197 - - [16/May/2026:07:15:49 +0200] "GET /?rename=%2Fvar%2Fwww%2Fvhosts%2Fhandanhand.lu%2Fhttpdocs%2Fwp-content%2Fthemes%2FDivi%2Fcore%2Fcode-snippets%2Fconstants.php HTTP/1.1" 200 51208 "-" "Mozilla/5.0 AppleWebKit/537.36 (KHTML, like Gecko; compatible; ClaudeBot/1.0; +claudebot@anthropic.com)"
216.73.216.197 - - [16/May/2026:07:15:49 +0200] "GET /?edit=%2Fvar%2Fwww%2Fvhosts%2Fhandanhand.lu%2Fhttpdocs%2Fwp-content%2Fthemes%2Ftwentytwentyfive%2Fpatterns%2Fhidden-404.php HTTP/1.1" 200 51967 "-" "Mozilla/5.0 AppleWebKit/537.36 (KHTML, like Gecko; compatible; ClaudeBot/1.0; +claudebot@anthropic.com)"
216.73.216.197 - - [16/May/2026:07:15:49 +0200] "GET /sitemap-10.xml?edit=%2Fvar%2Fwww%2Fvhosts%2Fhandanhand.lu%2Fhttpdocs%2Fwp-content%2Fthemes%2FDivi%2Fincludes%2Ftheme-builder.php HTTP/1.1" 200 44335 "-" "Mozilla/5.0 AppleWebKit/537.36 (KHTML, like Gecko; compatible; ClaudeBot/1.0; +claudebot@anthropic.com)"
216.73.216.197 - - [16/May/2026:07:15:49 +0200] "GET /sitemap-16.xml?edit=%2Fvar%2Fwww%2Fvhosts%2Fhandanhand.lu%2Fhttpdocs%2Fwp-content%2Fthemes%2FDivi%2Fincludes%2Ftheme-builder.php HTTP/1.1" 200 44335 "-" "Mozilla/5.0 AppleWebKit/537.36 (KHTML, like Gecko; compatible; ClaudeBot/1.0; +claudebot@anthropic.com)"
5.39.109.179 - - [16/May/2026:07:15:47 +0200] "GET /p=4206013 HTTP/1.1" 200 43644 "-" "Mozilla/5.0 (compatible; AhrefsBot/7.0; +http://ahrefs.com/robot/)"
216.73.216.197 - - [16/May/2026:07:15:49 +0200] "GET /?rename=%2Fvar%2Fwww%2Fvhosts%2Fhandanhand.lu%2Fhttpdocs%2Fwp-content%2Fmaintenance.php HTTP/1.1" 200 51196 "-" "Mozilla/5.0 AppleWebKit/537.36 (KHTML, like Gecko; compatible; ClaudeBot/1.0; +claudebot@anthropic.com)"
216.73.216.197 - - [16/May/2026:07:15:51 +0200] "GET /?view=%2Fvar%2Fwww%2Fvhosts%2Fhandanhand.lu%2Fhttpdocs%2Fwp-content%2Fthemes%2FDivi%2Fincludes%2Fwidgets%2Fwidget-ads.php HTTP/1.1" 200 6871 "-" "Mozilla/5.0 AppleWebKit/537.36 (KHTML, like Gecko; compatible; ClaudeBot/1.0; +claudebot@anthropic.com)"
216.73.216.197 - - [16/May/2026:07:15:50 +0200] "GET /?edit=%2Fvar%2Fwww%2Fvhosts%2Fhandanhand.lu%2Fhttpdocs%2Fwp-content%2Fthemes%2Ftwentytwentyfour%2Fpatterns%2Fposts-1-col.php HTTP/1.1" 200 51996 "-" "Mozilla/5.0 AppleWebKit/537.36 (KHTML, like Gecko; compatible; ClaudeBot/1.0; +claudebot@anthropic.com)"
216.73.216.197 - - [16/May/2026:07:15:47 +0200] "GET /?file=%2Fvar%2Fwww%2Fvhosts%2Fhandanhand.lu%2Fhttpdocs%2Fwp-content%2Fthemes%2FDivi%2Fincludes%2Fbuilder%2Fmodule HTTP/1.1" 200 51557 "-" "Mozilla/5.0 AppleWebKit/537.36 (KHTML, like Gecko; compatible; ClaudeBot/1.0; +claudebot@anthropic.com)"
216.73.216.197 - - [16/May/2026:07:15:50 +0200] "GET /?file=%2Fvar%2Fwww%2Fvhosts%2Fhandanhand.lu%2Fhttpdocs%2Fwp-content%2Fthemes%2FDivi%2Fincludes%2Fwidgets%2Fwidget-about.php HTTP/1.1" 200 50185 "-" "Mozilla/5.0 AppleWebKit/537.36 (KHTML, like Gecko; compatible; ClaudeBot/1.0; +claudebot@anthropic.com)"
176.31.139.24 - - [16/May/2026:07:15:51 +0200] "GET /p=3893198 HTTP/1.1" 200 43644 "-" "Mozilla/5.0 (compatible; AhrefsBot/7.0; +http://ahrefs.com/robot/)"
216.73.216.197 - - [16/May/2026:07:15:50 +0200] "GET /?edit=%2Fvar%2Fwww%2Fvhosts%2Fhandanhand.lu%2Fhttpdocs%2Fwp-content%2Fthemes%2Ftwentytwentyfour%2Fpatterns%2Ftext-faq.php HTTP/1.1" 200 52499 "-" "Mozilla/5.0 AppleWebKit/537.36 (KHTML, like Gecko; compatible; ClaudeBot/1.0; +claudebot@anthropic.com)"
66.249.70.70 - - [16/May/2026:07:15:49 +0200] "GET /?p=3475170 HTTP/1.1" 200 43648 "-" "Mozilla/5.0 (Linux; Android 6.0.1; Nexus 5X Build/MMB29P) AppleWebKit/537.36 (KHTML, like Gecko) Chrome/148.0.7778.96 Mobile Safari/537.36 (compatible; Googlebot/2.1; +http://www.google.com/bot.html)"
216.73.216.197 - - [16/May/2026:07:15:51 +0200] "GET /?file=%2Fvar%2Fwww%2Fvhosts%2Fhandanhand.lu%2Fhttpdocs%2Fwp-content%2Fthemes%2FDivi%2Fincludes%2Ffunctions%2Finstallation.php HTTP/1.1" 200 50184 "-" "Mozilla/5.0 AppleWebKit/537.36 (KHTML, like Gecko; compatible; ClaudeBot/1.0; +claudebot@anthropic.com)"
216.73.216.197 - - [16/May/2026:07:15:52 +0200] "GET /?file=%2Fvar%2Fwww%2Fvhosts%2Fhandanhand.lu%2Fhttpdocs%2Fwp-content%2Fthemes%2FDivi%2Fcore%2Fadmin%2Fcss HTTP/1.1" 200 50440 "-" "Mozilla/5.0 AppleWebKit/537.36 (KHTML, like Gecko; compatible; ClaudeBot/1.0; +claudebot@anthropic.com)"
216.73.216.197 - - [16/May/2026:07:15:50 +0200] "GET /?edit=%2Fvar%2Fwww%2Fvhosts%2Fhandanhand.lu%2Fhttpdocs%2Fwp-content%2Fthemes%2FDivi%2Fcss%2Fdynamic-assets%2Fwidget_about.css HTTP/1.1" 200 51290 "-" "Mozilla/5.0 AppleWebKit/537.36 (KHTML, like Gecko; compatible; ClaudeBot/1.0; +claudebot@anthropic.com)"
216.73.216.197 - - [16/May/2026:07:15:51 +0200] "GET /?file=%2Fvar%2Fwww%2Fvhosts%2Fhandanhand.lu%2Fhttpdocs%2Fwp-content%2Fthemes%2FDivi%2Fcss%2Fdynamic-assets%2Fheader.css HTTP/1.1" 200 50181 "-" "Mozilla/5.0 AppleWebKit/537.36 (KHTML, like Gecko; compatible; ClaudeBot/1.0; +claudebot@anthropic.com)"
216.73.216.197 - - [16/May/2026:07:15:52 +0200] "GET /?file=%2Fvar%2Fwww%2Fvhosts%2Fhandanhand.lu%2Fhttpdocs%2Fwp-content%2Fthemes%2FDivi%2Fcore%2Fcomponents%2Fapi HTTP/1.1" 200 50460 "-" "Mozilla/5.0 AppleWebKit/537.36 (KHTML, like Gecko; compatible; ClaudeBot/1.0; +claudebot@anthropic.com)"
216.73.216.197 - - [16/May/2026:07:15:52 +0200] "GET /?file=%2Fvar%2Fwww%2Fvhosts%2Fhandanhand.lu%2Fhttpdocs%2Fwp-content%2Fthemes%2Ftwentytwentyfive%2Fpatterns%2Flogos.php HTTP/1.1" 200 50188 "-" "Mozilla/5.0 AppleWebKit/537.36 (KHTML, like Gecko; compatible; ClaudeBot/1.0; +claudebot@anthropic.com)"
216.73.216.197 - - [16/May/2026:07:15:53 +0200] "GET /?view=%2Fvar%2Fwww%2Fvhosts%2Fhandanhand.lu%2Fhttpdocs%2Fwp-content%2Fthemes%2FDivi%2Fcore%2Fcomponents%2FCache.php HTTP/1.1" 200 5478 "-" "Mozilla/5.0 AppleWebKit/537.36 (KHTML, like Gecko; compatible; ClaudeBot/1.0; +claudebot@anthropic.com)"
66.249.70.69 - - [16/May/2026:07:15:49 +0200] "GET /?p=6551656 HTTP/1.1" 200 43648 "-" "Mozilla/5.0 (Linux; Android 6.0.1; Nexus 5X Build/MMB29P) AppleWebKit/537.36 (KHTML, like Gecko) Chrome/148.0.7778.96 Mobile Safari/537.36 (compatible; Googlebot/2.1; +http://www.google.com/bot.html)"
216.73.216.197 - - [16/May/2026:07:15:52 +0200] "GET /?file=%2Fvar%2Fwww%2Fvhosts%2Fhandanhand.lu%2Fhttpdocs%2Fwp-content%2Fthemes%2FDivi%2Fincludes%2Fbuilder%2Fapi HTTP/1.1" 200 50326 "-" "Mozilla/5.0 AppleWebKit/537.36 (KHTML, like Gecko; compatible; ClaudeBot/1.0; +claudebot@anthropic.com)"
92.222.108.123 - - [16/May/2026:07:15:52 +0200] "GET /p=3855750 HTTP/1.1" 200 43644 "-" "Mozilla/5.0 (compatible; AhrefsBot/7.0; +http://ahrefs.com/robot/)"
216.73.216.197 - - [16/May/2026:07:15:52 +0200] "GET /?edit=%2Fvar%2Fwww%2Fvhosts%2Fhandanhand.lu%2Fhttpdocs%2Fwp-content%2Fthemes%2Ftwentytwentyfour%2Fpatterns%2Fposts-3-col.php HTTP/1.1" 200 52087 "-" "Mozilla/5.0 AppleWebKit/537.36 (KHTML, like Gecko; compatible; ClaudeBot/1.0; +claudebot@anthropic.com)"
216.73.216.197 - - [16/May/2026:07:15:52 +0200] "GET /?file=%2Fvar%2Fwww%2Fvhosts%2Fhandanhand.lu%2Fhttpdocs%2Fwp-content%2Fet-cache HTTP/1.1" 200 50552 "-" "Mozilla/5.0 AppleWebKit/537.36 (KHTML, like Gecko; compatible; ClaudeBot/1.0; +claudebot@anthropic.com)"
216.73.216.197 - - [16/May/2026:07:15:54 +0200] "GET /?file=%2Fvar%2Fwww%2Fvhosts%2Fhandanhand.lu%2Fhttpdocs%2Fwp-content%2Fthemes%2FDivi%2Fcommon%2Futils%2Fhtml-utils.js HTTP/1.1" 200 50180 "-" "Mozilla/5.0 AppleWebKit/537.36 (KHTML, like Gecko; compatible; ClaudeBot/1.0; +claudebot@anthropic.com)"
216.73.216.197 - - [16/May/2026:07:15:54 +0200] "GET /?file=%2Fvar%2Fwww%2Fvhosts%2Fhandanhand.lu%2Fhttpdocs%2Fwp-content%2Fthemes%2Ftwentytwentyfive%2Fpatterns%2Fformat-audio.php HTTP/1.1" 200 50189 "-" "Mozilla/5.0 AppleWebKit/537.36 (KHTML, like Gecko; compatible; ClaudeBot/1.0; +claudebot@anthropic.com)"
216.73.216.197 - - [16/May/2026:07:15:54 +0200] "GET /?file=%2Fvar%2Fwww%2Fvhosts%2Fhandanhand.lu%2Fhttpdocs%2Fwp-content%2Fthemes%2FDivi%2Fcss%2Fdynamic-assets%2Fcomments.css HTTP/1.1" 200 50182 "-" "Mozilla/5.0 AppleWebKit/537.36 (KHTML, like Gecko; compatible; ClaudeBot/1.0; +claudebot@anthropic.com)"
216.73.216.197 - - [16/May/2026:07:15:55 +0200] "GET /wp-content/et-cache/96489/et-core-unified-cpt-96489.min.css HTTP/1.1" 200 3988 "-" "Mozilla/5.0 AppleWebKit/537.36 (KHTML, like Gecko; compatible; ClaudeBot/1.0; +claudebot@anthropic.com)"
66.249.70.70 - - [16/May/2026:07:15:54 +0200] "GET /?p=2703428 HTTP/1.1" 200 43648 "-" "Mozilla/5.0 (Linux; Android 6.0.1; Nexus 5X Build/MMB29P) AppleWebKit/537.36 (KHTML, like Gecko) Chrome/148.0.7778.96 Mobile Safari/537.36 (compatible; Googlebot/2.1; +http://www.google.com/bot.html)"
216.73.216.197 - - [16/May/2026:07:15:56 +0200] "GET /?view=%2Fvar%2Fwww%2Fvhosts%2Fhandanhand.lu%2Fhttpdocs%2Fwp-content%2Fthemes%2FDivi%2Fincludes%2Fwidgets%2Fwidget-about.php HTTP/1.1" 200 5007 "-" "Mozilla/5.0 AppleWebKit/537.36 (KHTML, like Gecko; compatible; ClaudeBot/1.0; +claudebot@anthropic.com)"
216.73.216.197 - - [16/May/2026:07:15:55 +0200] "GET /?file=%2Fvar%2Fwww%2Fvhosts%2Fhandanhand.lu%2Fhttpdocs%2Fwp-content%2Fthemes%2Ftwentytwentyfour%2Fpatterns%2Fposts-list.php HTTP/1.1" 200 50193 "-" "Mozilla/5.0 AppleWebKit/537.36 (KHTML, like Gecko; compatible; ClaudeBot/1.0; +claudebot@anthropic.com)"
216.73.216.197 - - [16/May/2026:07:15:54 +0200] "GET /?file=%2Fvar%2Fwww%2Fvhosts%2Fhandanhand.lu%2Fhttpdocs%2Fwp-content%2Fthemes%2FDivi%2Fincludes%2Ffunctions%2Fsidebars.php HTTP/1.1" 200 50183 "-" "Mozilla/5.0 AppleWebKit/537.36 (KHTML, like Gecko; compatible; ClaudeBot/1.0; +claudebot@anthropic.com)"
92.222.104.201 - - [16/May/2026:07:15:55 +0200] "GET /p=3652737 HTTP/1.1" 200 43644 "-" "Mozilla/5.0 (compatible; AhrefsBot/7.0; +http://ahrefs.com/robot/)"
216.73.216.197 - - [16/May/2026:07:15:54 +0200] "GET /?file=%2Fvar%2Fwww%2Fvhosts%2Fhandanhand.lu%2Fhttpdocs%2Fwp-content%2Fthemes%2FDivi%2Fincludes%2Fbuilder%2Ftemplate-preview.php HTTP/1.1" 200 50185 "-" "Mozilla/5.0 AppleWebKit/537.36 (KHTML, like Gecko; compatible; ClaudeBot/1.0; +claudebot@anthropic.com)"
216.73.216.197 - - [16/May/2026:07:15:55 +0200] "GET /?edit=%2Fvar%2Fwww%2Fvhosts%2Fhandanhand.lu%2Fhttpdocs%2Fwp-content%2Fthemes%2Ftwentytwentyfive%2Fpatterns%2Fhero-book.php HTTP/1.1" 200 52271 "-" "Mozilla/5.0 AppleWebKit/537.36 (KHTML, like Gecko; compatible; ClaudeBot/1.0; +claudebot@anthropic.com)"
216.73.216.197 - - [16/May/2026:07:15:54 +0200] "GET /?file=%2Fvar%2Fwww%2Fvhosts%2Fhandanhand.lu%2Fhttpdocs%2Fwp-content%2Fthemes%2FDivi%2Fincludes%2Ffunctions%2Fsanitization.php HTTP/1.1" 200 50187 "-" "Mozilla/5.0 AppleWebKit/537.36 (KHTML, like Gecko; compatible; ClaudeBot/1.0; +claudebot@anthropic.com)"
216.73.216.197 - - [16/May/2026:07:15:55 +0200] "GET /?edit=%2Fvar%2Fwww%2Fvhosts%2Fhandanhand.lu%2Fhttpdocs%2Fwp-content%2Fthemes%2FDivi%2Fcss%2Fdynamic-assets%2Fboxed_layout.css HTTP/1.1" 200 51446 "-" "Mozilla/5.0 AppleWebKit/537.36 (KHTML, like Gecko; compatible; ClaudeBot/1.0; +claudebot@anthropic.com)"
216.73.216.197 - - [16/May/2026:07:15:56 +0200] "GET /?view=%2Fvar%2Fwww%2Fvhosts%2Fhandanhand.lu%2Fhttpdocs%2Fwp-content%2Fthemes%2FDivi%2Fincludes%2Ffunctions%2Finstallation.php HTTP/1.1" 200 4089 "-" "Mozilla/5.0 AppleWebKit/537.36 (KHTML, like Gecko; compatible; ClaudeBot/1.0; +claudebot@anthropic.com)"
216.73.216.197 - - [16/May/2026:07:15:56 +0200] "GET /?edit=%2Fvar%2Fwww%2Fvhosts%2Fhandanhand.lu%2Fhttpdocs%2Fwp-content%2Fthemes%2FDivi%2Fcss%2Fdynamic-assets%2Fproject.css HTTP/1.1" 200 51548 "-" "Mozilla/5.0 AppleWebKit/537.36 (KHTML, like Gecko; compatible; ClaudeBot/1.0; +claudebot@anthropic.com)"
216.73.216.197 - - [16/May/2026:07:15:53 +0200] "GET /?file=%2Fvar%2Fwww%2Fvhosts%2Fhandanhand.lu%2Fhttpdocs%2Fwp-content%2Fthemes%2Ftwentytwentyfive%2Fpatterns%2Ftext-faqs.php HTTP/1.1" 200 50192 "-" "Mozilla/5.0 AppleWebKit/537.36 (KHTML, like Gecko; compatible; ClaudeBot/1.0; +claudebot@anthropic.com)"
216.73.216.197 - - [16/May/2026:07:15:55 +0200] "GET /?edit=%2Fvar%2Fwww%2Fvhosts%2Fhandanhand.lu%2Fhttpdocs%2Fwp-content%2Fthemes%2FDivi%2Fincludes%2Ffunctions%2Fdynamic-assets.php HTTP/1.1" 200 53057 "-" "Mozilla/5.0 AppleWebKit/537.36 (KHTML, like Gecko; compatible; ClaudeBot/1.0; +claudebot@anthropic.com)"
216.73.216.197 - - [16/May/2026:07:15:56 +0200] "GET /?edit=%2Fvar%2Fwww%2Fvhosts%2Fhandanhand.lu%2Fhttpdocs%2Fwp-content%2Fthemes%2FDivi%2Fincludes%2Fwidgets%2Fwidget-adsense.php HTTP/1.1" 200 52092 "-" "Mozilla/5.0 AppleWebKit/537.36 (KHTML, like Gecko; compatible; ClaudeBot/1.0; +claudebot@anthropic.com)"
66.249.70.70 - - [16/May/2026:07:15:57 +0200] "GET /?p=5233230 HTTP/1.1" 200 43648 "-" "Mozilla/5.0 (Linux; Android 6.0.1; Nexus 5X Build/MMB29P) AppleWebKit/537.36 (KHTML, like Gecko) Chrome/148.0.7778.96 Mobile Safari/537.36 (compatible; Googlebot/2.1; +http://www.google.com/bot.html)"
216.73.216.197 - - [16/May/2026:07:15:58 +0200] "GET /sitemap-10.xml?view=%2Fvar%2Fwww%2Fvhosts%2Fhandanhand.lu%2Fhttpdocs%2Fwp-content%2Fthemes%2FDivi%2Fcore%2Fupdates_init.php HTTP/1.1" 200 4009 "-" "Mozilla/5.0 AppleWebKit/537.36 (KHTML, like Gecko; compatible; ClaudeBot/1.0; +claudebot@anthropic.com)"
216.73.216.197 - - [16/May/2026:07:15:58 +0200] "GET /sitemap-16.xml?view=%2Fvar%2Fwww%2Fvhosts%2Fhandanhand.lu%2Fhttpdocs%2Fwp-content%2Fthemes%2FDivi%2Fincludes%2Fnavigation.php HTTP/1.1" 200 4114 "-" "Mozilla/5.0 AppleWebKit/537.36 (KHTML, like Gecko; compatible; ClaudeBot/1.0; +claudebot@anthropic.com)"
216.73.216.197 - - [16/May/2026:07:15:58 +0200] "GET /?view=%2Fvar%2Fwww%2Fvhosts%2Fhandanhand.lu%2Fhttpdocs%2Fwp-content%2Fthemes%2FDivi%2Fcss%2Fdynamic-assets%2Fslide_in_menu.css HTTP/1.1" 200 5643 "-" "Mozilla/5.0 AppleWebKit/537.36 (KHTML, like Gecko; compatible; ClaudeBot/1.0; +claudebot@anthropic.com)"
