92.222.104.217 - - [16/May/2026:07:25:52 +0200] "GET /p=4701388 HTTP/1.1" 200 43644 "-" "Mozilla/5.0 (compatible; AhrefsBot/7.0; +http://ahrefs.com/robot/)"
51.75.236.136 - - [16/May/2026:07:25:53 +0200] "GET /p=4631251 HTTP/1.1" 200 43644 "-" "Mozilla/5.0 (compatible; AhrefsBot/7.0; +http://ahrefs.com/robot/)"
92.222.108.97 - - [16/May/2026:07:25:55 +0200] "GET /p=3571042 HTTP/1.1" 200 43644 "-" "Mozilla/5.0 (compatible; AhrefsBot/7.0; +http://ahrefs.com/robot/)"
66.249.70.69 - - [16/May/2026:07:25:56 +0200] "GET /?p=5082372 HTTP/1.1" 200 43648 "-" "Mozilla/5.0 (Linux; Android 6.0.1; Nexus 5X Build/MMB29P) AppleWebKit/537.36 (KHTML, like Gecko) Chrome/148.0.7778.96 Mobile Safari/537.36 (compatible; Googlebot/2.1; +http://www.google.com/bot.html)"
92.222.104.215 - - [16/May/2026:07:25:57 +0200] "GET /p=3460027 HTTP/1.1" 200 43644 "-" "Mozilla/5.0 (compatible; AhrefsBot/7.0; +http://ahrefs.com/robot/)"
51.68.247.203 - - [16/May/2026:07:25:58 +0200] "GET /p=3074859 HTTP/1.1" 200 43644 "-" "Mozilla/5.0 (compatible; AhrefsBot/7.0; +http://ahrefs.com/robot/)"
5.39.109.166 - - [16/May/2026:07:25:58 +0200] "GET /p=3812916 HTTP/1.1" 200 43644 "-" "Mozilla/5.0 (compatible; AhrefsBot/7.0; +http://ahrefs.com/robot/)"
51.75.236.144 - - [16/May/2026:07:25:59 +0200] "GET /p=2762052 HTTP/1.1" 200 43644 "-" "Mozilla/5.0 (compatible; AhrefsBot/7.0; +http://ahrefs.com/robot/)"
94.23.188.207 - - [16/May/2026:07:25:59 +0200] "GET /p=3601116 HTTP/1.1" 200 43644 "-" "Mozilla/5.0 (compatible; AhrefsBot/7.0; +http://ahrefs.com/robot/)"
92.222.104.212 - - [16/May/2026:07:26:00 +0200] "GET /p=2608651 HTTP/1.1" 200 43644 "-" "Mozilla/5.0 (compatible; AhrefsBot/7.0; +http://ahrefs.com/robot/)"
54.37.118.68 - - [16/May/2026:07:26:01 +0200] "GET /p=6531455 HTTP/1.1" 200 43644 "-" "Mozilla/5.0 (compatible; AhrefsBot/7.0; +http://ahrefs.com/robot/)"
85.208.96.209 - - [16/May/2026:07:26:02 +0200] "GET /p=3969752 HTTP/1.1" 200 43644 "-" "Mozilla/5.0 (compatible; SemrushBot/7~bl; +http://www.semrush.com/bot.html)"
37.59.204.139 - - [16/May/2026:07:26:02 +0200] "GET /p=6471877 HTTP/1.1" 200 43644 "-" "Mozilla/5.0 (compatible; AhrefsBot/7.0; +http://ahrefs.com/robot/)"
37.59.204.137 - - [16/May/2026:07:26:03 +0200] "GET /p=3455723 HTTP/1.1" 200 43644 "-" "Mozilla/5.0 (compatible; AhrefsBot/7.0; +http://ahrefs.com/robot/)"
94.23.188.217 - - [16/May/2026:07:26:04 +0200] "GET /p=6390230 HTTP/1.1" 200 43644 "-" "Mozilla/5.0 (compatible; AhrefsBot/7.0; +http://ahrefs.com/robot/)"
5.39.1.236 - - [16/May/2026:07:26:05 +0200] "GET /p=6386915 HTTP/1.1" 200 43644 "-" "Mozilla/5.0 (compatible; AhrefsBot/7.0; +http://ahrefs.com/robot/)"
66.249.70.70 - - [16/May/2026:07:26:05 +0200] "GET /?p=3862811 HTTP/1.1" 200 43648 "-" "Mozilla/5.0 (Linux; Android 6.0.1; Nexus 5X Build/MMB29P) AppleWebKit/537.36 (KHTML, like Gecko) Chrome/148.0.7778.96 Mobile Safari/537.36 (compatible; Googlebot/2.1; +http://www.google.com/bot.html)"
185.191.171.8 - - [16/May/2026:07:26:05 +0200] "GET /p=6059118 HTTP/1.1" 200 43644 "-" "Mozilla/5.0 (compatible; SemrushBot/7~bl; +http://www.semrush.com/bot.html)"
216.73.216.197 - - [16/May/2026:07:26:08 +0200] "GET /sitemap-15.xml?edit=%2Fvar%2Fwww%2Fvhosts%2Fhandanhand.lu%2Fhttpdocs%2Fwp-content%2Fthemes%2FDivi%2Fjs%2Fadmin_post_settings.js HTTP/1.1" 200 44496 "-" "Mozilla/5.0 AppleWebKit/537.36 (KHTML, like Gecko; compatible; ClaudeBot/1.0; +claudebot@anthropic.com)"
185.191.171.1 - - [16/May/2026:07:26:08 +0200] "GET /p=4277012 HTTP/1.1" 200 43644 "-" "Mozilla/5.0 (compatible; SemrushBot/7~bl; +http://www.semrush.com/bot.html)"
216.73.216.197 - - [16/May/2026:07:26:08 +0200] "GET /sitemap-20.xml?edit=%2Fvar%2Fwww%2Fvhosts%2Fhandanhand.lu%2Fhttpdocs%2Fwp-content%2Fthemes%2FDivi%2Fjs%2Fsmoothscroll.js HTTP/1.1" 200 46320 "-" "Mozilla/5.0 AppleWebKit/537.36 (KHTML, like Gecko; compatible; ClaudeBot/1.0; +claudebot@anthropic.com)"
216.73.216.197 - - [16/May/2026:07:26:08 +0200] "GET /sitemap-16.xml?edit=%2Fvar%2Fwww%2Fvhosts%2Fhandanhand.lu%2Fhttpdocs%2Fwp-content%2Fthemes%2FDivi%2Fjs%2Fsmoothscroll.js HTTP/1.1" 200 46320 "-" "Mozilla/5.0 AppleWebKit/537.36 (KHTML, like Gecko; compatible; ClaudeBot/1.0; +claudebot@anthropic.com)"
216.73.216.197 - - [16/May/2026:07:26:08 +0200] "GET /sitemap-10.xml?edit=%2Fvar%2Fwww%2Fvhosts%2Fhandanhand.lu%2Fhttpdocs%2Fwp-content%2Fthemes%2FDivi%2Fjs%2Fsmoothscroll.js HTTP/1.1" 200 46320 "-" "Mozilla/5.0 AppleWebKit/537.36 (KHTML, like Gecko; compatible; ClaudeBot/1.0; +claudebot@anthropic.com)"
216.73.216.197 - - [16/May/2026:07:26:08 +0200] "GET /sitemap-20.xml?file=%2Fvar%2Fwww%2Fvhosts%2Fhandanhand.lu%2Fhttpdocs%2Fwp-content%2Fthemes%2FDivi%2Fincludes%2Fmodule-customizer HTTP/1.1" 404 276282 "-" "Mozilla/5.0 AppleWebKit/537.36 (KHTML, like Gecko; compatible; ClaudeBot/1.0; +claudebot@anthropic.com)"
5.39.1.254 - - [16/May/2026:07:26:08 +0200] "GET /p=5991950 HTTP/1.1" 200 43644 "-" "Mozilla/5.0 (compatible; AhrefsBot/7.0; +http://ahrefs.com/robot/)"
216.73.216.197 - - [16/May/2026:07:26:09 +0200] "GET /sitemap-20.xml?file=%2Fvar%2Fwww%2Fvhosts%2Fhandanhand.lu%2Fhttpdocs%2Fwp-content%2Fthemes%2FDivi%2Fcore%2F_metadata.php HTTP/1.1" 404 275671 "-" "Mozilla/5.0 AppleWebKit/537.36 (KHTML, like Gecko; compatible; ClaudeBot/1.0; +claudebot@anthropic.com)"
65.108.68.121 - - [16/May/2026:07:26:09 +0200] "POST /wp-cron.php?doing_wp_cron=1778909169.1889679431915283203125 HTTP/1.1" 200 5396 "-" "WordPress/6.9.4; https://handanhand.lu"
216.73.216.197 - - [16/May/2026:07:26:09 +0200] "GET /sitemap-20.xml?file=%2Fvar%2Fwww%2Fvhosts%2Fhandanhand.lu%2Fhttpdocs%2Fwp-content%2Fthemes%2FDivi%2Fjs%2Fscripts.min.js HTTP/1.1" 404 275646 "-" "Mozilla/5.0 AppleWebKit/537.36 (KHTML, like Gecko; compatible; ClaudeBot/1.0; +claudebot@anthropic.com)"
216.73.216.197 - - [16/May/2026:07:26:09 +0200] "GET /sitemap-15.xml?file=%2Fvar%2Fwww%2Fvhosts%2Fhandanhand.lu%2Fhttpdocs%2Fwp-content%2Fthemes%2FDivi%2Fcore%2F_metadata.php HTTP/1.1" 404 275671 "-" "Mozilla/5.0 AppleWebKit/537.36 (KHTML, like Gecko; compatible; ClaudeBot/1.0; +claudebot@anthropic.com)"
216.73.216.197 - - [16/May/2026:07:26:10 +0200] "GET /sitemap-10.xml?file=%2Fvar%2Fwww%2Fvhosts%2Fhandanhand.lu%2Fhttpdocs%2Fwp-content%2Fthemes%2FDivi%2Fjs%2Fscripts.min.js HTTP/1.1" 404 275646 "-" "Mozilla/5.0 AppleWebKit/537.36 (KHTML, like Gecko; compatible; ClaudeBot/1.0; +claudebot@anthropic.com)"
216.73.216.197 - - [16/May/2026:07:26:09 +0200] "GET /sitemap-15.xml?file=%2Fvar%2Fwww%2Fvhosts%2Fhandanhand.lu%2Fhttpdocs%2Fwp-content%2Fthemes%2FDivi%2Fjs%2Fscripts.min.js HTTP/1.1" 404 275646 "-" "Mozilla/5.0 AppleWebKit/537.36 (KHTML, like Gecko; compatible; ClaudeBot/1.0; +claudebot@anthropic.com)"
216.73.216.197 - - [16/May/2026:07:26:10 +0200] "GET /sitemap-16.xml?file=%2Fvar%2Fwww%2Fvhosts%2Fhandanhand.lu%2Fhttpdocs%2Fwp-content%2Fthemes%2FDivi%2Fjs%2Fscripts.min.js HTTP/1.1" 404 275646 "-" "Mozilla/5.0 AppleWebKit/537.36 (KHTML, like Gecko; compatible; ClaudeBot/1.0; +claudebot@anthropic.com)"
216.73.216.197 - - [16/May/2026:07:26:11 +0200] "GET /?view=%2Fvar%2Fwww%2Fvhosts%2Fhandanhand.lu%2Fhttpdocs%2Fwp-content%2Fthemes%2FDivi%2Fcloud%2Fi18n%2Flibrary%2Fcategories.php HTTP/1.1" 200 4218 "-" "Mozilla/5.0 AppleWebKit/537.36 (KHTML, like Gecko; compatible; ClaudeBot/1.0; +claudebot@anthropic.com)"
216.73.216.197 - - [16/May/2026:07:26:09 +0200] "GET /sitemap-10.xml?edit=%2Fvar%2Fwww%2Fvhosts%2Fhandanhand.lu%2Fhttpdocs%2Fwp-content%2Fthemes%2FDivi%2Fjs%2Fadmin_post_settings.js HTTP/1.1" 200 44496 "-" "Mozilla/5.0 AppleWebKit/537.36 (KHTML, like Gecko; compatible; ClaudeBot/1.0; +claudebot@anthropic.com)"
37.59.204.155 - - [16/May/2026:07:26:09 +0200] "GET /p=5950100 HTTP/1.1" 200 43644 "-" "Mozilla/5.0 (compatible; AhrefsBot/7.0; +http://ahrefs.com/robot/)"
216.73.216.197 - - [16/May/2026:07:26:10 +0200] "GET /sitemap-15.xml?file=%2Fvar%2Fwww%2Fvhosts%2Fhandanhand.lu%2Fhttpdocs%2Fwp-content%2Fthemes%2FDivi%2Fcore%2F_et_core_version.php HTTP/1.1" 404 275678 "-" "Mozilla/5.0 AppleWebKit/537.36 (KHTML, like Gecko; compatible; ClaudeBot/1.0; +claudebot@anthropic.com)"
54.37.118.70 - - [16/May/2026:07:26:10 +0200] "GET /p=5897088 HTTP/1.1" 200 43644 "-" "Mozilla/5.0 (compatible; AhrefsBot/7.0; +http://ahrefs.com/robot/)"
216.73.216.197 - - [16/May/2026:07:26:11 +0200] "GET /?edit=%2Fvar%2Fwww%2Fvhosts%2Fhandanhand.lu%2Fhttpdocs%2Fwp-content%2Fthemes%2Fdivi-plus-ngo%2Fstyle.css HTTP/1.1" 200 51306 "-" "Mozilla/5.0 AppleWebKit/537.36 (KHTML, like Gecko; compatible; ClaudeBot/1.0; +claudebot@anthropic.com)"
216.73.216.197 - - [16/May/2026:07:26:09 +0200] "GET /sitemap-20.xml?edit=%2Fvar%2Fwww%2Fvhosts%2Fhandanhand.lu%2Fhttpdocs%2Fwp-content%2Fthemes%2FDivi%2Fjs%2Fadmin_post_settings.js HTTP/1.1" 200 44496 "-" "Mozilla/5.0 AppleWebKit/537.36 (KHTML, like Gecko; compatible; ClaudeBot/1.0; +claudebot@anthropic.com)"
216.73.216.197 - - [16/May/2026:07:26:11 +0200] "GET /sitemap-20.xml?file=%2Fvar%2Fwww%2Fvhosts%2Fhandanhand.lu%2Fhttpdocs%2Fwp-content%2Fthemes%2FDivi%2Fcore%2F_et_core_version.php HTTP/1.1" 404 275678 "-" "Mozilla/5.0 AppleWebKit/537.36 (KHTML, like Gecko; compatible; ClaudeBot/1.0; +claudebot@anthropic.com)"
216.73.216.197 - - [16/May/2026:07:26:09 +0200] "GET /sitemap-16.xml?edit=%2Fvar%2Fwww%2Fvhosts%2Fhandanhand.lu%2Fhttpdocs%2Fwp-content%2Fthemes%2FDivi%2Fjs%2Fadmin_post_settings.js HTTP/1.1" 200 44496 "-" "Mozilla/5.0 AppleWebKit/537.36 (KHTML, like Gecko; compatible; ClaudeBot/1.0; +claudebot@anthropic.com)"
216.73.216.197 - - [16/May/2026:07:26:11 +0200] "GET /sitemap-15.xml?rename=%2Fvar%2Fwww%2Fvhosts%2Fhandanhand.lu%2Fhttpdocs%2Fwp-content%2Fthemes%2FDivi%2Fincludes%2Fblock-editor-integration.php HTTP/1.1" 200 43730 "-" "Mozilla/5.0 AppleWebKit/537.36 (KHTML, like Gecko; compatible; ClaudeBot/1.0; +claudebot@anthropic.com)"
216.73.216.197 - - [16/May/2026:07:26:13 +0200] "GET /sitemap-20.xml?view=%2Fvar%2Fwww%2Fvhosts%2Fhandanhand.lu%2Fhttpdocs%2Fwp-content%2Fthemes%2FDivi%2Fcore%2F_metadata.php HTTP/1.1" 200 6735 "-" "Mozilla/5.0 AppleWebKit/537.36 (KHTML, like Gecko; compatible; ClaudeBot/1.0; +claudebot@anthropic.com)"
66.249.70.70 - - [16/May/2026:07:26:11 +0200] "GET /?p=3154843 HTTP/1.1" 200 43648 "-" "Mozilla/5.0 (Linux; Android 6.0.1; Nexus 5X Build/MMB29P) AppleWebKit/537.36 (KHTML, like Gecko) Chrome/148.0.7778.96 Mobile Safari/537.36 (compatible; GoogleOther)"
85.208.96.209 - - [16/May/2026:07:26:11 +0200] "GET /p=5758751 HTTP/1.1" 200 43644 "-" "Mozilla/5.0 (compatible; SemrushBot/7~bl; +http://www.semrush.com/bot.html)"
216.73.216.197 - - [16/May/2026:07:26:11 +0200] "GET /sitemap-15.xml?rename=%2Fvar%2Fwww%2Fvhosts%2Fhandanhand.lu%2Fhttpdocs%2Fwp-content%2Fthemes%2FDivi%2Fcore%2Ffunctions.php HTTP/1.1" 200 43722 "-" "Mozilla/5.0 AppleWebKit/537.36 (KHTML, like Gecko; compatible; ClaudeBot/1.0; +claudebot@anthropic.com)"
65.108.68.121 - - [16/May/2026:07:26:12 +0200] "POST /wp-cron.php?doing_wp_cron=1778909172.4278481006622314453125 HTTP/1.1" 200 5396 "-" "WordPress/6.9.4; https://handanhand.lu"
216.73.216.197 - - [16/May/2026:07:26:13 +0200] "GET /sitemap-10.xml?view=%2Fvar%2Fwww%2Fvhosts%2Fhandanhand.lu%2Fhttpdocs%2Fwp-content%2Fthemes%2FDivi%2Fjs%2Fscripts.min.js HTTP/1.1" 200 75065 "-" "Mozilla/5.0 AppleWebKit/537.36 (KHTML, like Gecko; compatible; ClaudeBot/1.0; +claudebot@anthropic.com)"
65.108.68.121 - - [16/May/2026:07:26:12 +0200] "POST /wp-cron.php?doing_wp_cron=1778909172.4281818866729736328125 HTTP/1.1" 200 5396 "-" "WordPress/6.9.4; https://handanhand.lu"
216.73.216.197 - - [16/May/2026:07:26:12 +0200] "GET /sitemap-15.xml?view=%2Fvar%2Fwww%2Fvhosts%2Fhandanhand.lu%2Fhttpdocs%2Fwp-content%2Fthemes%2FDivi%2Fcore%2F_metadata.php HTTP/1.1" 200 6735 "-" "Mozilla/5.0 AppleWebKit/537.36 (KHTML, like Gecko; compatible; ClaudeBot/1.0; +claudebot@anthropic.com)"
216.73.216.197 - - [16/May/2026:07:26:13 +0200] "GET /sitemap-15.xml?view=%2Fvar%2Fwww%2Fvhosts%2Fhandanhand.lu%2Fhttpdocs%2Fwp-content%2Fthemes%2FDivi%2Fcore%2F_et_core_version.php HTTP/1.1" 200 4152 "-" "Mozilla/5.0 AppleWebKit/537.36 (KHTML, like Gecko; compatible; ClaudeBot/1.0; +claudebot@anthropic.com)"
216.73.216.197 - - [16/May/2026:07:26:11 +0200] "GET /sitemap-15.xml?view=%2Fvar%2Fwww%2Fvhosts%2Fhandanhand.lu%2Fhttpdocs%2Fwp-content%2Fthemes%2FDivi%2Fjs%2Fscripts.min.js HTTP/1.1" 200 75065 "-" "Mozilla/5.0 AppleWebKit/537.36 (KHTML, like Gecko; compatible; ClaudeBot/1.0; +claudebot@anthropic.com)"
216.73.216.197 - - [16/May/2026:07:26:14 +0200] "GET /sitemap-20.xml?view=%2Fvar%2Fwww%2Fvhosts%2Fhandanhand.lu%2Fhttpdocs%2Fwp-content%2Fthemes%2FDivi%2Fcore%2F_et_core_version.php HTTP/1.1" 200 4152 "-" "Mozilla/5.0 AppleWebKit/537.36 (KHTML, like Gecko; compatible; ClaudeBot/1.0; +claudebot@anthropic.com)"
176.31.139.21 - - [16/May/2026:07:26:12 +0200] "GET /p=5808141 HTTP/1.1" 200 43620 "-" "Mozilla/5.0 (compatible; AhrefsBot/7.0; +http://ahrefs.com/robot/)"
66.249.70.69 - - [16/May/2026:07:26:13 +0200] "GET /?p=4462227 HTTP/1.1" 200 43648 "-" "Mozilla/5.0 (Linux; Android 6.0.1; Nexus 5X Build/MMB29P) AppleWebKit/537.36 (KHTML, like Gecko) Chrome/148.0.7778.96 Mobile Safari/537.36 (compatible; Googlebot/2.1; +http://www.google.com/bot.html)"
216.73.216.197 - - [16/May/2026:07:26:13 +0200] "GET /sitemap-20.xml?view=%2Fvar%2Fwww%2Fvhosts%2Fhandanhand.lu%2Fhttpdocs%2Fwp-content%2Fthemes%2FDivi%2Fjs%2Fscripts.min.js HTTP/1.1" 200 75065 "-" "Mozilla/5.0 AppleWebKit/537.36 (KHTML, like Gecko; compatible; ClaudeBot/1.0; +claudebot@anthropic.com)"
216.73.216.197 - - [16/May/2026:07:26:11 +0200] "GET /sitemap-20.xml?rename=%2Fvar%2Fwww%2Fvhosts%2Fhandanhand.lu%2Fhttpdocs%2Fwp-content%2Fthemes%2FDivi%2Fincludes%2Fblock-editor-integration.php HTTP/1.1" 200 43730 "-" "Mozilla/5.0 AppleWebKit/537.36 (KHTML, like Gecko; compatible; ClaudeBot/1.0; +claudebot@anthropic.com)"
216.73.216.197 - - [16/May/2026:07:26:13 +0200] "GET /sitemap-16.xml?view=%2Fvar%2Fwww%2Fvhosts%2Fhandanhand.lu%2Fhttpdocs%2Fwp-content%2Fthemes%2FDivi%2Fjs%2Fscripts.min.js HTTP/1.1" 200 75065 "-" "Mozilla/5.0 AppleWebKit/537.36 (KHTML, like Gecko; compatible; ClaudeBot/1.0; +claudebot@anthropic.com)"
216.73.216.197 - - [16/May/2026:07:26:12 +0200] "GET /sitemap-20.xml?rename=%2Fvar%2Fwww%2Fvhosts%2Fhandanhand.lu%2Fhttpdocs%2Fwp-content%2Fthemes%2FDivi%2Fcore%2Ffunctions.php HTTP/1.1" 200 43722 "-" "Mozilla/5.0 AppleWebKit/537.36 (KHTML, like Gecko; compatible; ClaudeBot/1.0; +claudebot@anthropic.com)"
216.73.216.197 - - [16/May/2026:07:26:14 +0200] "GET /sitemap-15.xml?file=%2Fvar%2Fwww%2Fvhosts%2Fhandanhand.lu%2Fhttpdocs%2Fwp-content%2Fthemes%2FDivi%2Fincludes%2Fblock-editor-integration.php HTTP/1.1" 404 275694 "-" "Mozilla/5.0 AppleWebKit/537.36 (KHTML, like Gecko; compatible; ClaudeBot/1.0; +claudebot@anthropic.com)"
92.222.108.96 - - [16/May/2026:07:26:14 +0200] "GET /p=5646469 HTTP/1.1" 200 43644 "-" "Mozilla/5.0 (compatible; AhrefsBot/7.0; +http://ahrefs.com/robot/)"
216.73.216.197 - - [16/May/2026:07:26:14 +0200] "GET /sitemap-20.xml?file=%2Fvar%2Fwww%2Fvhosts%2Fhandanhand.lu%2Fhttpdocs%2Fwp-content%2Fthemes%2FDivi%2Fincludes%2Fblock-editor-integration.php HTTP/1.1" 404 275694 "-" "Mozilla/5.0 AppleWebKit/537.36 (KHTML, like Gecko; compatible; ClaudeBot/1.0; +claudebot@anthropic.com)"
216.73.216.197 - - [16/May/2026:07:26:14 +0200] "GET /?edit=%2Fvar%2Fwww%2Fvhosts%2Fhandanhand.lu%2Fhttpdocs%2Fwp-content%2Fthemes%2FDivi%2Fcloud%2Fi18n%2Flibrary%2Fcategories.php HTTP/1.1" 200 51462 "-" "Mozilla/5.0 AppleWebKit/537.36 (KHTML, like Gecko; compatible; ClaudeBot/1.0; +claudebot@anthropic.com)"
51.68.247.201 - - [16/May/2026:07:26:12 +0200] "GET /p=5661410 HTTP/1.1" 200 43644 "-" "Mozilla/5.0 (compatible; AhrefsBot/7.0; +http://ahrefs.com/robot/)"
216.73.216.197 - - [16/May/2026:07:26:14 +0200] "GET /sitemap-15.xml?edit=%2Fvar%2Fwww%2Fvhosts%2Fhandanhand.lu%2Fhttpdocs%2Fwp-content%2Fthemes%2FDivi%2Fjs%2Fscripts.min.js HTTP/1.1" 200 118940 "-" "Mozilla/5.0 AppleWebKit/537.36 (KHTML, like Gecko; compatible; ClaudeBot/1.0; +claudebot@anthropic.com)"
216.73.216.197 - - [16/May/2026:07:26:15 +0200] "GET /sitemap-15.xml?rename=%2Fvar%2Fwww%2Fvhosts%2Fhandanhand.lu%2Fhttpdocs%2Fwp-content%2Fthemes%2FDivi%2Fincludes%2Fnavigation.php HTTP/1.1" 200 43721 "-" "Mozilla/5.0 AppleWebKit/537.36 (KHTML, like Gecko; compatible; ClaudeBot/1.0; +claudebot@anthropic.com)"
216.73.216.197 - - [16/May/2026:07:26:14 +0200] "GET /sitemap-15.xml?file=%2Fvar%2Fwww%2Fvhosts%2Fhandanhand.lu%2Fhttpdocs%2Fwp-content%2Fthemes%2FDivi%2Fcore%2Fcode-snippets HTTP/1.1" 200 42755 "-" "Mozilla/5.0 AppleWebKit/537.36 (KHTML, like Gecko; compatible; ClaudeBot/1.0; +claudebot@anthropic.com)"
185.191.171.10 - - [16/May/2026:07:26:15 +0200] "GET /p=4153826 HTTP/1.1" 200 43644 "-" "Mozilla/5.0 (compatible; SemrushBot/7~bl; +http://www.semrush.com/bot.html)"
216.73.216.197 - - [16/May/2026:07:26:15 +0200] "GET /sitemap-15.xml?edit=%2Fvar%2Fwww%2Fvhosts%2Fhandanhand.lu%2Fhttpdocs%2Fwp-content%2Fthemes%2FDivi%2Fcore%2F_metadata.php HTTP/1.1" 200 46740 "-" "Mozilla/5.0 AppleWebKit/537.36 (KHTML, like Gecko; compatible; ClaudeBot/1.0; +claudebot@anthropic.com)"
216.73.216.197 - - [16/May/2026:07:26:14 +0200] "GET /sitemap-20.xml?file=%2Fvar%2Fwww%2Fvhosts%2Fhandanhand.lu%2Fhttpdocs%2Fwp-content%2Fthemes%2FDivi%2Fcore%2Fcode-snippets HTTP/1.1" 200 42755 "-" "Mozilla/5.0 AppleWebKit/537.36 (KHTML, like Gecko; compatible; ClaudeBot/1.0; +claudebot@anthropic.com)"
5.39.109.160 - - [16/May/2026:07:26:15 +0200] "GET /p=6092376 HTTP/1.1" 200 43644 "-" "Mozilla/5.0 (compatible; AhrefsBot/7.0; +http://ahrefs.com/robot/)"
216.73.216.197 - - [16/May/2026:07:26:15 +0200] "GET /sitemap-15.xml?rename=%2Fvar%2Fwww%2Fvhosts%2Fhandanhand.lu%2Fhttpdocs%2Fwp-content%2Fthemes%2FDivi%2Fcore%2Fwp_functions.php HTTP/1.1" 200 43723 "-" "Mozilla/5.0 AppleWebKit/537.36 (KHTML, like Gecko; compatible; ClaudeBot/1.0; +claudebot@anthropic.com)"
66.249.70.69 - - [16/May/2026:07:26:16 +0200] "GET /?p=5566034 HTTP/1.1" 200 43648 "-" "Mozilla/5.0 (Linux; Android 6.0.1; Nexus 5X Build/MMB29P) AppleWebKit/537.36 (KHTML, like Gecko) Chrome/148.0.7778.96 Mobile Safari/537.36 (compatible; GoogleOther)"
216.73.216.197 - - [16/May/2026:07:26:15 +0200] "GET /sitemap-15.xml?rename=%2Fvar%2Fwww%2Fvhosts%2Fhandanhand.lu%2Fhttpdocs%2Fwp-content%2Fthemes%2FDivi%2Fcore%2Fupdates_init.php HTTP/1.1" 200 43728 "-" "Mozilla/5.0 AppleWebKit/537.36 (KHTML, like Gecko; compatible; ClaudeBot/1.0; +claudebot@anthropic.com)"
216.73.216.197 - - [16/May/2026:07:26:16 +0200] "GET /sitemap-15.xml?rename=%2Fvar%2Fwww%2Fvhosts%2Fhandanhand.lu%2Fhttpdocs%2Fwp-content%2Fthemes%2FDivi%2Fcore%2Finit.php HTTP/1.1" 200 43730 "-" "Mozilla/5.0 AppleWebKit/537.36 (KHTML, like Gecko; compatible; ClaudeBot/1.0; +claudebot@anthropic.com)"
216.73.216.197 - - [16/May/2026:07:26:14 +0200] "GET /sitemap-15.xml?rename=%2Fvar%2Fwww%2Fvhosts%2Fhandanhand.lu%2Fhttpdocs%2Fwp-content%2Fthemes%2FDivi%2Fincludes%2Fwidgets.php HTTP/1.1" 200 43718 "-" "Mozilla/5.0 AppleWebKit/537.36 (KHTML, like Gecko; compatible; ClaudeBot/1.0; +claudebot@anthropic.com)"
54.37.118.65 - - [16/May/2026:07:26:15 +0200] "GET /p=5612285 HTTP/1.1" 200 43644 "-" "Mozilla/5.0 (compatible; AhrefsBot/7.0; +http://ahrefs.com/robot/)"
216.73.216.197 - - [16/May/2026:07:26:16 +0200] "GET /sitemap-20.xml?edit=%2Fvar%2Fwww%2Fvhosts%2Fhandanhand.lu%2Fhttpdocs%2Fwp-content%2Fthemes%2FDivi%2Fcore%2F_metadata.php HTTP/1.1" 200 46740 "-" "Mozilla/5.0 AppleWebKit/537.36 (KHTML, like Gecko; compatible; ClaudeBot/1.0; +claudebot@anthropic.com)"
216.73.216.197 - - [16/May/2026:07:26:15 +0200] "GET /sitemap-15.xml?file=%2Fvar%2Fwww%2Fvhosts%2Fhandanhand.lu%2Fhttpdocs%2Fwp-content%2Fthemes%2FDivi%2Fcore%2Ffunctions.php HTTP/1.1" 404 275671 "-" "Mozilla/5.0 AppleWebKit/537.36 (KHTML, like Gecko; compatible; ClaudeBot/1.0; +claudebot@anthropic.com)"
216.73.216.197 - - [16/May/2026:07:26:17 +0200] "GET /sitemap-16.xml?edit=%2Fvar%2Fwww%2Fvhosts%2Fhandanhand.lu%2Fhttpdocs%2Fwp-content%2Fthemes%2FDivi%2Fjs%2Fscripts.min.js HTTP/1.1" 200 118940 "-" "Mozilla/5.0 AppleWebKit/537.36 (KHTML, like Gecko; compatible; ClaudeBot/1.0; +claudebot@anthropic.com)"
216.73.216.197 - - [16/May/2026:07:26:16 +0200] "GET /sitemap-20.xml?edit=%2Fvar%2Fwww%2Fvhosts%2Fhandanhand.lu%2Fhttpdocs%2Fwp-content%2Fthemes%2FDivi%2Fjs%2Fscripts.min.js HTTP/1.1" 200 118940 "-" "Mozilla/5.0 AppleWebKit/537.36 (KHTML, like Gecko; compatible; ClaudeBot/1.0; +claudebot@anthropic.com)"
216.73.216.197 - - [16/May/2026:07:26:16 +0200] "GET /sitemap-20.xml?rename=%2Fvar%2Fwww%2Fvhosts%2Fhandanhand.lu%2Fhttpdocs%2Fwp-content%2Fthemes%2FDivi%2Fincludes%2Fnavigation.php HTTP/1.1" 200 43721 "-" "Mozilla/5.0 AppleWebKit/537.36 (KHTML, like Gecko; compatible; ClaudeBot/1.0; +claudebot@anthropic.com)"
216.73.216.197 - - [16/May/2026:07:26:17 +0200] "GET /sitemap-20.xml?rename=%2Fvar%2Fwww%2Fvhosts%2Fhandanhand.lu%2Fhttpdocs%2Fwp-content%2Fthemes%2FDivi%2Fcore%2Fupdates_init.php HTTP/1.1" 200 43728 "-" "Mozilla/5.0 AppleWebKit/537.36 (KHTML, like Gecko; compatible; ClaudeBot/1.0; +claudebot@anthropic.com)"
216.73.216.197 - - [16/May/2026:07:26:17 +0200] "GET /sitemap-20.xml?file=%2Fvar%2Fwww%2Fvhosts%2Fhandanhand.lu%2Fhttpdocs%2Fwp-content%2Fthemes%2FDivi%2Fcore%2Ffunctions.php HTTP/1.1" 404 275671 "-" "Mozilla/5.0 AppleWebKit/537.36 (KHTML, like Gecko; compatible; ClaudeBot/1.0; +claudebot@anthropic.com)"
216.73.216.197 - - [16/May/2026:07:26:17 +0200] "GET /sitemap-20.xml?rename=%2Fvar%2Fwww%2Fvhosts%2Fhandanhand.lu%2Fhttpdocs%2Fwp-content%2Fthemes%2FDivi%2Fcore%2Fwp_functions.php HTTP/1.1" 200 43723 "-" "Mozilla/5.0 AppleWebKit/537.36 (KHTML, like Gecko; compatible; ClaudeBot/1.0; +claudebot@anthropic.com)"
216.73.216.197 - - [16/May/2026:07:26:16 +0200] "GET /sitemap-10.xml?edit=%2Fvar%2Fwww%2Fvhosts%2Fhandanhand.lu%2Fhttpdocs%2Fwp-content%2Fthemes%2FDivi%2Fjs%2Fscripts.min.js HTTP/1.1" 200 118940 "-" "Mozilla/5.0 AppleWebKit/537.36 (KHTML, like Gecko; compatible; ClaudeBot/1.0; +claudebot@anthropic.com)"
216.73.216.197 - - [16/May/2026:07:26:19 +0200] "GET /sitemap-15.xml?view=%2Fvar%2Fwww%2Fvhosts%2Fhandanhand.lu%2Fhttpdocs%2Fwp-content%2Fthemes%2FDivi%2Fincludes%2Fblock-editor-integration.php HTTP/1.1" 200 4814 "-" "Mozilla/5.0 AppleWebKit/537.36 (KHTML, like Gecko; compatible; ClaudeBot/1.0; +claudebot@anthropic.com)"
216.73.216.197 - - [16/May/2026:07:26:18 +0200] "GET /sitemap-15.xml?edit=%2Fvar%2Fwww%2Fvhosts%2Fhandanhand.lu%2Fhttpdocs%2Fwp-content%2Fthemes%2FDivi%2Fcore%2F_et_core_version.php HTTP/1.1" 200 43915 "-" "Mozilla/5.0 AppleWebKit/537.36 (KHTML, like Gecko; compatible; ClaudeBot/1.0; +claudebot@anthropic.com)"
176.31.139.13 - - [16/May/2026:07:26:17 +0200] "GET /p=5467407 HTTP/1.1" 200 43644 "-" "Mozilla/5.0 (compatible; AhrefsBot/7.0; +http://ahrefs.com/robot/)"
216.73.216.197 - - [16/May/2026:07:26:18 +0200] "GET /sitemap-20.xml?rename=%2Fvar%2Fwww%2Fvhosts%2Fhandanhand.lu%2Fhttpdocs%2Fwp-content%2Fthemes%2FDivi%2Fcore%2Finit.php HTTP/1.1" 200 43730 "-" "Mozilla/5.0 AppleWebKit/537.36 (KHTML, like Gecko; compatible; ClaudeBot/1.0; +claudebot@anthropic.com)"
216.73.216.197 - - [16/May/2026:07:26:18 +0200] "GET /sitemap-20.xml?edit=%2Fvar%2Fwww%2Fvhosts%2Fhandanhand.lu%2Fhttpdocs%2Fwp-content%2Fthemes%2FDivi%2Fcore%2F_et_core_version.php HTTP/1.1" 200 43915 "-" "Mozilla/5.0 AppleWebKit/537.36 (KHTML, like Gecko; compatible; ClaudeBot/1.0; +claudebot@anthropic.com)"
51.75.236.154 - - [16/May/2026:07:26:18 +0200] "GET /p=5178653 HTTP/1.1" 200 43644 "-" "Mozilla/5.0 (compatible; AhrefsBot/7.0; +http://ahrefs.com/robot/)"
216.73.216.197 - - [16/May/2026:07:26:16 +0200] "GET /sitemap-20.xml?rename=%2Fvar%2Fwww%2Fvhosts%2Fhandanhand.lu%2Fhttpdocs%2Fwp-content%2Fthemes%2FDivi%2Fincludes%2Fwidgets.php HTTP/1.1" 200 43718 "-" "Mozilla/5.0 AppleWebKit/537.36 (KHTML, like Gecko; compatible; ClaudeBot/1.0; +claudebot@anthropic.com)"
92.222.108.117 - - [16/May/2026:07:26:19 +0200] "GET /p=4923707 HTTP/1.1" 200 43644 "-" "Mozilla/5.0 (compatible; AhrefsBot/7.0; +http://ahrefs.com/robot/)"
185.191.171.3 - - [16/May/2026:07:26:18 +0200] "GET /p=3491897 HTTP/1.1" 200 43644 "-" "Mozilla/5.0 (compatible; SemrushBot/7~bl; +http://www.semrush.com/bot.html)"
5.39.1.252 - - [16/May/2026:07:26:20 +0200] "GET /p=4860145 HTTP/1.1" 200 43644 "-" "Mozilla/5.0 (compatible; AhrefsBot/7.0; +http://ahrefs.com/robot/)"
92.222.108.115 - - [16/May/2026:07:26:21 +0200] "GET /p=4792594 HTTP/1.1" 200 43644 "-" "Mozilla/5.0 (compatible; AhrefsBot/7.0; +http://ahrefs.com/robot/)"
66.249.70.69 - - [16/May/2026:07:26:22 +0200] "GET /?p=5203875 HTTP/1.1" 200 43648 "-" "Mozilla/5.0 (Linux; Android 6.0.1; Nexus 5X Build/MMB29P) AppleWebKit/537.36 (KHTML, like Gecko) Chrome/148.0.7778.96 Mobile Safari/537.36 (compatible; Googlebot/2.1; +http://www.google.com/bot.html)"
94.23.188.201 - - [16/May/2026:07:26:24 +0200] "GET /p=4599619 HTTP/1.1" 200 43644 "-" "Mozilla/5.0 (compatible; AhrefsBot/7.0; +http://ahrefs.com/robot/)"
66.249.70.69 - - [16/May/2026:07:26:24 +0200] "GET /?p=2858093 HTTP/1.1" 200 43648 "-" "Mozilla/5.0 (Linux; Android 6.0.1; Nexus 5X Build/MMB29P) AppleWebKit/537.36 (KHTML, like Gecko) Chrome/148.0.7778.96 Mobile Safari/537.36 (compatible; GoogleOther)"
92.222.108.119 - - [16/May/2026:07:26:25 +0200] "GET /p=4551261 HTTP/1.1" 200 43644 "-" "Mozilla/5.0 (compatible; AhrefsBot/7.0; +http://ahrefs.com/robot/)"
5.39.1.232 - - [16/May/2026:07:26:26 +0200] "GET /p=4409402 HTTP/1.1" 200 43644 "-" "Mozilla/5.0 (compatible; AhrefsBot/7.0; +http://ahrefs.com/robot/)"
94.23.188.209 - - [16/May/2026:07:26:27 +0200] "GET /p=4385963 HTTP/1.1" 200 43644 "-" "Mozilla/5.0 (compatible; AhrefsBot/7.0; +http://ahrefs.com/robot/)"
92.222.108.116 - - [16/May/2026:07:26:29 +0200] "GET /p=4346407 HTTP/1.1" 200 43644 "-" "Mozilla/5.0 (compatible; AhrefsBot/7.0; +http://ahrefs.com/robot/)"
66.249.70.69 - - [16/May/2026:07:26:29 +0200] "GET /?p=3007002 HTTP/1.1" 200 43648 "-" "Mozilla/5.0 (Linux; Android 6.0.1; Nexus 5X Build/MMB29P) AppleWebKit/537.36 (KHTML, like Gecko) Chrome/148.0.7778.96 Mobile Safari/537.36 (compatible; GoogleOther)"
66.249.70.69 - - [16/May/2026:07:26:30 +0200] "GET /?p=5554537 HTTP/1.1" 200 43648 "-" "Mozilla/5.0 (Linux; Android 6.0.1; Nexus 5X Build/MMB29P) AppleWebKit/537.36 (KHTML, like Gecko) Chrome/148.0.7778.96 Mobile Safari/537.36 (compatible; Googlebot/2.1; +http://www.google.com/bot.html)"
5.39.1.247 - - [16/May/2026:07:26:30 +0200] "GET /p=4125637 HTTP/1.1" 200 43644 "-" "Mozilla/5.0 (compatible; AhrefsBot/7.0; +http://ahrefs.com/robot/)"
216.73.216.197 - - [16/May/2026:07:26:31 +0200] "GET /sitemap-20.xml?file=%2Fvar%2Fwww%2Fvhosts%2Fhandanhand.lu%2Fhttpdocs%2Fwp-content%2Fthemes%2FDivi%2Fincludes%2Fbuilder HTTP/1.1" 200 43482 "-" "Mozilla/5.0 AppleWebKit/537.36 (KHTML, like Gecko; compatible; ClaudeBot/1.0; +claudebot@anthropic.com)"
216.73.216.197 - - [16/May/2026:07:26:31 +0200] "GET /?edit=%2Fvar%2Fwww%2Fvhosts%2Fhandanhand.lu%2Fhttpdocs%2Fwp-content%2Fthemes%2FDivi%2Fcloud%2Fi18n%2Flibrary%2Flayouts-long.php HTTP/1.1" 200 52772 "-" "Mozilla/5.0 AppleWebKit/537.36 (KHTML, like Gecko; compatible; ClaudeBot/1.0; +claudebot@anthropic.com)"
216.73.216.197 - - [16/May/2026:07:26:31 +0200] "GET /sitemap-16.xml?file=%2Fvar%2Fwww%2Fvhosts%2Fhandanhand.lu%2Fhttpdocs%2Fwp-content%2Fthemes%2FDivi%2Fjs%2Fsmoothscroll.js HTTP/1.1" 404 275669 "-" "Mozilla/5.0 AppleWebKit/537.36 (KHTML, like Gecko; compatible; ClaudeBot/1.0; +claudebot@anthropic.com)"
216.73.216.197 - - [16/May/2026:07:26:31 +0200] "GET /sitemap-10.xml?file=%2Fvar%2Fwww%2Fvhosts%2Fhandanhand.lu%2Fhttpdocs%2Fwp-content%2Fthemes%2FDivi%2Fjs%2Fadmin_post_settings.js HTTP/1.1" 404 275654 "-" "Mozilla/5.0 AppleWebKit/537.36 (KHTML, like Gecko; compatible; ClaudeBot/1.0; +claudebot@anthropic.com)"
216.73.216.197 - - [16/May/2026:07:26:32 +0200] "GET /?view=%2Fvar%2Fwww%2Fvhosts%2Fhandanhand.lu%2Fhttpdocs%2Fwp-content%2Fthemes%2FDivi%2Fcloud%2Fi18n%2Flibrary%2Fpacks.php HTTP/1.1" 200 4347 "-" "Mozilla/5.0 AppleWebKit/537.36 (KHTML, like Gecko; compatible; ClaudeBot/1.0; +claudebot@anthropic.com)"
216.73.216.197 - - [16/May/2026:07:26:33 +0200] "GET /?view=%2Fvar%2Fwww%2Fvhosts%2Fhandanhand.lu%2Fhttpdocs%2Fwp-content%2Fthemes%2FDivi%2Fepanel%2Fjs%2Ffunctions-init.js HTTP/1.1" 200 8118 "-" "Mozilla/5.0 AppleWebKit/537.36 (KHTML, like Gecko; compatible; ClaudeBot/1.0; +claudebot@anthropic.com)"
216.73.216.197 - - [16/May/2026:07:26:32 +0200] "GET /sitemap-15.xml?view=%2Fvar%2Fwww%2Fvhosts%2Fhandanhand.lu%2Fhttpdocs%2Fwp-content%2Fthemes%2FDivi%2Fjs%2Ftheme-customizer.js HTTP/1.1" 200 17799 "-" "Mozilla/5.0 AppleWebKit/537.36 (KHTML, like Gecko; compatible; ClaudeBot/1.0; +claudebot@anthropic.com)"
85.208.96.203 - - [16/May/2026:07:26:30 +0200] "GET /p=4185173 HTTP/1.1" 200 43644 "-" "Mozilla/5.0 (compatible; SemrushBot/7~bl; +http://www.semrush.com/bot.html)"
216.73.216.197 - - [16/May/2026:07:26:34 +0200] "GET /sitemap-10.xml?view=%2Fvar%2Fwww%2Fvhosts%2Fhandanhand.lu%2Fhttpdocs%2Fwp-content%2Fthemes%2FDivi%2Fjs%2Ftheme-customizer.js HTTP/1.1" 200 17800 "-" "Mozilla/5.0 AppleWebKit/537.36 (KHTML, like Gecko; compatible; ClaudeBot/1.0; +claudebot@anthropic.com)"
176.31.139.1 - - [16/May/2026:07:26:32 +0200] "GET /p=4071597 HTTP/1.1" 200 43644 "-" "Mozilla/5.0 (compatible; AhrefsBot/7.0; +http://ahrefs.com/robot/)"
216.73.216.197 - - [16/May/2026:07:26:31 +0200] "GET /?file=%2Fvar%2Fwww%2Fvhosts%2Fhandanhand.lu%2Fhttpdocs%2Fwp-content%2Fthemes%2Fdivi-plus-ngo%2Fjedi-apprentice HTTP/1.1" 200 50348 "-" "Mozilla/5.0 AppleWebKit/537.36 (KHTML, like Gecko; compatible; ClaudeBot/1.0; +claudebot@anthropic.com)"
216.73.216.197 - - [16/May/2026:07:26:31 +0200] "GET /sitemap-20.xml?file=%2Fvar%2Fwww%2Fvhosts%2Fhandanhand.lu%2Fhttpdocs%2Fwp-content%2Fthemes%2FDivi%2Fcore%2Fcomponents HTTP/1.1" 200 43033 "-" "Mozilla/5.0 AppleWebKit/537.36 (KHTML, like Gecko; compatible; ClaudeBot/1.0; +claudebot@anthropic.com)"
216.73.216.197 - - [16/May/2026:07:26:32 +0200] "GET /sitemap-15.xml?edit=%2Fvar%2Fwww%2Fvhosts%2Fhandanhand.lu%2Fhttpdocs%2Fwp-content%2Fthemes%2FDivi%2Fjs%2Fmenu_fix.js HTTP/1.1" 200 44286 "-" "Mozilla/5.0 AppleWebKit/537.36 (KHTML, like Gecko; compatible; ClaudeBot/1.0; +claudebot@anthropic.com)"
216.73.216.197 - - [16/May/2026:07:26:31 +0200] "GET /sitemap-20.xml?file=%2Fvar%2Fwww%2Fvhosts%2Fhandanhand.lu%2Fhttpdocs%2Fwp-content%2Fthemes%2FDivi%2Fjs%2Fadmin_post_settings.js HTTP/1.1" 404 275654 "-" "Mozilla/5.0 AppleWebKit/537.36 (KHTML, like Gecko; compatible; ClaudeBot/1.0; +claudebot@anthropic.com)"
216.73.216.197 - - [16/May/2026:07:26:34 +0200] "GET /sitemap-20.xml?view=%2Fvar%2Fwww%2Fvhosts%2Fhandanhand.lu%2Fhttpdocs%2Fwp-content%2Fthemes%2FDivi%2Fjs%2Ftheme-customizer.js HTTP/1.1" 200 17799 "-" "Mozilla/5.0 AppleWebKit/537.36 (KHTML, like Gecko; compatible; ClaudeBot/1.0; +claudebot@anthropic.com)"
216.73.216.197 - - [16/May/2026:07:26:35 +0200] "GET /sitemap-16.xml?view=%2Fvar%2Fwww%2Fvhosts%2Fhandanhand.lu%2Fhttpdocs%2Fwp-content%2Fthemes%2FDivi%2Fjs%2Ftheme-customizer.js HTTP/1.1" 200 17800 "-" "Mozilla/5.0 AppleWebKit/537.36 (KHTML, like Gecko; compatible; ClaudeBot/1.0; +claudebot@anthropic.com)"
216.73.216.197 - - [16/May/2026:07:26:31 +0200] "GET /sitemap-16.xml?file=%2Fvar%2Fwww%2Fvhosts%2Fhandanhand.lu%2Fhttpdocs%2Fwp-content%2Fthemes%2FDivi%2Fjs%2Fadmin_post_settings.js HTTP/1.1" 404 275654 "-" "Mozilla/5.0 AppleWebKit/537.36 (KHTML, like Gecko; compatible; ClaudeBot/1.0; +claudebot@anthropic.com)"
216.73.216.197 - - [16/May/2026:07:26:33 +0200] "GET /?file=%2Fvar%2Fwww%2Fvhosts%2Fhandanhand.lu%2Fhttpdocs%2Fwp-content%2Fthemes%2Fdivi-plus-ngo%2Fstyle.css HTTP/1.1" 200 50183 "-" "Mozilla/5.0 AppleWebKit/537.36 (KHTML, like Gecko; compatible; ClaudeBot/1.0; +claudebot@anthropic.com)"
216.73.216.197 - - [16/May/2026:07:26:33 +0200] "GET /sitemap-15.xml?edit=%2Fvar%2Fwww%2Fvhosts%2Fhandanhand.lu%2Fhttpdocs%2Fwp-content%2Fthemes%2FDivi%2Fjs%2Ftheme-customizer-controls.js HTTP/1.1" 200 47449 "-" "Mozilla/5.0 AppleWebKit/537.36 (KHTML, like Gecko; compatible; ClaudeBot/1.0; +claudebot@anthropic.com)"
216.73.216.197 - - [16/May/2026:07:26:35 +0200] "GET /sitemap-10.xml?edit=%2Fvar%2Fwww%2Fvhosts%2Fhandanhand.lu%2Fhttpdocs%2Fwp-content%2Fthemes%2FDivi%2Fjs%2Fmenu_fix.js HTTP/1.1" 200 44286 "-" "Mozilla/5.0 AppleWebKit/537.36 (KHTML, like Gecko; compatible; ClaudeBot/1.0; +claudebot@anthropic.com)"
216.73.216.197 - - [16/May/2026:07:26:35 +0200] "GET /sitemap-15.xml?file=%2Fvar%2Fwww%2Fvhosts%2Fhandanhand.lu%2Fhttpdocs%2Fwp-content%2Fthemes%2FDivi%2Fcore%2Fadmin HTTP/1.1" 404 276235 "-" "Mozilla/5.0 AppleWebKit/537.36 (KHTML, like Gecko; compatible; ClaudeBot/1.0; +claudebot@anthropic.com)"
216.73.216.197 - - [16/May/2026:07:26:34 +0200] "GET /sitemap-20.xml?edit=%2Fvar%2Fwww%2Fvhosts%2Fhandanhand.lu%2Fhttpdocs%2Fwp-content%2Fthemes%2FDivi%2Fjs%2Fmenu_fix.js HTTP/1.1" 200 44286 "-" "Mozilla/5.0 AppleWebKit/537.36 (KHTML, like Gecko; compatible; ClaudeBot/1.0; +claudebot@anthropic.com)"
216.73.216.197 - - [16/May/2026:07:26:36 +0200] "GET /sitemap-15.xml?view=%2Fvar%2Fwww%2Fvhosts%2Fhandanhand.lu%2Fhttpdocs%2Fwp-content%2Fthemes%2FDivi%2Fjs%2Fsmoothscroll.js HTTP/1.1" 200 6547 "-" "Mozilla/5.0 AppleWebKit/537.36 (KHTML, like Gecko; compatible; ClaudeBot/1.0; +claudebot@anthropic.com)"
216.73.216.197 - - [16/May/2026:07:26:35 +0200] "GET /sitemap-10.xml?edit=%2Fvar%2Fwww%2Fvhosts%2Fhandanhand.lu%2Fhttpdocs%2Fwp-content%2Fthemes%2FDivi%2Fjs%2Ftheme-customizer-controls.js HTTP/1.1" 200 47449 "-" "Mozilla/5.0 AppleWebKit/537.36 (KHTML, like Gecko; compatible; ClaudeBot/1.0; +claudebot@anthropic.com)"
216.73.216.197 - - [16/May/2026:07:26:36 +0200] "GET /sitemap-16.xml?edit=%2Fvar%2Fwww%2Fvhosts%2Fhandanhand.lu%2Fhttpdocs%2Fwp-content%2Fthemes%2FDivi%2Fjs%2Ftheme-customizer-controls.js HTTP/1.1" 200 47449 "-" "Mozilla/5.0 AppleWebKit/537.36 (KHTML, like Gecko; compatible; ClaudeBot/1.0; +claudebot@anthropic.com)"
5.39.1.227 - - [16/May/2026:07:26:34 +0200] "GET /p=3906561 HTTP/1.1" 200 43644 "-" "Mozilla/5.0 (compatible; AhrefsBot/7.0; +http://ahrefs.com/robot/)"
216.73.216.197 - - [16/May/2026:07:26:37 +0200] "GET /sitemap-20.xml?view=%2Fvar%2Fwww%2Fvhosts%2Fhandanhand.lu%2Fhttpdocs%2Fwp-content%2Fthemes%2FDivi%2Fjs%2Fsmoothscroll.js HTTP/1.1" 200 6547 "-" "Mozilla/5.0 AppleWebKit/537.36 (KHTML, like Gecko; compatible; ClaudeBot/1.0; +claudebot@anthropic.com)"
216.73.216.197 - - [16/May/2026:07:26:36 +0200] "GET /sitemap-20.xml?file=%2Fvar%2Fwww%2Fvhosts%2Fhandanhand.lu%2Fhttpdocs%2Fwp-content%2Fthemes%2FDivi%2Fcore%2Fadmin HTTP/1.1" 404 276235 "-" "Mozilla/5.0 AppleWebKit/537.36 (KHTML, like Gecko; compatible; ClaudeBot/1.0; +claudebot@anthropic.com)"
216.73.216.197 - - [16/May/2026:07:26:35 +0200] "GET /sitemap-16.xml?edit=%2Fvar%2Fwww%2Fvhosts%2Fhandanhand.lu%2Fhttpdocs%2Fwp-content%2Fthemes%2FDivi%2Fjs%2Fmenu_fix.js HTTP/1.1" 200 44283 "-" "Mozilla/5.0 AppleWebKit/537.36 (KHTML, like Gecko; compatible; ClaudeBot/1.0; +claudebot@anthropic.com)"
216.73.216.197 - - [16/May/2026:07:26:36 +0200] "GET /?file=%2Fvar%2Fwww%2Fvhosts%2Fhandanhand.lu%2Fhttpdocs%2Fwp-content%2Fthemes%2FDivi%2Fcommon%2Fstories%2Fcontrols%2Finput HTTP/1.1" 200 50349 "-" "Mozilla/5.0 AppleWebKit/537.36 (KHTML, like Gecko; compatible; ClaudeBot/1.0; +claudebot@anthropic.com)"
216.73.216.197 - - [16/May/2026:07:26:36 +0200] "GET /sitemap-15.xml?rename=%2Fvar%2Fwww%2Fvhosts%2Fhandanhand.lu%2Fhttpdocs%2Fwp-content%2Fthemes%2FDivi%2Fcore%2F_metadata.php HTTP/1.1" 200 43726 "-" "Mozilla/5.0 AppleWebKit/537.36 (KHTML, like Gecko; compatible; ClaudeBot/1.0; +claudebot@anthropic.com)"
216.73.216.197 - - [16/May/2026:07:26:35 +0200] "GET /sitemap-20.xml?edit=%2Fvar%2Fwww%2Fvhosts%2Fhandanhand.lu%2Fhttpdocs%2Fwp-content%2Fthemes%2FDivi%2Fjs%2Ftheme-customizer-controls.js HTTP/1.1" 200 47449 "-" "Mozilla/5.0 AppleWebKit/537.36 (KHTML, like Gecko; compatible; ClaudeBot/1.0; +claudebot@anthropic.com)"
216.73.216.197 - - [16/May/2026:07:26:36 +0200] "GET /sitemap-15.xml?view=%2Fvar%2Fwww%2Fvhosts%2Fhandanhand.lu%2Fhttpdocs%2Fwp-content%2Fthemes%2FDivi%2Fjs%2Fadmin_post_settings.js HTTP/1.1" 200 4693 "-" "Mozilla/5.0 AppleWebKit/537.36 (KHTML, like Gecko; compatible; ClaudeBot/1.0; +claudebot@anthropic.com)"
216.73.216.197 - - [16/May/2026:07:26:37 +0200] "GET /sitemap-16.xml?view=%2Fvar%2Fwww%2Fvhosts%2Fhandanhand.lu%2Fhttpdocs%2Fwp-content%2Fthemes%2FDivi%2Fjs%2Fsmoothscroll.js HTTP/1.1" 200 6547 "-" "Mozilla/5.0 AppleWebKit/537.36 (KHTML, like Gecko; compatible; ClaudeBot/1.0; +claudebot@anthropic.com)"
92.222.108.125 - - [16/May/2026:07:26:37 +0200] "GET /p=3296448 HTTP/1.1" 200 43644 "-" "Mozilla/5.0 (compatible; AhrefsBot/7.0; +http://ahrefs.com/robot/)"
216.73.216.197 - - [16/May/2026:07:26:37 +0200] "GET /sitemap-10.xml?view=%2Fvar%2Fwww%2Fvhosts%2Fhandanhand.lu%2Fhttpdocs%2Fwp-content%2Fthemes%2FDivi%2Fjs%2Fsmoothscroll.js HTTP/1.1" 200 6547 "-" "Mozilla/5.0 AppleWebKit/537.36 (KHTML, like Gecko; compatible; ClaudeBot/1.0; +claudebot@anthropic.com)"
216.73.216.197 - - [16/May/2026:07:26:37 +0200] "GET /sitemap-15.xml?edit=%2Fvar%2Fwww%2Fvhosts%2Fhandanhand.lu%2Fhttpdocs%2Fwp-content%2Fthemes%2FDivi%2Fjs%2Ftheme-customizer.js HTTP/1.1" 200 58340 "-" "Mozilla/5.0 AppleWebKit/537.36 (KHTML, like Gecko; compatible; ClaudeBot/1.0; +claudebot@anthropic.com)"
216.73.216.197 - - [16/May/2026:07:26:37 +0200] "GET /?file=%2Fvar%2Fwww%2Fvhosts%2Fhandanhand.lu%2Fhttpdocs%2Fwp-content%2Fthemes%2Ftwentytwentyfive%2Fassets%2Fcss HTTP/1.1" 200 50288 "-" "Mozilla/5.0 AppleWebKit/537.36 (KHTML, like Gecko; compatible; ClaudeBot/1.0; +claudebot@anthropic.com)"
51.75.236.141 - - [16/May/2026:07:26:36 +0200] "GET /p=3775880 HTTP/1.1" 200 43644 "-" "Mozilla/5.0 (compatible; AhrefsBot/7.0; +http://ahrefs.com/robot/)"
216.73.216.197 - - [16/May/2026:07:26:36 +0200] "GET /sitemap-15.xml?rename=%2Fvar%2Fwww%2Fvhosts%2Fhandanhand.lu%2Fhttpdocs%2Fwp-content%2Fthemes%2FDivi%2Fjs%2Fscripts.min.js HTTP/1.1" 200 43725 "-" "Mozilla/5.0 AppleWebKit/537.36 (KHTML, like Gecko; compatible; ClaudeBot/1.0; +claudebot@anthropic.com)"
216.73.216.197 - - [16/May/2026:07:26:38 +0200] "GET /sitemap-10.xml?view=%2Fvar%2Fwww%2Fvhosts%2Fhandanhand.lu%2Fhttpdocs%2Fwp-content%2Fthemes%2FDivi%2Fjs%2Fadmin_post_settings.js HTTP/1.1" 200 4693 "-" "Mozilla/5.0 AppleWebKit/537.36 (KHTML, like Gecko; compatible; ClaudeBot/1.0; +claudebot@anthropic.com)"
216.73.216.197 - - [16/May/2026:07:26:38 +0200] "GET /sitemap-20.xml?rename=%2Fvar%2Fwww%2Fvhosts%2Fhandanhand.lu%2Fhttpdocs%2Fwp-content%2Fthemes%2FDivi%2Fcore%2F_metadata.php HTTP/1.1" 200 43726 "-" "Mozilla/5.0 AppleWebKit/537.36 (KHTML, like Gecko; compatible; ClaudeBot/1.0; +claudebot@anthropic.com)"
216.73.216.197 - - [16/May/2026:07:26:38 +0200] "GET /sitemap-20.xml?rename=%2Fvar%2Fwww%2Fvhosts%2Fhandanhand.lu%2Fhttpdocs%2Fwp-content%2Fthemes%2FDivi%2Fjs%2Fscripts.min.js HTTP/1.1" 200 43725 "-" "Mozilla/5.0 AppleWebKit/537.36 (KHTML, like Gecko; compatible; ClaudeBot/1.0; +claudebot@anthropic.com)"
216.73.216.197 - - [16/May/2026:07:26:39 +0200] "GET /sitemap-16.xml?view=%2Fvar%2Fwww%2Fvhosts%2Fhandanhand.lu%2Fhttpdocs%2Fwp-content%2Fthemes%2FDivi%2Fjs%2Fadmin_post_settings.js HTTP/1.1" 200 4693 "-" "Mozilla/5.0 AppleWebKit/537.36 (KHTML, like Gecko; compatible; ClaudeBot/1.0; +claudebot@anthropic.com)"
216.73.216.197 - - [16/May/2026:07:26:39 +0200] "GET /?view=%2Fvar%2Fwww%2Fvhosts%2Fhandanhand.lu%2Fhttpdocs%2Fwp-content%2Fthemes%2Fdivi-plus-ngo%2Fstyle.css HTTP/1.1" 200 4173 "-" "Mozilla/5.0 AppleWebKit/537.36 (KHTML, like Gecko; compatible; ClaudeBot/1.0; +claudebot@anthropic.com)"
216.73.216.197 - - [16/May/2026:07:26:38 +0200] "GET /?rename=%2Fvar%2Fwww%2Fvhosts%2Fhandanhand.lu%2Fhttpdocs%2Fwp-content%2Fthemes%2Fdivi-plus-ngo%2Ffunctions.php HTTP/1.1" 200 51197 "-" "Mozilla/5.0 AppleWebKit/537.36 (KHTML, like Gecko; compatible; ClaudeBot/1.0; +claudebot@anthropic.com)"
66.249.70.69 - - [16/May/2026:07:26:38 +0200] "GET /?p=6223272 HTTP/1.1" 200 43648 "-" "Mozilla/5.0 (Linux; Android 6.0.1; Nexus 5X Build/MMB29P) AppleWebKit/537.36 (KHTML, like Gecko) Chrome/148.0.7778.96 Mobile Safari/537.36 (compatible; Googlebot/2.1; +http://www.google.com/bot.html)"
216.73.216.197 - - [16/May/2026:07:26:39 +0200] "GET /sitemap-16.xml?rename=%2Fvar%2Fwww%2Fvhosts%2Fhandanhand.lu%2Fhttpdocs%2Fwp-content%2Fthemes%2FDivi%2Fjs%2Fscripts.min.js HTTP/1.1" 200 43725 "-" "Mozilla/5.0 AppleWebKit/537.36 (KHTML, like Gecko; compatible; ClaudeBot/1.0; +claudebot@anthropic.com)"
216.73.216.197 - - [16/May/2026:07:26:39 +0200] "GET /sitemap-20.xml?edit=%2Fvar%2Fwww%2Fvhosts%2Fhandanhand.lu%2Fhttpdocs%2Fwp-content%2Fthemes%2FDivi%2Fjs%2Ftheme-customizer.js HTTP/1.1" 200 58342 "-" "Mozilla/5.0 AppleWebKit/537.36 (KHTML, like Gecko; compatible; ClaudeBot/1.0; +claudebot@anthropic.com)"
54.37.118.72 - - [16/May/2026:07:26:39 +0200] "GET /p=3611935 HTTP/1.1" 200 43644 "-" "Mozilla/5.0 (compatible; AhrefsBot/7.0; +http://ahrefs.com/robot/)"
216.73.216.197 - - [16/May/2026:07:26:39 +0200] "GET /sitemap-10.xml?edit=%2Fvar%2Fwww%2Fvhosts%2Fhandanhand.lu%2Fhttpdocs%2Fwp-content%2Fthemes%2FDivi%2Fjs%2Ftheme-customizer.js HTTP/1.1" 200 58340 "-" "Mozilla/5.0 AppleWebKit/537.36 (KHTML, like Gecko; compatible; ClaudeBot/1.0; +claudebot@anthropic.com)"
216.73.216.197 - - [16/May/2026:07:26:38 +0200] "GET /sitemap-15.xml?file=%2Fvar%2Fwww%2Fvhosts%2Fhandanhand.lu%2Fhttpdocs%2Fwp-content%2Fthemes%2FDivi%2Fcore%2Fjson-data HTTP/1.1" 404 276233 "-" "Mozilla/5.0 AppleWebKit/537.36 (KHTML, like Gecko; compatible; ClaudeBot/1.0; +claudebot@anthropic.com)"
66.249.77.165 - - [16/May/2026:07:26:40 +0200] "GET /?p=5383271 HTTP/1.1" 200 5335 "-" "Mozilla/5.0 (Linux; Android 6.0.1; Nexus 5X Build/MMB29P) AppleWebKit/537.36 (KHTML, like Gecko) Chrome/148.0.7778.96 Mobile Safari/537.36 (compatible; Googlebot/2.1; +http://www.google.com/bot.html)"
216.73.216.197 - - [16/May/2026:07:26:38 +0200] "GET /sitemap-20.xml?view=%2Fvar%2Fwww%2Fvhosts%2Fhandanhand.lu%2Fhttpdocs%2Fwp-content%2Fthemes%2FDivi%2Fjs%2Fadmin_post_settings.js HTTP/1.1" 200 4693 "-" "Mozilla/5.0 AppleWebKit/537.36 (KHTML, like Gecko; compatible; ClaudeBot/1.0; +claudebot@anthropic.com)"
216.73.216.197 - - [16/May/2026:07:26:39 +0200] "GET /sitemap-15.xml?rename=%2Fvar%2Fwww%2Fvhosts%2Fhandanhand.lu%2Fhttpdocs%2Fwp-content%2Fthemes%2FDivi%2Fcore%2F_et_core_version.php HTTP/1.1" 200 43731 "-" "Mozilla/5.0 AppleWebKit/537.36 (KHTML, like Gecko; compatible; ClaudeBot/1.0; +claudebot@anthropic.com)"
216.73.216.197 - - [16/May/2026:07:26:40 +0200] "GET /?edit=%2Fvar%2Fwww%2Fvhosts%2Fhandanhand.lu%2Fhttpdocs%2Fwp-content%2Fthemes%2FDivi%2Fcloud%2Fi18n%2Flibrary%2Fpacks.php HTTP/1.1" 200 51593 "-" "Mozilla/5.0 AppleWebKit/537.36 (KHTML, like Gecko; compatible; ClaudeBot/1.0; +claudebot@anthropic.com)"
216.73.216.197 - - [16/May/2026:07:26:40 +0200] "GET /sitemap-20.xml?rename=%2Fvar%2Fwww%2Fvhosts%2Fhandanhand.lu%2Fhttpdocs%2Fwp-content%2Fthemes%2FDivi%2Fcore%2F_et_core_version.php HTTP/1.1" 200 43731 "-" "Mozilla/5.0 AppleWebKit/537.36 (KHTML, like Gecko; compatible; ClaudeBot/1.0; +claudebot@anthropic.com)"
216.73.216.197 - - [16/May/2026:07:26:39 +0200] "GET /sitemap-16.xml?edit=%2Fvar%2Fwww%2Fvhosts%2Fhandanhand.lu%2Fhttpdocs%2Fwp-content%2Fthemes%2FDivi%2Fjs%2Ftheme-customizer.js HTTP/1.1" 200 58340 "-" "Mozilla/5.0 AppleWebKit/537.36 (KHTML, like Gecko; compatible; ClaudeBot/1.0; +claudebot@anthropic.com)"
216.73.216.197 - - [16/May/2026:07:26:38 +0200] "GET /sitemap-10.xml?rename=%2Fvar%2Fwww%2Fvhosts%2Fhandanhand.lu%2Fhttpdocs%2Fwp-content%2Fthemes%2FDivi%2Fjs%2Fscripts.min.js HTTP/1.1" 200 43725 "-" "Mozilla/5.0 AppleWebKit/537.36 (KHTML, like Gecko; compatible; ClaudeBot/1.0; +claudebot@anthropic.com)"
216.73.216.197 - - [16/May/2026:07:26:40 +0200] "GET /?edit=%2Fvar%2Fwww%2Fvhosts%2Fhandanhand.lu%2Fhttpdocs%2Fwp-content%2Fthemes%2FDivi%2Fepanel%2Fjs%2Ffunctions-init.js HTTP/1.1" 200 55466 "-" "Mozilla/5.0 AppleWebKit/537.36 (KHTML, like Gecko; compatible; ClaudeBot/1.0; +claudebot@anthropic.com)"
216.73.216.197 - - [16/May/2026:07:26:40 +0200] "GET /sitemap-15.xml?edit=%2Fvar%2Fwww%2Fvhosts%2Fhandanhand.lu%2Fhttpdocs%2Fwp-content%2Fthemes%2FDivi%2Fjs%2Fsmoothscroll.js HTTP/1.1" 200 46320 "-" "Mozilla/5.0 AppleWebKit/537.36 (KHTML, like Gecko; compatible; ClaudeBot/1.0; +claudebot@anthropic.com)"
216.73.216.197 - - [16/May/2026:07:26:40 +0200] "GET /?file=%2Fvar%2Fwww%2Fvhosts%2Fhandanhand.lu%2Fhttpdocs%2Fwp-content%2Fthemes%2FDivi%2Fcloud%2Fi18n%2Flibrary%2Fcategories.php HTTP/1.1" 200 50190 "-" "Mozilla/5.0 AppleWebKit/537.36 (KHTML, like Gecko; compatible; ClaudeBot/1.0; +claudebot@anthropic.com)"
216.73.216.197 - - [16/May/2026:07:26:41 +0200] "GET /sitemap-15.xml?file=%2Fvar%2Fwww%2Fvhosts%2Fhandanhand.lu%2Fhttpdocs%2Fwp-content%2Fthemes%2FDivi%2Fincludes%2Fmodule-customizer HTTP/1.1" 404 276282 "-" "Mozilla/5.0 AppleWebKit/537.36 (KHTML, like Gecko; compatible; ClaudeBot/1.0; +claudebot@anthropic.com)"
216.73.216.197 - - [16/May/2026:07:26:39 +0200] "GET /sitemap-20.xml?file=%2Fvar%2Fwww%2Fvhosts%2Fhandanhand.lu%2Fhttpdocs%2Fwp-content%2Fthemes%2FDivi%2Fcore%2Fjson-data HTTP/1.1" 404 276233 "-" "Mozilla/5.0 AppleWebKit/537.36 (KHTML, like Gecko; compatible; ClaudeBot/1.0; +claudebot@anthropic.com)"
54.37.118.71 - - [16/May/2026:07:26:41 +0200] "GET /p=3472243 HTTP/1.1" 200 43644 "-" "Mozilla/5.0 (compatible; AhrefsBot/7.0; +http://ahrefs.com/robot/)"
66.249.70.69 - - [16/May/2026:07:26:43 +0200] "GET /?p=3864656 HTTP/1.1" 200 43648 "-" "Mozilla/5.0 (Linux; Android 6.0.1; Nexus 5X Build/MMB29P) AppleWebKit/537.36 (KHTML, like Gecko) Chrome/148.0.7778.96 Mobile Safari/537.36 (compatible; Googlebot/2.1; +http://www.google.com/bot.html)"
85.208.96.206 - - [16/May/2026:07:26:45 +0200] "GET /p=4515258 HTTP/1.1" 200 43644 "-" "Mozilla/5.0 (compatible; SemrushBot/7~bl; +http://www.semrush.com/bot.html)"
66.249.70.69 - - [16/May/2026:07:26:46 +0200] "GET /?p=6254155 HTTP/1.1" 200 43648 "-" "Mozilla/5.0 (Linux; Android 6.0.1; Nexus 5X Build/MMB29P) AppleWebKit/537.36 (KHTML, like Gecko) Chrome/148.0.7778.96 Mobile Safari/537.36 (compatible; Googlebot/2.1; +http://www.google.com/bot.html)"
51.68.247.198 - - [16/May/2026:07:26:46 +0200] "GET /p=3204658 HTTP/1.1" 200 43644 "-" "Mozilla/5.0 (compatible; AhrefsBot/7.0; +http://ahrefs.com/robot/)"
94.23.188.219 - - [16/May/2026:07:26:47 +0200] "GET /p=5279250 HTTP/1.1" 200 43644 "-" "Mozilla/5.0 (compatible; AhrefsBot/7.0; +http://ahrefs.com/robot/)"
66.249.70.69 - - [16/May/2026:07:26:47 +0200] "GET /?p=5699878 HTTP/1.1" 200 43648 "-" "Mozilla/5.0 (Linux; Android 6.0.1; Nexus 5X Build/MMB29P) AppleWebKit/537.36 (KHTML, like Gecko) Chrome/148.0.7778.96 Mobile Safari/537.36 (compatible; Googlebot/2.1; +http://www.google.com/bot.html)"
92.222.108.109 - - [16/May/2026:07:26:51 +0200] "GET /p=3192565 HTTP/1.1" 200 43644 "-" "Mozilla/5.0 (compatible; AhrefsBot/7.0; +http://ahrefs.com/robot/)"
51.75.236.131 - - [16/May/2026:07:26:53 +0200] "GET /p=4662676 HTTP/1.1" 200 43644 "-" "Mozilla/5.0 (compatible; AhrefsBot/7.0; +http://ahrefs.com/robot/)"
5.39.1.241 - - [16/May/2026:07:26:54 +0200] "GET /p=3192161 HTTP/1.1" 200 43644 "-" "Mozilla/5.0 (compatible; AhrefsBot/7.0; +http://ahrefs.com/robot/)"
66.249.70.69 - - [16/May/2026:07:26:55 +0200] "GET /?p=5969767 HTTP/1.1" 200 43648 "-" "Mozilla/5.0 (Linux; Android 6.0.1; Nexus 5X Build/MMB29P) AppleWebKit/537.36 (KHTML, like Gecko) Chrome/148.0.7778.96 Mobile Safari/537.36 (compatible; Googlebot/2.1; +http://www.google.com/bot.html)"
92.222.104.192 - - [16/May/2026:07:26:59 +0200] "GET /p=3149446 HTTP/1.1" 200 43644 "-" "Mozilla/5.0 (compatible; AhrefsBot/7.0; +http://ahrefs.com/robot/)"
216.73.216.197 - - [16/May/2026:07:27:01 +0200] "GET /sitemap-15.xml?view=%2Fvar%2Fwww%2Fvhosts%2Fhandanhand.lu%2Fhttpdocs%2Fwp-content%2Fthemes%2FDivi%2Fjs%2Fcustom.js HTTP/1.1" 200 39898 "-" "Mozilla/5.0 AppleWebKit/537.36 (KHTML, like Gecko; compatible; ClaudeBot/1.0; +claudebot@anthropic.com)"
216.73.216.197 - - [16/May/2026:07:27:01 +0200] "GET /sitemap-16.xml?file=%2Fvar%2Fwww%2Fvhosts%2Fhandanhand.lu%2Fhttpdocs%2Fwp-content%2Fthemes%2FDivi%2Fjs%2Fmenu_fix.js HTTP/1.1" 404 275665 "-" "Mozilla/5.0 AppleWebKit/537.36 (KHTML, like Gecko; compatible; ClaudeBot/1.0; +claudebot@anthropic.com)"
216.73.216.197 - - [16/May/2026:07:27:01 +0200] "GET /sitemap-15.xml?file=%2Fvar%2Fwww%2Fvhosts%2Fhandanhand.lu%2Fhttpdocs%2Fwp-content%2Fthemes%2FDivi%2Fjs%2Ftheme-customizer-controls.js HTTP/1.1" 404 275682 "-" "Mozilla/5.0 AppleWebKit/537.36 (KHTML, like Gecko; compatible; ClaudeBot/1.0; +claudebot@anthropic.com)"
216.73.216.197 - - [16/May/2026:07:27:01 +0200] "GET /sitemap-15.xml?rename=%2Fvar%2Fwww%2Fvhosts%2Fhandanhand.lu%2Fhttpdocs%2Fwp-content%2Fthemes%2FDivi%2Fjs%2Fsmoothscroll.js HTTP/1.1" 200 43727 "-" "Mozilla/5.0 AppleWebKit/537.36 (KHTML, like Gecko; compatible; ClaudeBot/1.0; +claudebot@anthropic.com)"
216.73.216.197 - - [16/May/2026:07:27:01 +0200] "GET /?edit=%2Fvar%2Fwww%2Fvhosts%2Fhandanhand.lu%2Fhttpdocs%2Fwp-content%2Fthemes%2Ftwentytwentyfive%2Fparts%2Fheader.html HTTP/1.1" 200 51297 "-" "Mozilla/5.0 AppleWebKit/537.36 (KHTML, like Gecko; compatible; ClaudeBot/1.0; +claudebot@anthropic.com)"
216.73.216.197 - - [16/May/2026:07:27:01 +0200] "GET /?edit=%2Fvar%2Fwww%2Fvhosts%2Fhandanhand.lu%2Fhttpdocs%2Fwp-content%2Fthemes%2Ftwentytwentythree%2Fstyles%2Fmarigold.json HTTP/1.1" 200 52477 "-" "Mozilla/5.0 AppleWebKit/537.36 (KHTML, like Gecko; compatible; ClaudeBot/1.0; +claudebot@anthropic.com)"
216.73.216.197 - - [16/May/2026:07:27:01 +0200] "GET /?edit=%2Fvar%2Fwww%2Fvhosts%2Fhandanhand.lu%2Fhttpdocs%2Fwp-content%2Fthemes%2Ftwentytwentythree%2Fstyles%2Felectric.json HTTP/1.1" 200 51672 "-" "Mozilla/5.0 AppleWebKit/537.36 (KHTML, like Gecko; compatible; ClaudeBot/1.0; +claudebot@anthropic.com)"
216.73.216.197 - - [16/May/2026:07:27:01 +0200] "GET /sitemap-20.xml?view=%2Fvar%2Fwww%2Fvhosts%2Fhandanhand.lu%2Fhttpdocs%2Fwp-content%2Fthemes%2FDivi%2Fjs%2Fcustom.js HTTP/1.1" 200 39898 "-" "Mozilla/5.0 AppleWebKit/537.36 (KHTML, like Gecko; compatible; ClaudeBot/1.0; +claudebot@anthropic.com)"
