216.73.216.197 - - [16/May/2026:07:27:02 +0200] "GET /sitemap-10.xml?view=%2Fvar%2Fwww%2Fvhosts%2Fhandanhand.lu%2Fhttpdocs%2Fwp-content%2Fthemes%2FDivi%2Fjs%2Fcustom.js HTTP/1.1" 200 39898 "-" "Mozilla/5.0 AppleWebKit/537.36 (KHTML, like Gecko; compatible; ClaudeBot/1.0; +claudebot@anthropic.com)"
216.73.216.197 - - [16/May/2026:07:27:02 +0200] "GET /sitemap-16.xml?view=%2Fvar%2Fwww%2Fvhosts%2Fhandanhand.lu%2Fhttpdocs%2Fwp-content%2Fthemes%2FDivi%2Fjs%2Fcustom.js HTTP/1.1" 200 39898 "-" "Mozilla/5.0 AppleWebKit/537.36 (KHTML, like Gecko; compatible; ClaudeBot/1.0; +claudebot@anthropic.com)"
216.73.216.197 - - [16/May/2026:07:27:01 +0200] "GET /sitemap-15.xml?edit=%2Fvar%2Fwww%2Fvhosts%2Fhandanhand.lu%2Fhttpdocs%2Fwp-content%2Fthemes%2FDivi%2Fincludes%2Fno-results.php HTTP/1.1" 200 43987 "-" "Mozilla/5.0 AppleWebKit/537.36 (KHTML, like Gecko; compatible; ClaudeBot/1.0; +claudebot@anthropic.com)"
216.73.216.197 - - [16/May/2026:07:27:01 +0200] "GET /sitemap-20.xml?file=%2Fvar%2Fwww%2Fvhosts%2Fhandanhand.lu%2Fhttpdocs%2Fwp-content%2Fthemes%2FDivi%2Fjs%2Ftheme-customizer-controls.js HTTP/1.1" 404 275682 "-" "Mozilla/5.0 AppleWebKit/537.36 (KHTML, like Gecko; compatible; ClaudeBot/1.0; +claudebot@anthropic.com)"
216.73.216.197 - - [16/May/2026:07:27:01 +0200] "GET /sitemap-10.xml?file=%2Fvar%2Fwww%2Fvhosts%2Fhandanhand.lu%2Fhttpdocs%2Fwp-content%2Fthemes%2FDivi%2Fjs%2Ftheme-customizer-controls.js HTTP/1.1" 404 275682 "-" "Mozilla/5.0 AppleWebKit/537.36 (KHTML, like Gecko; compatible; ClaudeBot/1.0; +claudebot@anthropic.com)"
92.222.104.203 - - [16/May/2026:07:27:01 +0200] "GET /p=3066716 HTTP/1.1" 200 43644 "-" "Mozilla/5.0 (compatible; AhrefsBot/7.0; +http://ahrefs.com/robot/)"
216.73.216.197 - - [16/May/2026:07:27:02 +0200] "GET /sitemap-16.xml?file=%2Fvar%2Fwww%2Fvhosts%2Fhandanhand.lu%2Fhttpdocs%2Fwp-content%2Fthemes%2FDivi%2Fjs%2Ftheme-customizer-controls.js HTTP/1.1" 404 275682 "-" "Mozilla/5.0 AppleWebKit/537.36 (KHTML, like Gecko; compatible; ClaudeBot/1.0; +claudebot@anthropic.com)"
216.73.216.197 - - [16/May/2026:07:27:03 +0200] "GET /sitemap-10.xml?rename=%2Fvar%2Fwww%2Fvhosts%2Fhandanhand.lu%2Fhttpdocs%2Fwp-content%2Fthemes%2FDivi%2Fjs%2Fsmoothscroll.js HTTP/1.1" 200 43727 "-" "Mozilla/5.0 AppleWebKit/537.36 (KHTML, like Gecko; compatible; ClaudeBot/1.0; +claudebot@anthropic.com)"
216.73.216.197 - - [16/May/2026:07:27:03 +0200] "GET /sitemap-16.xml?rename=%2Fvar%2Fwww%2Fvhosts%2Fhandanhand.lu%2Fhttpdocs%2Fwp-content%2Fthemes%2FDivi%2Fjs%2Fsmoothscroll.js HTTP/1.1" 200 43727 "-" "Mozilla/5.0 AppleWebKit/537.36 (KHTML, like Gecko; compatible; ClaudeBot/1.0; +claudebot@anthropic.com)"
216.73.216.197 - - [16/May/2026:07:27:03 +0200] "GET /?edit=%2Fvar%2Fwww%2Fvhosts%2Fhandanhand.lu%2Fhttpdocs%2Fwp-content%2Fthemes%2FDivi%2Fcloud%2Fi18n%2Flibrary%2Flayouts-short.php HTTP/1.1" 200 51720 "-" "Mozilla/5.0 AppleWebKit/537.36 (KHTML, like Gecko; compatible; ClaudeBot/1.0; +claudebot@anthropic.com)"
216.73.216.197 - - [16/May/2026:07:27:02 +0200] "GET /sitemap-20.xml?rename=%2Fvar%2Fwww%2Fvhosts%2Fhandanhand.lu%2Fhttpdocs%2Fwp-content%2Fthemes%2FDivi%2Fjs%2Fsmoothscroll.js HTTP/1.1" 200 43727 "-" "Mozilla/5.0 AppleWebKit/537.36 (KHTML, like Gecko; compatible; ClaudeBot/1.0; +claudebot@anthropic.com)"
216.73.216.197 - - [16/May/2026:07:27:03 +0200] "GET /sitemap-15.xml?file=%2Fvar%2Fwww%2Fvhosts%2Fhandanhand.lu%2Fhttpdocs%2Fwp-content%2Fthemes%2FDivi%2Fincludes%2Ffunctions HTTP/1.1" 404 279087 "-" "Mozilla/5.0 AppleWebKit/537.36 (KHTML, like Gecko; compatible; ClaudeBot/1.0; +claudebot@anthropic.com)"
216.73.216.197 - - [16/May/2026:07:27:03 +0200] "GET /sitemap-20.xml?edit=%2Fvar%2Fwww%2Fvhosts%2Fhandanhand.lu%2Fhttpdocs%2Fwp-content%2Fthemes%2FDivi%2Fincludes%2Fno-results.php HTTP/1.1" 200 43987 "-" "Mozilla/5.0 AppleWebKit/537.36 (KHTML, like Gecko; compatible; ClaudeBot/1.0; +claudebot@anthropic.com)"
66.249.70.69 - - [16/May/2026:07:27:04 +0200] "GET /?p=5704246 HTTP/1.1" 200 43648 "-" "Mozilla/5.0 (Linux; Android 6.0.1; Nexus 5X Build/MMB29P) AppleWebKit/537.36 (KHTML, like Gecko) Chrome/148.0.7778.96 Mobile Safari/537.36 (compatible; Googlebot/2.1; +http://www.google.com/bot.html)"
216.73.216.197 - - [16/May/2026:07:27:04 +0200] "GET /sitemap-10.xml?rename=%2Fvar%2Fwww%2Fvhosts%2Fhandanhand.lu%2Fhttpdocs%2Fwp-content%2Fthemes%2FDivi%2Fjs%2Fadmin_post_settings.js HTTP/1.1" 200 43731 "-" "Mozilla/5.0 AppleWebKit/537.36 (KHTML, like Gecko; compatible; ClaudeBot/1.0; +claudebot@anthropic.com)"
216.73.216.197 - - [16/May/2026:07:27:03 +0200] "GET /?view=%2Fvar%2Fwww%2Fvhosts%2Fhandanhand.lu%2Fhttpdocs%2Fwp-content%2Fthemes%2FDivi%2Fcloud%2Fi18n%2Flibrary%2Flayouts-long.php HTTP/1.1" 200 5269 "-" "Mozilla/5.0 AppleWebKit/537.36 (KHTML, like Gecko; compatible; ClaudeBot/1.0; +claudebot@anthropic.com)"
216.73.216.197 - - [16/May/2026:07:27:05 +0200] "GET /sitemap-16.xml?rename=%2Fvar%2Fwww%2Fvhosts%2Fhandanhand.lu%2Fhttpdocs%2Fwp-content%2Fthemes%2FDivi%2Fjs%2Fadmin_post_settings.js HTTP/1.1" 200 43731 "-" "Mozilla/5.0 AppleWebKit/537.36 (KHTML, like Gecko; compatible; ClaudeBot/1.0; +claudebot@anthropic.com)"
216.73.216.197 - - [16/May/2026:07:27:04 +0200] "GET /sitemap-15.xml?file=%2Fvar%2Fwww%2Fvhosts%2Fhandanhand.lu%2Fhttpdocs%2Fwp-content%2Fthemes%2FDivi%2Fjs%2Ftheme-customizer.js HTTP/1.1" 404 275673 "-" "Mozilla/5.0 AppleWebKit/537.36 (KHTML, like Gecko; compatible; ClaudeBot/1.0; +claudebot@anthropic.com)"
216.73.216.197 - - [16/May/2026:07:27:04 +0200] "GET /sitemap-20.xml?rename=%2Fvar%2Fwww%2Fvhosts%2Fhandanhand.lu%2Fhttpdocs%2Fwp-content%2Fthemes%2FDivi%2Fjs%2Fadmin_post_settings.js HTTP/1.1" 200 43731 "-" "Mozilla/5.0 AppleWebKit/537.36 (KHTML, like Gecko; compatible; ClaudeBot/1.0; +claudebot@anthropic.com)"
216.73.216.197 - - [16/May/2026:07:27:05 +0200] "GET /?edit=%2Fvar%2Fwww%2Fvhosts%2Fhandanhand.lu%2Fhttpdocs%2Fwp-content%2Fthemes%2Ftwentytwentythree%2Fstyles%2Fblock-out.json HTTP/1.1" 200 52106 "-" "Mozilla/5.0 AppleWebKit/537.36 (KHTML, like Gecko; compatible; ClaudeBot/1.0; +claudebot@anthropic.com)"
216.73.216.197 - - [16/May/2026:07:27:05 +0200] "GET /sitemap-15.xml?file=%2Fvar%2Fwww%2Fvhosts%2Fhandanhand.lu%2Fhttpdocs%2Fwp-content%2Fthemes%2FDivi%2Fincludes%2Fwidgets HTTP/1.1" 404 277358 "-" "Mozilla/5.0 AppleWebKit/537.36 (KHTML, like Gecko; compatible; ClaudeBot/1.0; +claudebot@anthropic.com)"
216.73.216.197 - - [16/May/2026:07:27:04 +0200] "GET /?edit=%2Fvar%2Fwww%2Fvhosts%2Fhandanhand.lu%2Fhttpdocs%2Fwp-content%2Fthemes%2Ftwentytwentytwo%2Fstyles%2Fblue.json HTTP/1.1" 200 51890 "-" "Mozilla/5.0 AppleWebKit/537.36 (KHTML, like Gecko; compatible; ClaudeBot/1.0; +claudebot@anthropic.com)"
216.73.216.197 - - [16/May/2026:07:27:03 +0200] "GET /sitemap-15.xml?rename=%2Fvar%2Fwww%2Fvhosts%2Fhandanhand.lu%2Fhttpdocs%2Fwp-content%2Fthemes%2FDivi%2Fjs%2Fadmin_post_settings.js HTTP/1.1" 200 43723 "-" "Mozilla/5.0 AppleWebKit/537.36 (KHTML, like Gecko; compatible; ClaudeBot/1.0; +claudebot@anthropic.com)"
216.73.216.197 - - [16/May/2026:07:27:06 +0200] "GET /sitemap-10.xml?file=%2Fvar%2Fwww%2Fvhosts%2Fhandanhand.lu%2Fhttpdocs%2Fwp-content%2Fthemes%2FDivi%2Fjs%2Ftheme-customizer.js HTTP/1.1" 404 275673 "-" "Mozilla/5.0 AppleWebKit/537.36 (KHTML, like Gecko; compatible; ClaudeBot/1.0; +claudebot@anthropic.com)"
216.73.216.197 - - [16/May/2026:07:27:05 +0200] "GET /sitemap-20.xml?file=%2Fvar%2Fwww%2Fvhosts%2Fhandanhand.lu%2Fhttpdocs%2Fwp-content%2Fthemes%2FDivi%2Fjs%2Ftheme-customizer.js HTTP/1.1" 404 275673 "-" "Mozilla/5.0 AppleWebKit/537.36 (KHTML, like Gecko; compatible; ClaudeBot/1.0; +claudebot@anthropic.com)"
66.249.70.71 - - [16/May/2026:07:27:04 +0200] "GET /?p=2988149 HTTP/1.1" 200 43648 "-" "Mozilla/5.0 (Linux; Android 6.0.1; Nexus 5X Build/MMB29P) AppleWebKit/537.36 (KHTML, like Gecko) Chrome/148.0.7778.96 Mobile Safari/537.36 (compatible; Googlebot/2.1; +http://www.google.com/bot.html)"
216.73.216.197 - - [16/May/2026:07:27:06 +0200] "GET /sitemap-15.xml?edit=%2Fvar%2Fwww%2Fvhosts%2Fhandanhand.lu%2Fhttpdocs%2Fwp-content%2Fthemes%2FDivi%2Fjs%2Fcustom.js HTTP/1.1" 200 80432 "-" "Mozilla/5.0 AppleWebKit/537.36 (KHTML, like Gecko; compatible; ClaudeBot/1.0; +claudebot@anthropic.com)"
216.73.216.197 - - [16/May/2026:07:27:06 +0200] "GET /sitemap-16.xml?file=%2Fvar%2Fwww%2Fvhosts%2Fhandanhand.lu%2Fhttpdocs%2Fwp-content%2Fthemes%2FDivi%2Fjs%2Ftheme-customizer.js HTTP/1.1" 404 275673 "-" "Mozilla/5.0 AppleWebKit/537.36 (KHTML, like Gecko; compatible; ClaudeBot/1.0; +claudebot@anthropic.com)"
216.73.216.197 - - [16/May/2026:07:27:06 +0200] "GET /sitemap-15.xml?view=%2Fvar%2Fwww%2Fvhosts%2Fhandanhand.lu%2Fhttpdocs%2Fwp-content%2Fthemes%2FDivi%2Fjs%2Fmenu_fix.js HTTP/1.1" 200 4489 "-" "Mozilla/5.0 AppleWebKit/537.36 (KHTML, like Gecko; compatible; ClaudeBot/1.0; +claudebot@anthropic.com)"
216.73.216.197 - - [16/May/2026:07:27:08 +0200] "GET /sitemap-20.xml?view=%2Fvar%2Fwww%2Fvhosts%2Fhandanhand.lu%2Fhttpdocs%2Fwp-content%2Fthemes%2FDivi%2Fjs%2Fmenu_fix.js HTTP/1.1" 200 4489 "-" "Mozilla/5.0 AppleWebKit/537.36 (KHTML, like Gecko; compatible; ClaudeBot/1.0; +claudebot@anthropic.com)"
216.73.216.197 - - [16/May/2026:07:27:07 +0200] "GET /sitemap-20.xml?file=%2Fvar%2Fwww%2Fvhosts%2Fhandanhand.lu%2Fhttpdocs%2Fwp-content%2Fthemes%2FDivi%2Fincludes%2Fwidgets HTTP/1.1" 404 277358 "-" "Mozilla/5.0 AppleWebKit/537.36 (KHTML, like Gecko; compatible; ClaudeBot/1.0; +claudebot@anthropic.com)"
216.73.216.197 - - [16/May/2026:07:27:07 +0200] "GET /?file=%2Fvar%2Fwww%2Fvhosts%2Fhandanhand.lu%2Fhttpdocs%2Fwp-content%2Fthemes%2FDivi%2Fcloud%2Fi18n%2Flibrary%2Fpacks.php HTTP/1.1" 200 50186 "-" "Mozilla/5.0 AppleWebKit/537.36 (KHTML, like Gecko; compatible; ClaudeBot/1.0; +claudebot@anthropic.com)"
66.249.70.70 - - [16/May/2026:07:27:07 +0200] "GET /?p=6235683 HTTP/1.1" 200 43648 "-" "Mozilla/5.0 (Linux; Android 6.0.1; Nexus 5X Build/MMB29P) AppleWebKit/537.36 (KHTML, like Gecko) Chrome/148.0.7778.96 Mobile Safari/537.36 (compatible; GoogleOther)"
216.73.216.197 - - [16/May/2026:07:27:07 +0200] "GET /sitemap-20.xml?edit=%2Fvar%2Fwww%2Fvhosts%2Fhandanhand.lu%2Fhttpdocs%2Fwp-content%2Fthemes%2FDivi%2Fjs%2Fcustom.js HTTP/1.1" 200 80434 "-" "Mozilla/5.0 AppleWebKit/537.36 (KHTML, like Gecko; compatible; ClaudeBot/1.0; +claudebot@anthropic.com)"
216.73.216.197 - - [16/May/2026:07:27:05 +0200] "GET /sitemap-20.xml?file=%2Fvar%2Fwww%2Fvhosts%2Fhandanhand.lu%2Fhttpdocs%2Fwp-content%2Fthemes%2FDivi%2Fincludes%2Ffunctions HTTP/1.1" 404 279087 "-" "Mozilla/5.0 AppleWebKit/537.36 (KHTML, like Gecko; compatible; ClaudeBot/1.0; +claudebot@anthropic.com)"
216.73.216.197 - - [16/May/2026:07:27:08 +0200] "GET /sitemap-15.xml?view=%2Fvar%2Fwww%2Fvhosts%2Fhandanhand.lu%2Fhttpdocs%2Fwp-content%2Fthemes%2FDivi%2Fjs%2Ftheme-customizer-controls.js HTTP/1.1" 200 7657 "-" "Mozilla/5.0 AppleWebKit/537.36 (KHTML, like Gecko; compatible; ClaudeBot/1.0; +claudebot@anthropic.com)"
216.73.216.197 - - [16/May/2026:07:27:07 +0200] "GET /?edit=%2Fvar%2Fwww%2Fvhosts%2Fhandanhand.lu%2Fhttpdocs%2Fwp-content%2Fthemes%2Ftwentytwentythree%2Fstyles%2Fpilgrimage.json HTTP/1.1" 200 52207 "-" "Mozilla/5.0 AppleWebKit/537.36 (KHTML, like Gecko; compatible; ClaudeBot/1.0; +claudebot@anthropic.com)"
216.73.216.197 - - [16/May/2026:07:27:05 +0200] "GET /?edit=%2Fvar%2Fwww%2Fvhosts%2Fhandanhand.lu%2Fhttpdocs%2Fwp-content%2Fthemes%2FDivi%2Fepanel%2Fjs%2Fcheckbox.js HTTP/1.1" 200 52249 "-" "Mozilla/5.0 AppleWebKit/537.36 (KHTML, like Gecko; compatible; ClaudeBot/1.0; +claudebot@anthropic.com)"
216.73.216.197 - - [16/May/2026:07:27:09 +0200] "GET /sitemap-16.xml?view=%2Fvar%2Fwww%2Fvhosts%2Fhandanhand.lu%2Fhttpdocs%2Fwp-content%2Fthemes%2FDivi%2Fjs%2Fmenu_fix.js HTTP/1.1" 200 4489 "-" "Mozilla/5.0 AppleWebKit/537.36 (KHTML, like Gecko; compatible; ClaudeBot/1.0; +claudebot@anthropic.com)"
54.37.118.81 - - [16/May/2026:07:27:08 +0200] "GET /p=2659325 HTTP/1.1" 200 43644 "-" "Mozilla/5.0 (compatible; AhrefsBot/7.0; +http://ahrefs.com/robot/)"
65.108.68.121 - - [16/May/2026:07:27:08 +0200] "POST /wp-cron.php?doing_wp_cron=1778909228.0397410392761230468750 HTTP/1.1" 200 5396 "-" "WordPress/6.9.4; https://handanhand.lu"
216.73.216.197 - - [16/May/2026:07:27:09 +0200] "GET /sitemap-20.xml?view=%2Fvar%2Fwww%2Fvhosts%2Fhandanhand.lu%2Fhttpdocs%2Fwp-content%2Fthemes%2FDivi%2Fjs%2Ftheme-customizer-controls.js HTTP/1.1" 200 7657 "-" "Mozilla/5.0 AppleWebKit/537.36 (KHTML, like Gecko; compatible; ClaudeBot/1.0; +claudebot@anthropic.com)"
216.73.216.197 - - [16/May/2026:07:27:08 +0200] "GET /sitemap-10.xml?view=%2Fvar%2Fwww%2Fvhosts%2Fhandanhand.lu%2Fhttpdocs%2Fwp-content%2Fthemes%2FDivi%2Fjs%2Fmenu_fix.js HTTP/1.1" 200 4489 "-" "Mozilla/5.0 AppleWebKit/537.36 (KHTML, like Gecko; compatible; ClaudeBot/1.0; +claudebot@anthropic.com)"
216.73.216.197 - - [16/May/2026:07:27:09 +0200] "GET /sitemap-10.xml?view=%2Fvar%2Fwww%2Fvhosts%2Fhandanhand.lu%2Fhttpdocs%2Fwp-content%2Fthemes%2FDivi%2Fjs%2Ftheme-customizer-controls.js HTTP/1.1" 200 7657 "-" "Mozilla/5.0 AppleWebKit/537.36 (KHTML, like Gecko; compatible; ClaudeBot/1.0; +claudebot@anthropic.com)"
216.73.216.197 - - [16/May/2026:07:27:09 +0200] "GET /sitemap-16.xml?edit=%2Fvar%2Fwww%2Fvhosts%2Fhandanhand.lu%2Fhttpdocs%2Fwp-content%2Fthemes%2FDivi%2Fjs%2Fcustom.js HTTP/1.1" 200 80432 "-" "Mozilla/5.0 AppleWebKit/537.36 (KHTML, like Gecko; compatible; ClaudeBot/1.0; +claudebot@anthropic.com)"
216.73.216.197 - - [16/May/2026:07:27:09 +0200] "GET /sitemap-15.xml?file=%2Fvar%2Fwww%2Fvhosts%2Fhandanhand.lu%2Fhttpdocs%2Fwp-content%2Fthemes%2FDivi%2Fjs%2Fsmoothscroll.js HTTP/1.1" 404 275669 "-" "Mozilla/5.0 AppleWebKit/537.36 (KHTML, like Gecko; compatible; ClaudeBot/1.0; +claudebot@anthropic.com)"
216.73.216.197 - - [16/May/2026:07:27:08 +0200] "GET /?file=%2Fvar%2Fwww%2Fvhosts%2Fhandanhand.lu%2Fhttpdocs%2Fwp-content%2Fthemes%2FDivi%2Fepanel%2Fjs%2Ffunctions-init.js HTTP/1.1" 200 50181 "-" "Mozilla/5.0 AppleWebKit/537.36 (KHTML, like Gecko; compatible; ClaudeBot/1.0; +claudebot@anthropic.com)"
216.73.216.197 - - [16/May/2026:07:27:08 +0200] "GET /sitemap-10.xml?edit=%2Fvar%2Fwww%2Fvhosts%2Fhandanhand.lu%2Fhttpdocs%2Fwp-content%2Fthemes%2FDivi%2Fjs%2Fcustom.js HTTP/1.1" 200 80432 "-" "Mozilla/5.0 AppleWebKit/537.36 (KHTML, like Gecko; compatible; ClaudeBot/1.0; +claudebot@anthropic.com)"
216.73.216.197 - - [16/May/2026:07:27:09 +0200] "GET /sitemap-15.xml?file=%2Fvar%2Fwww%2Fvhosts%2Fhandanhand.lu%2Fhttpdocs%2Fwp-content%2Fthemes%2FDivi%2Fincludes%2Fbuilder HTTP/1.1" 200 43482 "-" "Mozilla/5.0 AppleWebKit/537.36 (KHTML, like Gecko; compatible; ClaudeBot/1.0; +claudebot@anthropic.com)"
216.73.216.197 - - [16/May/2026:07:27:09 +0200] "GET /sitemap-15.xml?file=%2Fvar%2Fwww%2Fvhosts%2Fhandanhand.lu%2Fhttpdocs%2Fwp-content%2Fthemes%2FDivi%2Fcore%2Fcomponents HTTP/1.1" 200 43033 "-" "Mozilla/5.0 AppleWebKit/537.36 (KHTML, like Gecko; compatible; ClaudeBot/1.0; +claudebot@anthropic.com)"
216.73.216.197 - - [16/May/2026:07:27:09 +0200] "GET /sitemap-16.xml?view=%2Fvar%2Fwww%2Fvhosts%2Fhandanhand.lu%2Fhttpdocs%2Fwp-content%2Fthemes%2FDivi%2Fjs%2Ftheme-customizer-controls.js HTTP/1.1" 200 7657 "-" "Mozilla/5.0 AppleWebKit/537.36 (KHTML, like Gecko; compatible; ClaudeBot/1.0; +claudebot@anthropic.com)"
216.73.216.197 - - [16/May/2026:07:27:10 +0200] "GET /sitemap-15.xml?file=%2Fvar%2Fwww%2Fvhosts%2Fhandanhand.lu%2Fhttpdocs%2Fwp-content%2Fthemes%2FDivi%2Fjs%2Fadmin_post_settings.js HTTP/1.1" 404 275654 "-" "Mozilla/5.0 AppleWebKit/537.36 (KHTML, like Gecko; compatible; ClaudeBot/1.0; +claudebot@anthropic.com)"
216.73.216.197 - - [16/May/2026:07:27:09 +0200] "GET /sitemap-20.xml?file=%2Fvar%2Fwww%2Fvhosts%2Fhandanhand.lu%2Fhttpdocs%2Fwp-content%2Fthemes%2FDivi%2Fjs%2Fsmoothscroll.js HTTP/1.1" 404 275669 "-" "Mozilla/5.0 AppleWebKit/537.36 (KHTML, like Gecko; compatible; ClaudeBot/1.0; +claudebot@anthropic.com)"
216.73.216.197 - - [16/May/2026:07:27:10 +0200] "GET /sitemap-10.xml?file=%2Fvar%2Fwww%2Fvhosts%2Fhandanhand.lu%2Fhttpdocs%2Fwp-content%2Fthemes%2FDivi%2Fjs%2Fsmoothscroll.js HTTP/1.1" 404 275669 "-" "Mozilla/5.0 AppleWebKit/537.36 (KHTML, like Gecko; compatible; ClaudeBot/1.0; +claudebot@anthropic.com)"
216.73.216.197 - - [16/May/2026:07:27:11 +0200] "GET /%22%20.%20esc_url(%20%22http:/feeds.feedburner.com/~fc/%7B$name%7D?view=%2Fvar%2Fwww%2Fvhosts%2Fhandanhand.lu%2Fhttpdocs%2Fwp-content%2Fthemes%2FDivi%2Fheader.php HTTP/1.1" 200 7025 "-" "Mozilla/5.0 AppleWebKit/537.36 (KHTML, like Gecko; compatible; ClaudeBot/1.0; +claudebot@anthropic.com)"
92.222.108.120 - - [16/May/2026:07:27:10 +0200] "GET /p=2604374 HTTP/1.1" 200 43644 "-" "Mozilla/5.0 (compatible; AhrefsBot/7.0; +http://ahrefs.com/robot/)"
216.73.216.197 - - [16/May/2026:07:27:11 +0200] "GET /sitemap-15.xml?edit=%2Fvar%2Fwww%2Fvhosts%2Fhandanhand.lu%2Fhttpdocs%2Fwp-content%2Fthemes%2FDivi%2Fincludes%2Fsocial_icons.php HTTP/1.1" 200 44122 "-" "Mozilla/5.0 AppleWebKit/537.36 (KHTML, like Gecko; compatible; ClaudeBot/1.0; +claudebot@anthropic.com)"
216.73.216.197 - - [16/May/2026:07:27:11 +0200] "GET /%22%20.%20esc_url(%20%22http:/feeds.feedburner.com/~fc/%7B$name%7D?edit=%2Fvar%2Fwww%2Fvhosts%2Fhandanhand.lu%2Fhttpdocs%2Fwp-content%2Fthemes%2FDivi%2Ffunctions.php HTTP/1.1" 200 53433 "-" "Mozilla/5.0 AppleWebKit/537.36 (KHTML, like Gecko; compatible; ClaudeBot/1.0; +claudebot@anthropic.com)"
216.73.216.197 - - [16/May/2026:07:27:11 +0200] "GET /?edit=%2Fvar%2Fwww%2Fvhosts%2Fhandanhand.lu%2Fhttpdocs%2Fwp-content%2Fthemes%2Ftwentytwentyfour%2Fparts%2Fheader.html HTTP/1.1" 200 51608 "-" "Mozilla/5.0 AppleWebKit/537.36 (KHTML, like Gecko; compatible; ClaudeBot/1.0; +claudebot@anthropic.com)"
216.73.216.197 - - [16/May/2026:07:27:11 +0200] "GET /sitemap-20.xml?file=%2Fvar%2Fwww%2Fvhosts%2Fhandanhand.lu%2Fhttpdocs%2Fwp-content%2Fthemes%2FDivi%2Fincludes%2Fno-results.php HTTP/1.1" 404 275680 "-" "Mozilla/5.0 AppleWebKit/537.36 (KHTML, like Gecko; compatible; ClaudeBot/1.0; +claudebot@anthropic.com)"
216.73.216.197 - - [16/May/2026:07:27:12 +0200] "GET /?view=%2Fvar%2Fwww%2Fvhosts%2Fhandanhand.lu%2Fhttpdocs%2Fwp-content%2Fthemes%2Ftwentytwentythree%2Fstyles%2Fmarigold.json HTTP/1.1" 200 5238 "-" "Mozilla/5.0 AppleWebKit/537.36 (KHTML, like Gecko; compatible; ClaudeBot/1.0; +claudebot@anthropic.com)"
66.249.70.70 - - [16/May/2026:07:27:11 +0200] "GET /?p=3504660 HTTP/1.1" 200 43648 "-" "Mozilla/5.0 (Linux; Android 6.0.1; Nexus 5X Build/MMB29P) AppleWebKit/537.36 (KHTML, like Gecko) Chrome/148.0.7778.96 Mobile Safari/537.36 (compatible; GoogleOther)"
216.73.216.197 - - [16/May/2026:07:27:11 +0200] "GET /sitemap-20.xml?edit=%2Fvar%2Fwww%2Fvhosts%2Fhandanhand.lu%2Fhttpdocs%2Fwp-content%2Fthemes%2FDivi%2Fincludes%2Fsocial_icons.php HTTP/1.1" 200 44122 "-" "Mozilla/5.0 AppleWebKit/537.36 (KHTML, like Gecko; compatible; ClaudeBot/1.0; +claudebot@anthropic.com)"
216.73.216.197 - - [16/May/2026:07:27:11 +0200] "GET /?view=%2Fvar%2Fwww%2Fvhosts%2Fhandanhand.lu%2Fhttpdocs%2Fwp-content%2Fthemes%2Ftwentytwentythree%2Fstyles%2Fgrapes.json HTTP/1.1" 200 4503 "-" "Mozilla/5.0 AppleWebKit/537.36 (KHTML, like Gecko; compatible; ClaudeBot/1.0; +claudebot@anthropic.com)"
216.73.216.197 - - [16/May/2026:07:27:12 +0200] "GET /?view=%2Fvar%2Fwww%2Fvhosts%2Fhandanhand.lu%2Fhttpdocs%2Fwp-content%2Fthemes%2FDivi%2Fepanel%2Fjs%2Fcustom_uploader.js HTTP/1.1" 200 4386 "-" "Mozilla/5.0 AppleWebKit/537.36 (KHTML, like Gecko; compatible; ClaudeBot/1.0; +claudebot@anthropic.com)"
216.73.216.197 - - [16/May/2026:07:27:11 +0200] "GET /?file=%2Fvar%2Fwww%2Fvhosts%2Fhandanhand.lu%2Fhttpdocs%2Fwp-content%2Fthemes%2FDivi%2Fcloud%2Fi18n%2Flibrary%2Flayouts-short.php HTTP/1.1" 200 50194 "-" "Mozilla/5.0 AppleWebKit/537.36 (KHTML, like Gecko; compatible; ClaudeBot/1.0; +claudebot@anthropic.com)"
216.73.216.197 - - [16/May/2026:07:27:11 +0200] "GET /?file=%2Fvar%2Fwww%2Fvhosts%2Fhandanhand.lu%2Fhttpdocs%2Fwp-content%2Fthemes%2Ftwentytwentytwo%2Fstyles%2Fblue.json HTTP/1.1" 200 50183 "-" "Mozilla/5.0 AppleWebKit/537.36 (KHTML, like Gecko; compatible; ClaudeBot/1.0; +claudebot@anthropic.com)"
216.73.216.197 - - [16/May/2026:07:27:12 +0200] "GET /?view=%2Fvar%2Fwww%2Fvhosts%2Fhandanhand.lu%2Fhttpdocs%2Fwp-content%2Fthemes%2Ftwentytwentytwo%2Fstyles%2Fpink.json HTTP/1.1" 200 4926 "-" "Mozilla/5.0 AppleWebKit/537.36 (KHTML, like Gecko; compatible; ClaudeBot/1.0; +claudebot@anthropic.com)"
216.73.216.197 - - [16/May/2026:07:27:13 +0200] "GET /?view=%2Fvar%2Fwww%2Fvhosts%2Fhandanhand.lu%2Fhttpdocs%2Fwp-content%2Fthemes%2Ftwentytwentyfive%2Fparts%2Fheader.html HTTP/1.1" 200 4015 "-" "Mozilla/5.0 AppleWebKit/537.36 (KHTML, like Gecko; compatible; ClaudeBot/1.0; +claudebot@anthropic.com)"
216.73.216.197 - - [16/May/2026:07:27:12 +0200] "GET /?edit=%2Fvar%2Fwww%2Fvhosts%2Fhandanhand.lu%2Fhttpdocs%2Fwp-content%2Fthemes%2Ftwentytwentytwo%2Fstyles%2Fswiss.json HTTP/1.1" 200 51924 "-" "Mozilla/5.0 AppleWebKit/537.36 (KHTML, like Gecko; compatible; ClaudeBot/1.0; +claudebot@anthropic.com)"
216.73.216.197 - - [16/May/2026:07:27:13 +0200] "GET /%22%20.%20esc_url(%20%22http:/feeds.feedburner.com/~fc/%7B$name%7D?edit=%2Fvar%2Fwww%2Fvhosts%2Fhandanhand.lu%2Fhttpdocs%2Fwp-content%2Fthemes%2FDivi%2Fcomments.php HTTP/1.1" 200 6443 "-" "Mozilla/5.0 AppleWebKit/537.36 (KHTML, like Gecko; compatible; ClaudeBot/1.0; +claudebot@anthropic.com)"
66.249.70.69 - - [16/May/2026:07:27:12 +0200] "GET /?p=5686953 HTTP/1.1" 200 43648 "-" "Mozilla/5.0 (Linux; Android 6.0.1; Nexus 5X Build/MMB29P) AppleWebKit/537.36 (KHTML, like Gecko) Chrome/148.0.7778.96 Mobile Safari/537.36 (compatible; Googlebot/2.1; +http://www.google.com/bot.html)"
66.249.70.70 - - [16/May/2026:07:27:12 +0200] "GET /?p=4307217 HTTP/1.1" 200 43628 "-" "Mozilla/5.0 (Linux; Android 6.0.1; Nexus 5X Build/MMB29P) AppleWebKit/537.36 (KHTML, like Gecko) Chrome/148.0.7778.96 Mobile Safari/537.36 (compatible; Googlebot/2.1; +http://www.google.com/bot.html)"
216.73.216.197 - - [16/May/2026:07:27:12 +0200] "GET /?file=%2Fvar%2Fwww%2Fvhosts%2Fhandanhand.lu%2Fhttpdocs%2Fwp-content%2Fthemes%2FDivi%2Fepanel%2Fjs%2Fcheckbox.js HTTP/1.1" 200 50178 "-" "Mozilla/5.0 AppleWebKit/537.36 (KHTML, like Gecko; compatible; ClaudeBot/1.0; +claudebot@anthropic.com)"
216.73.216.197 - - [16/May/2026:07:27:13 +0200] "GET /?view=%2Fvar%2Fwww%2Fvhosts%2Fhandanhand.lu%2Fhttpdocs%2Fwp-content%2Fthemes%2Ftwentytwentythree%2Fstyles%2Felectric.json HTTP/1.1" 200 4483 "-" "Mozilla/5.0 AppleWebKit/537.36 (KHTML, like Gecko; compatible; ClaudeBot/1.0; +claudebot@anthropic.com)"
5.39.1.228 - - [16/May/2026:07:27:13 +0200] "GET /p=6304389 HTTP/1.1" 200 43644 "-" "Mozilla/5.0 (compatible; AhrefsBot/7.0; +http://ahrefs.com/robot/)"
216.73.216.197 - - [16/May/2026:07:27:13 +0200] "GET /sitemap-15.xml?rename=%2Fvar%2Fwww%2Fvhosts%2Fhandanhand.lu%2Fhttpdocs%2Fwp-content%2Fthemes%2FDivi%2Fjs%2Fmenu_fix.js HTTP/1.1" 200 43731 "-" "Mozilla/5.0 AppleWebKit/537.36 (KHTML, like Gecko; compatible; ClaudeBot/1.0; +claudebot@anthropic.com)"
216.73.216.197 - - [16/May/2026:07:27:13 +0200] "GET /sitemap-15.xml?file=%2Fvar%2Fwww%2Fvhosts%2Fhandanhand.lu%2Fhttpdocs%2Fwp-content%2Fthemes%2FDivi%2Fjs%2Fcustom.js HTTP/1.1" 404 275663 "-" "Mozilla/5.0 AppleWebKit/537.36 (KHTML, like Gecko; compatible; ClaudeBot/1.0; +claudebot@anthropic.com)"
216.73.216.197 - - [16/May/2026:07:27:14 +0200] "GET /%22%20.%20esc_url(%20%22http:/feeds.feedburner.com/~fc/%7B$name%7D?view=%2Fvar%2Fwww%2Fvhosts%2Fhandanhand.lu%2Fhttpdocs%2Fwp-content%2Fthemes%2FDivi%2Ftheme-header.php HTTP/1.1" 200 6696 "-" "Mozilla/5.0 AppleWebKit/537.36 (KHTML, like Gecko; compatible; ClaudeBot/1.0; +claudebot@anthropic.com)"
216.73.216.197 - - [16/May/2026:07:27:14 +0200] "GET /sitemap-10.xml?rename=%2Fvar%2Fwww%2Fvhosts%2Fhandanhand.lu%2Fhttpdocs%2Fwp-content%2Fthemes%2FDivi%2Fjs%2Fmenu_fix.js HTTP/1.1" 200 43731 "-" "Mozilla/5.0 AppleWebKit/537.36 (KHTML, like Gecko; compatible; ClaudeBot/1.0; +claudebot@anthropic.com)"
216.73.216.197 - - [16/May/2026:07:27:14 +0200] "GET /sitemap-20.xml?file=%2Fvar%2Fwww%2Fvhosts%2Fhandanhand.lu%2Fhttpdocs%2Fwp-content%2Fthemes%2FDivi%2Fjs%2Fcustom.js HTTP/1.1" 404 275663 "-" "Mozilla/5.0 AppleWebKit/537.36 (KHTML, like Gecko; compatible; ClaudeBot/1.0; +claudebot@anthropic.com)"
216.73.216.197 - - [16/May/2026:07:27:14 +0200] "GET /sitemap-16.xml?rename=%2Fvar%2Fwww%2Fvhosts%2Fhandanhand.lu%2Fhttpdocs%2Fwp-content%2Fthemes%2FDivi%2Fjs%2Fmenu_fix.js HTTP/1.1" 200 43731 "-" "Mozilla/5.0 AppleWebKit/537.36 (KHTML, like Gecko; compatible; ClaudeBot/1.0; +claudebot@anthropic.com)"
216.73.216.197 - - [16/May/2026:07:27:14 +0200] "GET /sitemap-10.xml?file=%2Fvar%2Fwww%2Fvhosts%2Fhandanhand.lu%2Fhttpdocs%2Fwp-content%2Fthemes%2FDivi%2Fjs%2Fcustom.js HTTP/1.1" 404 275663 "-" "Mozilla/5.0 AppleWebKit/537.36 (KHTML, like Gecko; compatible; ClaudeBot/1.0; +claudebot@anthropic.com)"
216.73.216.197 - - [16/May/2026:07:27:13 +0200] "GET /?file=%2Fvar%2Fwww%2Fvhosts%2Fhandanhand.lu%2Fhttpdocs%2Fwp-content%2Fthemes%2Ftwentytwentythree%2Fstyles%2Fpilgrimage.json HTTP/1.1" 200 50192 "-" "Mozilla/5.0 AppleWebKit/537.36 (KHTML, like Gecko; compatible; ClaudeBot/1.0; +claudebot@anthropic.com)"
216.73.216.197 - - [16/May/2026:07:27:14 +0200] "GET /sitemap-15.xml?rename=%2Fvar%2Fwww%2Fvhosts%2Fhandanhand.lu%2Fhttpdocs%2Fwp-content%2Fthemes%2FDivi%2Fjs%2Ftheme-customizer-controls.js HTTP/1.1" 200 43738 "-" "Mozilla/5.0 AppleWebKit/537.36 (KHTML, like Gecko; compatible; ClaudeBot/1.0; +claudebot@anthropic.com)"
216.73.216.197 - - [16/May/2026:07:27:13 +0200] "GET /sitemap-20.xml?rename=%2Fvar%2Fwww%2Fvhosts%2Fhandanhand.lu%2Fhttpdocs%2Fwp-content%2Fthemes%2FDivi%2Fjs%2Fmenu_fix.js HTTP/1.1" 200 43731 "-" "Mozilla/5.0 AppleWebKit/537.36 (KHTML, like Gecko; compatible; ClaudeBot/1.0; +claudebot@anthropic.com)"
216.73.216.197 - - [16/May/2026:07:27:13 +0200] "GET /?edit=%2Fvar%2Fwww%2Fvhosts%2Fhandanhand.lu%2Fhttpdocs%2Fwp-content%2Fthemes%2Ftwentytwentythree%2Fstyles%2Fwhisper.json HTTP/1.1" 200 52936 "-" "Mozilla/5.0 AppleWebKit/537.36 (KHTML, like Gecko; compatible; ClaudeBot/1.0; +claudebot@anthropic.com)"
216.73.216.197 - - [16/May/2026:07:27:16 +0200] "GET /sitemap-15.xml?view=%2Fvar%2Fwww%2Fvhosts%2Fhandanhand.lu%2Fhttpdocs%2Fwp-content%2Fthemes%2FDivi%2Fincludes%2Fno-results.php HTTP/1.1" 200 4212 "-" "Mozilla/5.0 AppleWebKit/537.36 (KHTML, like Gecko; compatible; ClaudeBot/1.0; +claudebot@anthropic.com)"
216.73.216.197 - - [16/May/2026:07:27:16 +0200] "GET /?view=%2Fvar%2Fwww%2Fvhosts%2Fhandanhand.lu%2Fhttpdocs%2Fwp-content%2Fthemes%2FDivi%2Fcloud%2Fi18n%2Flibrary%2Flayouts-short.php HTTP/1.1" 200 4453 "-" "Mozilla/5.0 AppleWebKit/537.36 (KHTML, like Gecko; compatible; ClaudeBot/1.0; +claudebot@anthropic.com)"
216.73.216.197 - - [16/May/2026:07:27:15 +0200] "GET /sitemap-16.xml?file=%2Fvar%2Fwww%2Fvhosts%2Fhandanhand.lu%2Fhttpdocs%2Fwp-content%2Fthemes%2FDivi%2Fjs%2Fcustom.js HTTP/1.1" 404 275663 "-" "Mozilla/5.0 AppleWebKit/537.36 (KHTML, like Gecko; compatible; ClaudeBot/1.0; +claudebot@anthropic.com)"
216.73.216.197 - - [16/May/2026:07:27:15 +0200] "GET /sitemap-10.xml?rename=%2Fvar%2Fwww%2Fvhosts%2Fhandanhand.lu%2Fhttpdocs%2Fwp-content%2Fthemes%2FDivi%2Fjs%2Ftheme-customizer-controls.js HTTP/1.1" 200 43738 "-" "Mozilla/5.0 AppleWebKit/537.36 (KHTML, like Gecko; compatible; ClaudeBot/1.0; +claudebot@anthropic.com)"
216.73.216.197 - - [16/May/2026:07:27:15 +0200] "GET /%22%20.%20esc_url(%20%22http:/feeds.feedburner.com/~fc/%7B$name%7D?edit=%2Fvar%2Fwww%2Fvhosts%2Fhandanhand.lu%2Fhttpdocs%2Fwp-content%2Fthemes%2FDivi%2Fheader.php HTTP/1.1" 200 8614 "-" "Mozilla/5.0 AppleWebKit/537.36 (KHTML, like Gecko; compatible; ClaudeBot/1.0; +claudebot@anthropic.com)"
216.73.216.197 - - [16/May/2026:07:27:16 +0200] "GET /?view=%2Fvar%2Fwww%2Fvhosts%2Fhandanhand.lu%2Fhttpdocs%2Fwp-content%2Fthemes%2FDivi%2Fepanel%2Fjs%2Fcheckbox.js HTTP/1.1" 200 5054 "-" "Mozilla/5.0 AppleWebKit/537.36 (KHTML, like Gecko; compatible; ClaudeBot/1.0; +claudebot@anthropic.com)"
216.73.216.197 - - [16/May/2026:07:27:15 +0200] "GET /sitemap-20.xml?rename=%2Fvar%2Fwww%2Fvhosts%2Fhandanhand.lu%2Fhttpdocs%2Fwp-content%2Fthemes%2FDivi%2Fjs%2Ftheme-customizer-controls.js HTTP/1.1" 200 43738 "-" "Mozilla/5.0 AppleWebKit/537.36 (KHTML, like Gecko; compatible; ClaudeBot/1.0; +claudebot@anthropic.com)"
216.73.216.197 - - [16/May/2026:07:27:16 +0200] "GET /sitemap-20.xml?view=%2Fvar%2Fwww%2Fvhosts%2Fhandanhand.lu%2Fhttpdocs%2Fwp-content%2Fthemes%2FDivi%2Fincludes%2Fno-results.php HTTP/1.1" 200 4212 "-" "Mozilla/5.0 AppleWebKit/537.36 (KHTML, like Gecko; compatible; ClaudeBot/1.0; +claudebot@anthropic.com)"
51.75.236.147 - - [16/May/2026:07:27:16 +0200] "GET /p=5508124 HTTP/1.1" 200 43644 "-" "Mozilla/5.0 (compatible; AhrefsBot/7.0; +http://ahrefs.com/robot/)"
216.73.216.197 - - [16/May/2026:07:27:12 +0200] "GET /?file=%2Fvar%2Fwww%2Fvhosts%2Fhandanhand.lu%2Fhttpdocs%2Fwp-content%2Fthemes%2Ftwentytwentythree%2Fstyles%2Fblock-out.json HTTP/1.1" 200 50189 "-" "Mozilla/5.0 AppleWebKit/537.36 (KHTML, like Gecko; compatible; ClaudeBot/1.0; +claudebot@anthropic.com)"
66.249.70.69 - - [16/May/2026:07:27:16 +0200] "GET /f/special/ HTTP/1.1" 200 43648 "-" "Mozilla/5.0 (Linux; Android 6.0.1; Nexus 5X Build/MMB29P) AppleWebKit/537.36 (KHTML, like Gecko) Chrome/148.0.7778.96 Mobile Safari/537.36 (compatible; Googlebot/2.1; +http://www.google.com/bot.html)"
216.73.216.197 - - [16/May/2026:07:27:16 +0200] "GET /?view=%2Fvar%2Fwww%2Fvhosts%2Fhandanhand.lu%2Fhttpdocs%2Fwp-content%2Fthemes%2Ftwentytwentytwo%2Fstyles%2Fblue.json HTTP/1.1" 200 4719 "-" "Mozilla/5.0 AppleWebKit/537.36 (KHTML, like Gecko; compatible; ClaudeBot/1.0; +claudebot@anthropic.com)"
216.73.216.197 - - [16/May/2026:07:27:17 +0200] "GET /?view=%2Fvar%2Fwww%2Fvhosts%2Fhandanhand.lu%2Fhttpdocs%2Fwp-content%2Fthemes%2Ftwentytwentythree%2Fstyles%2Fpilgrimage.json HTTP/1.1" 200 4990 "-" "Mozilla/5.0 AppleWebKit/537.36 (KHTML, like Gecko; compatible; ClaudeBot/1.0; +claudebot@anthropic.com)"
216.73.216.197 - - [16/May/2026:07:27:16 +0200] "GET /?view=%2Fvar%2Fwww%2Fvhosts%2Fhandanhand.lu%2Fhttpdocs%2Fwp-content%2Fthemes%2Ftwentytwentythree%2Fstyles%2Fblock-out.json HTTP/1.1" 200 4875 "-" "Mozilla/5.0 AppleWebKit/537.36 (KHTML, like Gecko; compatible; ClaudeBot/1.0; +claudebot@anthropic.com)"
216.73.216.197 - - [16/May/2026:07:27:16 +0200] "GET /?edit=%2Fvar%2Fwww%2Fvhosts%2Fhandanhand.lu%2Fhttpdocs%2Fwp-content%2Fthemes%2FDivi%2Fepanel%2Fjs%2Feye.js HTTP/1.1" 200 51628 "-" "Mozilla/5.0 AppleWebKit/537.36 (KHTML, like Gecko; compatible; ClaudeBot/1.0; +claudebot@anthropic.com)"
216.73.216.197 - - [16/May/2026:07:27:17 +0200] "GET /?rename=%2Fvar%2Fwww%2Fvhosts%2Fhandanhand.lu%2Fhttpdocs%2Fwp-content%2Fthemes%2FDivi%2Fcloud%2Fi18n%2Flibrary%2Fcategories.php HTTP/1.1" 200 51210 "-" "Mozilla/5.0 AppleWebKit/537.36 (KHTML, like Gecko; compatible; ClaudeBot/1.0; +claudebot@anthropic.com)"
216.73.216.197 - - [16/May/2026:07:27:17 +0200] "GET /?edit=%2Fvar%2Fwww%2Fvhosts%2Fhandanhand.lu%2Fhttpdocs%2Fwp-content%2Fthemes%2Ftwentytwentythree%2Fstyles%2Fcanary.json HTTP/1.1" 200 52109 "-" "Mozilla/5.0 AppleWebKit/537.36 (KHTML, like Gecko; compatible; ClaudeBot/1.0; +claudebot@anthropic.com)"
216.73.216.197 - - [16/May/2026:07:27:16 +0200] "GET /sitemap-16.xml?rename=%2Fvar%2Fwww%2Fvhosts%2Fhandanhand.lu%2Fhttpdocs%2Fwp-content%2Fthemes%2FDivi%2Fjs%2Ftheme-customizer-controls.js HTTP/1.1" 200 43738 "-" "Mozilla/5.0 AppleWebKit/537.36 (KHTML, like Gecko; compatible; ClaudeBot/1.0; +claudebot@anthropic.com)"
216.73.216.197 - - [16/May/2026:07:27:17 +0200] "GET /sitemap-15.xml?rename=%2Fvar%2Fwww%2Fvhosts%2Fhandanhand.lu%2Fhttpdocs%2Fwp-content%2Fthemes%2FDivi%2Fjs%2Ftheme-customizer.js HTTP/1.1" 200 43730 "-" "Mozilla/5.0 AppleWebKit/537.36 (KHTML, like Gecko; compatible; ClaudeBot/1.0; +claudebot@anthropic.com)"
216.73.216.197 - - [16/May/2026:07:27:17 +0200] "GET /?file=%2Fvar%2Fwww%2Fvhosts%2Fhandanhand.lu%2Fhttpdocs%2Fwp-content%2Fthemes%2FDivi%2Fcloud%2Fi18n%2Flibrary%2Flayouts-long.php HTTP/1.1" 200 50191 "-" "Mozilla/5.0 AppleWebKit/537.36 (KHTML, like Gecko; compatible; ClaudeBot/1.0; +claudebot@anthropic.com)"
216.73.216.197 - - [16/May/2026:07:27:17 +0200] "GET /sitemap-15.xml?file=%2Fvar%2Fwww%2Fvhosts%2Fhandanhand.lu%2Fhttpdocs%2Fwp-content%2Fthemes%2FDivi%2Fjs%2Fmenu_fix.js HTTP/1.1" 404 275665 "-" "Mozilla/5.0 AppleWebKit/537.36 (KHTML, like Gecko; compatible; ClaudeBot/1.0; +claudebot@anthropic.com)"
92.222.104.214 - - [16/May/2026:07:27:17 +0200] "GET /p=5232450 HTTP/1.1" 200 43644 "-" "Mozilla/5.0 (compatible; AhrefsBot/7.0; +http://ahrefs.com/robot/)"
216.73.216.197 - - [16/May/2026:07:27:17 +0200] "GET /?edit=%2Fvar%2Fwww%2Fvhosts%2Fhandanhand.lu%2Fhttpdocs%2Fwp-content%2Fthemes%2Ftwentytwentythree%2Fstyles%2Fgrapes.json HTTP/1.1" 200 51688 "-" "Mozilla/5.0 AppleWebKit/537.36 (KHTML, like Gecko; compatible; ClaudeBot/1.0; +claudebot@anthropic.com)"
216.73.216.197 - - [16/May/2026:07:27:17 +0200] "GET /%22%20.%20esc_url(%20%22http:/feeds.feedburner.com/~fc/%7B$name%7D?edit=%2Fvar%2Fwww%2Fvhosts%2Fhandanhand.lu%2Fhttpdocs%2Fwp-content%2Fthemes%2FDivi%2Ftheme-header.php HTTP/1.1" 200 8255 "-" "Mozilla/5.0 AppleWebKit/537.36 (KHTML, like Gecko; compatible; ClaudeBot/1.0; +claudebot@anthropic.com)"
216.73.216.197 - - [16/May/2026:07:27:18 +0200] "GET /sitemap-10.xml?rename=%2Fvar%2Fwww%2Fvhosts%2Fhandanhand.lu%2Fhttpdocs%2Fwp-content%2Fthemes%2FDivi%2Fjs%2Ftheme-customizer.js HTTP/1.1" 200 43730 "-" "Mozilla/5.0 AppleWebKit/537.36 (KHTML, like Gecko; compatible; ClaudeBot/1.0; +claudebot@anthropic.com)"
216.73.216.197 - - [16/May/2026:07:27:18 +0200] "GET /sitemap-16.xml?rename=%2Fvar%2Fwww%2Fvhosts%2Fhandanhand.lu%2Fhttpdocs%2Fwp-content%2Fthemes%2FDivi%2Fjs%2Ftheme-customizer.js HTTP/1.1" 200 43730 "-" "Mozilla/5.0 AppleWebKit/537.36 (KHTML, like Gecko; compatible; ClaudeBot/1.0; +claudebot@anthropic.com)"
216.73.216.197 - - [16/May/2026:07:27:17 +0200] "GET /sitemap-20.xml?rename=%2Fvar%2Fwww%2Fvhosts%2Fhandanhand.lu%2Fhttpdocs%2Fwp-content%2Fthemes%2FDivi%2Fjs%2Ftheme-customizer.js HTTP/1.1" 200 43730 "-" "Mozilla/5.0 AppleWebKit/537.36 (KHTML, like Gecko; compatible; ClaudeBot/1.0; +claudebot@anthropic.com)"
216.73.216.197 - - [16/May/2026:07:27:18 +0200] "GET /sitemap-20.xml?file=%2Fvar%2Fwww%2Fvhosts%2Fhandanhand.lu%2Fhttpdocs%2Fwp-content%2Fthemes%2FDivi%2Fjs%2Fmenu_fix.js HTTP/1.1" 404 275665 "-" "Mozilla/5.0 AppleWebKit/537.36 (KHTML, like Gecko; compatible; ClaudeBot/1.0; +claudebot@anthropic.com)"
216.73.216.197 - - [16/May/2026:07:27:18 +0200] "GET /?edit=%2Fvar%2Fwww%2Fvhosts%2Fhandanhand.lu%2Fhttpdocs%2Fwp-content%2Fthemes%2Ftwentytwentytwo%2Fstyles%2Fpink.json HTTP/1.1" 200 52139 "-" "Mozilla/5.0 AppleWebKit/537.36 (KHTML, like Gecko; compatible; ClaudeBot/1.0; +claudebot@anthropic.com)"
216.73.216.197 - - [16/May/2026:07:27:19 +0200] "GET /?edit=%2Fvar%2Fwww%2Fvhosts%2Fhandanhand.lu%2Fhttpdocs%2Fwp-content%2Fthemes%2FDivi%2Fepanel%2Fjs%2Fcustom_uploader.js HTTP/1.1" 200 51584 "-" "Mozilla/5.0 AppleWebKit/537.36 (KHTML, like Gecko; compatible; ClaudeBot/1.0; +claudebot@anthropic.com)"
216.73.216.197 - - [16/May/2026:07:27:19 +0200] "GET /sitemap-10.xml?file=%2Fvar%2Fwww%2Fvhosts%2Fhandanhand.lu%2Fhttpdocs%2Fwp-content%2Fthemes%2FDivi%2Fjs%2Fmenu_fix.js HTTP/1.1" 404 275665 "-" "Mozilla/5.0 AppleWebKit/537.36 (KHTML, like Gecko; compatible; ClaudeBot/1.0; +claudebot@anthropic.com)"
66.249.70.69 - - [16/May/2026:07:27:20 +0200] "GET /?p=6522536 HTTP/1.1" 200 43648 "-" "Mozilla/5.0 (Linux; Android 6.0.1; Nexus 5X Build/MMB29P) AppleWebKit/537.36 (KHTML, like Gecko) Chrome/148.0.7778.96 Mobile Safari/537.36 (compatible; GoogleOther)"
37.59.204.142 - - [16/May/2026:07:27:20 +0200] "GET /p=5169058 HTTP/1.1" 200 43644 "-" "Mozilla/5.0 (compatible; AhrefsBot/7.0; +http://ahrefs.com/robot/)"
66.249.70.70 - - [16/May/2026:07:27:21 +0200] "GET /?p=3892561 HTTP/1.1" 200 43648 "-" "Mozilla/5.0 (Linux; Android 6.0.1; Nexus 5X Build/MMB29P) AppleWebKit/537.36 (KHTML, like Gecko) Chrome/148.0.7778.96 Mobile Safari/537.36 (compatible; Googlebot/2.1; +http://www.google.com/bot.html)"
51.75.236.153 - - [16/May/2026:07:27:22 +0200] "GET /p=4823401 HTTP/1.1" 200 43644 "-" "Mozilla/5.0 (compatible; AhrefsBot/7.0; +http://ahrefs.com/robot/)"
5.39.1.229 - - [16/May/2026:07:27:24 +0200] "GET /p=4159152 HTTP/1.1" 200 43644 "-" "Mozilla/5.0 (compatible; AhrefsBot/7.0; +http://ahrefs.com/robot/)"
185.191.171.7 - - [16/May/2026:07:27:24 +0200] "GET /p=2897836 HTTP/1.1" 200 43644 "-" "Mozilla/5.0 (compatible; SemrushBot/7~bl; +http://www.semrush.com/bot.html)"
176.31.139.0 - - [16/May/2026:07:27:25 +0200] "GET /p=4106430 HTTP/1.1" 200 43644 "-" "Mozilla/5.0 (compatible; AhrefsBot/7.0; +http://ahrefs.com/robot/)"
51.75.236.137 - - [16/May/2026:07:27:27 +0200] "GET /p=4049227 HTTP/1.1" 200 43644 "-" "Mozilla/5.0 (compatible; AhrefsBot/7.0; +http://ahrefs.com/robot/)"
66.249.70.69 - - [16/May/2026:07:27:29 +0200] "GET /?p=4094302 HTTP/1.1" 200 43648 "-" "Mozilla/5.0 (Linux; Android 6.0.1; Nexus 5X Build/MMB29P) AppleWebKit/537.36 (KHTML, like Gecko) Chrome/148.0.7778.96 Mobile Safari/537.36 (compatible; Googlebot/2.1; +http://www.google.com/bot.html)"
37.59.204.156 - - [16/May/2026:07:27:32 +0200] "GET /p=3469744 HTTP/1.1" 200 43644 "-" "Mozilla/5.0 (compatible; AhrefsBot/7.0; +http://ahrefs.com/robot/)"
66.249.70.70 - - [16/May/2026:07:27:33 +0200] "GET /?p=2985870 HTTP/1.1" 200 43648 "-" "Mozilla/5.0 (Linux; Android 6.0.1; Nexus 5X Build/MMB29P) AppleWebKit/537.36 (KHTML, like Gecko) Chrome/148.0.7778.96 Mobile Safari/537.36 (compatible; GoogleOther)"
51.68.247.209 - - [16/May/2026:07:27:34 +0200] "GET /p=3083193 HTTP/1.1" 200 43644 "-" "Mozilla/5.0 (compatible; AhrefsBot/7.0; +http://ahrefs.com/robot/)"
37.59.204.150 - - [16/May/2026:07:27:36 +0200] "GET /p=6563825 HTTP/1.1" 200 43644 "-" "Mozilla/5.0 (compatible; AhrefsBot/7.0; +http://ahrefs.com/robot/)"
51.75.236.148 - - [16/May/2026:07:27:36 +0200] "GET /p=2714059 HTTP/1.1" 200 43644 "-" "Mozilla/5.0 (compatible; AhrefsBot/7.0; +http://ahrefs.com/robot/)"
66.249.70.69 - - [16/May/2026:07:27:38 +0200] "GET /?p=5434579 HTTP/1.1" 200 43648 "-" "Mozilla/5.0 (Linux; Android 6.0.1; Nexus 5X Build/MMB29P) AppleWebKit/537.36 (KHTML, like Gecko) Chrome/148.0.7778.96 Mobile Safari/537.36 (compatible; Googlebot/2.1; +http://www.google.com/bot.html)"
37.59.204.148 - - [16/May/2026:07:27:39 +0200] "GET /p=6417191 HTTP/1.1" 200 43644 "-" "Mozilla/5.0 (compatible; AhrefsBot/7.0; +http://ahrefs.com/robot/)"
66.249.70.70 - - [16/May/2026:07:27:41 +0200] "GET /?p=4554213 HTTP/1.1" 200 43648 "-" "Mozilla/5.0 (Linux; Android 6.0.1; Nexus 5X Build/MMB29P) AppleWebKit/537.36 (KHTML, like Gecko) Chrome/148.0.7778.96 Mobile Safari/537.36 (compatible; Googlebot/2.1; +http://www.google.com/bot.html)"
37.59.204.150 - - [16/May/2026:07:27:41 +0200] "GET /p=6371959 HTTP/1.1" 200 43644 "-" "Mozilla/5.0 (compatible; AhrefsBot/7.0; +http://ahrefs.com/robot/)"
85.208.96.211 - - [16/May/2026:07:27:42 +0200] "GET /p=5448680 HTTP/1.1" 200 43644 "-" "Mozilla/5.0 (compatible; SemrushBot/7~bl; +http://www.semrush.com/bot.html)"
92.222.108.104 - - [16/May/2026:07:27:43 +0200] "GET /p=6193785 HTTP/1.1" 200 43644 "-" "Mozilla/5.0 (compatible; AhrefsBot/7.0; +http://ahrefs.com/robot/)"
37.59.204.141 - - [16/May/2026:07:27:45 +0200] "GET /p=6165695 HTTP/1.1" 200 43644 "-" "Mozilla/5.0 (compatible; AhrefsBot/7.0; +http://ahrefs.com/robot/)"
66.249.70.70 - - [16/May/2026:07:27:46 +0200] "GET /?p=5764767 HTTP/1.1" 200 43648 "-" "Mozilla/5.0 (Linux; Android 6.0.1; Nexus 5X Build/MMB29P) AppleWebKit/537.36 (KHTML, like Gecko) Chrome/148.0.7778.96 Mobile Safari/537.36 (compatible; Googlebot/2.1; +http://www.google.com/bot.html)"
5.39.109.169 - - [16/May/2026:07:27:44 +0200] "GET /p=3588301 HTTP/1.1" 200 43644 "-" "Mozilla/5.0 (compatible; AhrefsBot/7.0; +http://ahrefs.com/robot/)"
66.249.70.69 - - [16/May/2026:07:27:47 +0200] "GET /?p=6104234 HTTP/1.1" 200 43648 "-" "Mozilla/5.0 (Linux; Android 6.0.1; Nexus 5X Build/MMB29P) AppleWebKit/537.36 (KHTML, like Gecko) Chrome/148.0.7778.96 Mobile Safari/537.36 (compatible; Googlebot/2.1; +http://www.google.com/bot.html)"
216.73.216.197 - - [16/May/2026:07:27:49 +0200] "GET /%22%20.%20esc_url(%20%22http:/feeds.feedburner.com/~fc/%7B$name%7D?file=%2Fvar%2Fwww%2Fvhosts%2Fhandanhand.lu%2Fhttpdocs%2Fwp-content%2Fthemes%2FDivi%2Ftheme-after-header.php HTTP/1.1" 301 4748 "-" "Mozilla/5.0 AppleWebKit/537.36 (KHTML, like Gecko; compatible; ClaudeBot/1.0; +claudebot@anthropic.com)"
216.73.216.197 - - [16/May/2026:07:27:49 +0200] "GET /?edit=%2Fvar%2Fwww%2Fvhosts%2Fhandanhand.lu%2Fhttpdocs%2Fwp-content%2Fthemes%2FDivi%2Fepanel%2Fjs%2Fcolorpicker.js HTTP/1.1" 200 55161 "-" "Mozilla/5.0 AppleWebKit/537.36 (KHTML, like Gecko; compatible; ClaudeBot/1.0; +claudebot@anthropic.com)"
92.222.108.104 - - [16/May/2026:07:27:49 +0200] "GET /p=5727150 HTTP/1.1" 200 43644 "-" "Mozilla/5.0 (compatible; AhrefsBot/7.0; +http://ahrefs.com/robot/)"
216.73.216.197 - - [16/May/2026:07:27:49 +0200] "GET /?view=%2Fvar%2Fwww%2Fvhosts%2Fhandanhand.lu%2Fhttpdocs%2Fwp-content%2Fthemes%2Ftwentytwentythree%2Fstyles%2Fpitch.json HTTP/1.1" 200 4987 "-" "Mozilla/5.0 AppleWebKit/537.36 (KHTML, like Gecko; compatible; ClaudeBot/1.0; +claudebot@anthropic.com)"
216.73.216.197 - - [16/May/2026:07:27:49 +0200] "GET /sitemap-20.xml?file=%2Fvar%2Fwww%2Fvhosts%2Fhandanhand.lu%2Fhttpdocs%2Fwp-content%2Fthemes%2FDivi%2Fincludes%2Fsocial_icons.php HTTP/1.1" 404 275638 "-" "Mozilla/5.0 AppleWebKit/537.36 (KHTML, like Gecko; compatible; ClaudeBot/1.0; +claudebot@anthropic.com)"
216.73.216.197 - - [16/May/2026:07:27:51 +0200] "GET /?view=%2Fvar%2Fwww%2Fvhosts%2Fhandanhand.lu%2Fhttpdocs%2Fwp-content%2Fthemes%2Ftwentytwentyfour%2Fparts%2Fheader.html HTTP/1.1" 200 4386 "-" "Mozilla/5.0 AppleWebKit/537.36 (KHTML, like Gecko; compatible; ClaudeBot/1.0; +claudebot@anthropic.com)"
66.249.70.71 - - [16/May/2026:07:27:51 +0200] "GET /wp-content/plugins/woocommerce/assets/css/woocommerce-layout.css?ver=10.7.0 HTTP/1.1" 200 3993 "https://handanhand.lu/?p=5764767" "Mozilla/5.0 (Linux; Android 6.0.1; Nexus 5X Build/MMB29P) AppleWebKit/537.36 (KHTML, like Gecko) Chrome/148.0.7778.96 Mobile Safari/537.36 (compatible; Googlebot/2.1; +http://www.google.com/bot.html)"
216.73.216.197 - - [16/May/2026:07:27:49 +0200] "GET /?view=%2Fvar%2Fwww%2Fvhosts%2Fhandanhand.lu%2Fhttpdocs%2Fwp-content%2Fthemes%2FDivi%2Fepanel%2Fjs%2Flayout.js HTTP/1.1" 200 4397 "-" "Mozilla/5.0 AppleWebKit/537.36 (KHTML, like Gecko; compatible; ClaudeBot/1.0; +claudebot@anthropic.com)"
216.73.216.197 - - [16/May/2026:07:27:49 +0200] "GET /%22%20.%20esc_url(%20%22http:/feeds.feedburner.com/~fc/%7B$name%7D?view=%2Fvar%2Fwww%2Fvhosts%2Fhandanhand.lu%2Fhttpdocs%2Fwp-content%2Fthemes%2FDivi%2Fsingle-project.php HTTP/1.1" 200 4965 "-" "Mozilla/5.0 AppleWebKit/537.36 (KHTML, like Gecko; compatible; ClaudeBot/1.0; +claudebot@anthropic.com)"
216.73.216.197 - - [16/May/2026:07:27:50 +0200] "GET /%22%20.%20esc_url(%20%22http:/feeds.feedburner.com/~fc/%7B$name%7D?file=%2Fvar%2Fwww%2Fvhosts%2Fhandanhand.lu%2Fhttpdocs%2Fwp-content%2Fthemes%2FDivi%2Ffunctions.php HTTP/1.1" 301 4730 "-" "Mozilla/5.0 AppleWebKit/537.36 (KHTML, like Gecko; compatible; ClaudeBot/1.0; +claudebot@anthropic.com)"
216.73.216.197 - - [16/May/2026:07:27:51 +0200] "GET /%22%20.%20esc_url(%20%22http:/feeds.feedburner.com/~fc/%7B$name%7D?view=%2Fvar%2Fwww%2Fvhosts%2Fhandanhand.lu%2Fhttpdocs%2Fwp-content%2Fthemes%2FDivi%2Fsingle.php HTTP/1.1" 200 5557 "-" "Mozilla/5.0 AppleWebKit/537.36 (KHTML, like Gecko; compatible; ClaudeBot/1.0; +claudebot@anthropic.com)"
216.73.216.197 - - [16/May/2026:07:27:51 +0200] "GET /sitemap-15.xml?edit=%2Fvar%2Fwww%2Fvhosts%2Fhandanhand.lu%2Fhttpdocs%2Fwp-content%2Fthemes%2FDivi%2Fjs%2Fcustom.unified.js HTTP/1.1" 200 216663 "-" "Mozilla/5.0 AppleWebKit/537.36 (KHTML, like Gecko; compatible; ClaudeBot/1.0; +claudebot@anthropic.com)"
216.73.216.197 - - [16/May/2026:07:27:49 +0200] "GET /%22%20.%20esc_url(%20%22http:/feeds.feedburner.com/~fc/%7B$name%7D?rename=%2Fvar%2Fwww%2Fvhosts%2Fhandanhand.lu%2Fhttpdocs%2Fwp-content%2Fthemes%2FDivi%2Fheader.php HTTP/1.1" 200 5386 "-" "Mozilla/5.0 AppleWebKit/537.36 (KHTML, like Gecko; compatible; ClaudeBot/1.0; +claudebot@anthropic.com)"
216.73.216.197 - - [16/May/2026:07:27:49 +0200] "GET /?edit=%2Fvar%2Fwww%2Fvhosts%2Fhandanhand.lu%2Fhttpdocs%2Fwp-content%2Fthemes%2Fdivi-plus-ngo%2Flicense.md HTTP/1.1" 200 57582 "-" "Mozilla/5.0 AppleWebKit/537.36 (KHTML, like Gecko; compatible; ClaudeBot/1.0; +claudebot@anthropic.com)"
216.73.216.197 - - [16/May/2026:07:27:49 +0200] "GET /?edit=%2Fvar%2Fwww%2Fvhosts%2Fhandanhand.lu%2Fhttpdocs%2Fwp-content%2Fthemes%2Ftwentytwentyfive%2Fparts%2Fsidebar.html HTTP/1.1" 200 51259 "-" "Mozilla/5.0 AppleWebKit/537.36 (KHTML, like Gecko; compatible; ClaudeBot/1.0; +claudebot@anthropic.com)"
216.73.216.197 - - [16/May/2026:07:27:52 +0200] "GET /%22%20.%20esc_url(%20%22http:/feeds.feedburner.com/~fc/%7Bname?file=%2Fvar%2Fwww%2Fvhosts%2Fhandanhand.lu%2Fhttpdocs%2Fwp-content%2Fthemes%2FDivi%2Ffunctions.php HTTP/1.1" 404 279256 "https://handanhand.lu/%22%20.%20esc_url(%20%22http:/feeds.feedburner.com/~fc/%7B$name%7D?file=%2Fvar%2Fwww%2Fvhosts%2Fhandanhand.lu%2Fhttpdocs%2Fwp-content%2Fthemes%2FDivi%2Ffunctions.php" "Mozilla/5.0 AppleWebKit/537.36 (KHTML, like Gecko; compatible; ClaudeBot/1.0; +claudebot@anthropic.com)"
216.73.216.197 - - [16/May/2026:07:27:49 +0200] "GET /?file=%2Fvar%2Fwww%2Fvhosts%2Fhandanhand.lu%2Fhttpdocs%2Fwp-content%2Fthemes%2Ftwentytwentythree%2Fstyles%2Fwhisper.json HTTP/1.1" 200 50186 "-" "Mozilla/5.0 AppleWebKit/537.36 (KHTML, like Gecko; compatible; ClaudeBot/1.0; +claudebot@anthropic.com)"
216.73.216.197 - - [16/May/2026:07:27:49 +0200] "GET /%22%20.%20esc_url(%20%22http:/feeds.feedburner.com/~fc/%7Bname?file=%2Fvar%2Fwww%2Fvhosts%2Fhandanhand.lu%2Fhttpdocs%2Fwp-content%2Fthemes%2FDivi%2Ftheme-after-header.php HTTP/1.1" 404 279265 "https://handanhand.lu/%22%20.%20esc_url(%20%22http:/feeds.feedburner.com/~fc/%7B$name%7D?file=%2Fvar%2Fwww%2Fvhosts%2Fhandanhand.lu%2Fhttpdocs%2Fwp-content%2Fthemes%2FDivi%2Ftheme-after-header.php" "Mozilla/5.0 AppleWebKit/537.36 (KHTML, like Gecko; compatible; ClaudeBot/1.0; +claudebot@anthropic.com)"
216.73.216.197 - - [16/May/2026:07:27:51 +0200] "GET /sitemap-15.xml?file=%2Fvar%2Fwww%2Fvhosts%2Fhandanhand.lu%2Fhttpdocs%2Fwp-content%2Fthemes%2FDivi%2Fcore%2Fbuild HTTP/1.1" 404 276808 "-" "Mozilla/5.0 AppleWebKit/537.36 (KHTML, like Gecko; compatible; ClaudeBot/1.0; +claudebot@anthropic.com)"
216.73.216.197 - - [16/May/2026:07:27:54 +0200] "GET /?view=%2Fvar%2Fwww%2Fvhosts%2Fhandanhand.lu%2Fhttpdocs%2Fwp-content%2Fthemes%2Ftwentytwentytwo%2Fstyles%2Fswiss.json HTTP/1.1" 200 4728 "-" "Mozilla/5.0 AppleWebKit/537.36 (KHTML, like Gecko; compatible; ClaudeBot/1.0; +claudebot@anthropic.com)"
216.73.216.197 - - [16/May/2026:07:27:53 +0200] "GET /sitemap-15.xml?rename=%2Fvar%2Fwww%2Fvhosts%2Fhandanhand.lu%2Fhttpdocs%2Fwp-content%2Fthemes%2FDivi%2Fincludes%2Fno-results.php HTTP/1.1" 200 43718 "-" "Mozilla/5.0 AppleWebKit/537.36 (KHTML, like Gecko; compatible; ClaudeBot/1.0; +claudebot@anthropic.com)"
216.73.216.197 - - [16/May/2026:07:27:54 +0200] "GET /%22%20.%20esc_url(%20%22http:/feeds.feedburner.com/~fc/%7B$name%7D?view=%2Fvar%2Fwww%2Fvhosts%2Fhandanhand.lu%2Fhttpdocs%2Fwp-content%2Fthemes%2FDivi%2Ftheme-after-header.php HTTP/1.1" 200 4267 "-" "Mozilla/5.0 AppleWebKit/537.36 (KHTML, like Gecko; compatible; ClaudeBot/1.0; +claudebot@anthropic.com)"
216.73.216.197 - - [16/May/2026:07:27:52 +0200] "GET /?file=%2Fvar%2Fwww%2Fvhosts%2Fhandanhand.lu%2Fhttpdocs%2Fwp-content%2Fthemes%2FDivi%2Fcommon%2Fstories%2Fcontrols%2Fripple HTTP/1.1" 200 50291 "-" "Mozilla/5.0 AppleWebKit/537.36 (KHTML, like Gecko; compatible; ClaudeBot/1.0; +claudebot@anthropic.com)"
37.59.204.147 - - [16/May/2026:07:27:51 +0200] "GET /p=5709011 HTTP/1.1" 200 43644 "-" "Mozilla/5.0 (compatible; AhrefsBot/7.0; +http://ahrefs.com/robot/)"
216.73.216.197 - - [16/May/2026:07:27:53 +0200] "GET /sitemap-20.xml?edit=%2Fvar%2Fwww%2Fvhosts%2Fhandanhand.lu%2Fhttpdocs%2Fwp-content%2Fthemes%2FDivi%2Fjs%2Fcustom.unified.js HTTP/1.1" 200 216667 "-" "Mozilla/5.0 AppleWebKit/537.36 (KHTML, like Gecko; compatible; ClaudeBot/1.0; +claudebot@anthropic.com)"
216.73.216.197 - - [16/May/2026:07:27:53 +0200] "GET /sitemap-10.xml?edit=%2Fvar%2Fwww%2Fvhosts%2Fhandanhand.lu%2Fhttpdocs%2Fwp-content%2Fthemes%2FDivi%2Fjs%2Fcustom.unified.js HTTP/1.1" 200 216667 "-" "Mozilla/5.0 AppleWebKit/537.36 (KHTML, like Gecko; compatible; ClaudeBot/1.0; +claudebot@anthropic.com)"
216.73.216.197 - - [16/May/2026:07:27:53 +0200] "GET /sitemap-16.xml?edit=%2Fvar%2Fwww%2Fvhosts%2Fhandanhand.lu%2Fhttpdocs%2Fwp-content%2Fthemes%2FDivi%2Fjs%2Fcustom.unified.js HTTP/1.1" 200 216667 "-" "Mozilla/5.0 AppleWebKit/537.36 (KHTML, like Gecko; compatible; ClaudeBot/1.0; +claudebot@anthropic.com)"
216.73.216.197 - - [16/May/2026:07:27:54 +0200] "GET /?rename=%2Fvar%2Fwww%2Fvhosts%2Fhandanhand.lu%2Fhttpdocs%2Fwp-content%2Fthemes%2FDivi%2Fcloud%2Fi18n%2Flibrary%2Fpacks.php HTTP/1.1" 200 51243 "-" "Mozilla/5.0 AppleWebKit/537.36 (KHTML, like Gecko; compatible; ClaudeBot/1.0; +claudebot@anthropic.com)"
216.73.216.197 - - [16/May/2026:07:27:54 +0200] "GET /?rename=%2Fvar%2Fwww%2Fvhosts%2Fhandanhand.lu%2Fhttpdocs%2Fwp-content%2Fthemes%2FDivi%2Fepanel%2Fjs%2Ffunctions-init.js HTTP/1.1" 200 51199 "-" "Mozilla/5.0 AppleWebKit/537.36 (KHTML, like Gecko; compatible; ClaudeBot/1.0; +claudebot@anthropic.com)"
216.73.216.197 - - [16/May/2026:07:27:53 +0200] "GET /%22%20.%20esc_url(%20%22http:/feeds.feedburner.com/~fc/%7B$name%7D?file=%2Fvar%2Fwww%2Fvhosts%2Fhandanhand.lu%2Fhttpdocs%2Fwp-content%2Fthemes%2FDivi%2Fcomments.php HTTP/1.1" 301 4728 "-" "Mozilla/5.0 AppleWebKit/537.36 (KHTML, like Gecko; compatible; ClaudeBot/1.0; +claudebot@anthropic.com)"
66.249.70.71 - - [16/May/2026:07:27:54 +0200] "GET /?p=4344954 HTTP/1.1" 200 43648 "-" "Mozilla/5.0 (Linux; Android 6.0.1; Nexus 5X Build/MMB29P) AppleWebKit/537.36 (KHTML, like Gecko) Chrome/148.0.7778.96 Mobile Safari/537.36 (compatible; Googlebot/2.1; +http://www.google.com/bot.html)"
