216.73.216.197 - - [16/May/2026:07:18:40 +0200] "GET /?rename=%2Fvar%2Fwww%2Fvhosts%2Fhandanhand.lu%2Fhttpdocs%2Fwp-content%2Fthemes%2FDivi%2Fcss%2Ftinymce-skin%2Ffonts%2Ftinymce.ttf HTTP/1.1" 200 51208 "-" "Mozilla/5.0 AppleWebKit/537.36 (KHTML, like Gecko; compatible; ClaudeBot/1.0; +claudebot@anthropic.com)"
216.73.216.197 - - [16/May/2026:07:18:42 +0200] "GET /?view=%2Fvar%2Fwww%2Fvhosts%2Fhandanhand.lu%2Fhttpdocs%2Fwp-content%2Fthemes%2FDivi%2Fcss%2Ftinymce-skin%2Ffonts%2Freadme.md HTTP/1.1" 200 4028 "-" "Mozilla/5.0 AppleWebKit/537.36 (KHTML, like Gecko; compatible; ClaudeBot/1.0; +claudebot@anthropic.com)"
216.73.216.197 - - [16/May/2026:07:18:42 +0200] "GET /?view=%2Fvar%2Fwww%2Fvhosts%2Fhandanhand.lu%2Fhttpdocs%2Fwp-content%2Fthemes%2FDivi%2Fcore%2Fadmin%2Fimages%2Floader.gif HTTP/1.1" 200 11300 "-" "Mozilla/5.0 AppleWebKit/537.36 (KHTML, like Gecko; compatible; ClaudeBot/1.0; +claudebot@anthropic.com)"
216.73.216.197 - - [16/May/2026:07:18:41 +0200] "GET /?edit=%2Fvar%2Fwww%2Fvhosts%2Fhandanhand.lu%2Fhttpdocs%2Fwp-content%2Fthemes%2FDivi%2Fincludes%2Fbuilder%2Fimages%2Fexisting.gif HTTP/1.1" 200 96644 "-" "Mozilla/5.0 AppleWebKit/537.36 (KHTML, like Gecko; compatible; ClaudeBot/1.0; +claudebot@anthropic.com)"
51.68.247.220 - - [16/May/2026:07:18:42 +0200] "GET /p=4512066 HTTP/1.1" 200 43644 "-" "Mozilla/5.0 (compatible; AhrefsBot/7.0; +http://ahrefs.com/robot/)"
216.73.216.197 - - [16/May/2026:07:18:41 +0200] "GET /?edit=%2Fvar%2Fwww%2Fvhosts%2Fhandanhand.lu%2Fhttpdocs%2Fwp-content%2Fthemes%2FDivi%2Fincludes%2Fbuilder%2Fimages%2Fclone.gif HTTP/1.1" 200 120592 "-" "Mozilla/5.0 AppleWebKit/537.36 (KHTML, like Gecko; compatible; ClaudeBot/1.0; +claudebot@anthropic.com)"
216.73.216.197 - - [16/May/2026:07:18:41 +0200] "GET /?file=%2Fvar%2Fwww%2Fvhosts%2Fhandanhand.lu%2Fhttpdocs%2Fwp-content%2Fthemes%2FDivi%2Fcore%2Fadmin%2Fimages%2Floader.gif HTTP/1.1" 200 50185 "-" "Mozilla/5.0 AppleWebKit/537.36 (KHTML, like Gecko; compatible; ClaudeBot/1.0; +claudebot@anthropic.com)"
216.73.216.197 - - [16/May/2026:07:18:40 +0200] "GET /sitemap-16.xml?file=%2Fvar%2Fwww%2Fvhosts%2Fhandanhand.lu%2Fhttpdocs%2Fwp-content%2Fthemes%2FDivi%2Fincludes%2Fbuilder%2Ftemplates HTTP/1.1" 404 276994 "-" "Mozilla/5.0 AppleWebKit/537.36 (KHTML, like Gecko; compatible; ClaudeBot/1.0; +claudebot@anthropic.com)"
216.73.216.197 - - [16/May/2026:07:18:42 +0200] "GET /?edit=%2Fvar%2Fwww%2Fvhosts%2Fhandanhand.lu%2Fhttpdocs%2Fwp-content%2Fthemes%2FDivi%2Fincludes%2Fbuilder%2Fimages%2Fmenu.svg HTTP/1.1" 200 51660 "-" "Mozilla/5.0 AppleWebKit/537.36 (KHTML, like Gecko; compatible; ClaudeBot/1.0; +claudebot@anthropic.com)"
216.73.216.197 - - [16/May/2026:07:18:41 +0200] "GET /?rename=%2Fvar%2Fwww%2Fvhosts%2Fhandanhand.lu%2Fhttpdocs%2Fwp-content%2Fthemes%2FDivi%2Fcss%2Ftinymce-skin%2Ffonts%2Ftinymce.eot HTTP/1.1" 200 51205 "-" "Mozilla/5.0 AppleWebKit/537.36 (KHTML, like Gecko; compatible; ClaudeBot/1.0; +claudebot@anthropic.com)"
216.73.216.197 - - [16/May/2026:07:18:42 +0200] "GET /?file=%2Fvar%2Fwww%2Fvhosts%2Fhandanhand.lu%2Fhttpdocs%2Fwp-content%2Fthemes%2FDivi%2Fcss%2Ftinymce-skin%2Ffonts%2Ftinymce.svg HTTP/1.1" 200 50187 "-" "Mozilla/5.0 AppleWebKit/537.36 (KHTML, like Gecko; compatible; ClaudeBot/1.0; +claudebot@anthropic.com)"
216.73.216.197 - - [16/May/2026:07:18:43 +0200] "GET /sitemap-10.xml?file=%2Fvar%2Fwww%2Fvhosts%2Fhandanhand.lu%2Fhttpdocs%2Fwp-content%2Fthemes%2FDivi%2Fincludes%2Fbuilder%2Fstyles HTTP/1.1" 200 42971 "-" "Mozilla/5.0 AppleWebKit/537.36 (KHTML, like Gecko; compatible; ClaudeBot/1.0; +claudebot@anthropic.com)"
216.73.216.197 - - [16/May/2026:07:18:42 +0200] "GET /?edit=%2Fvar%2Fwww%2Fvhosts%2Fhandanhand.lu%2Fhttpdocs%2Fwp-content%2Fthemes%2FDivi%2Fcss%2Ftinymce-skin%2Fimg%2Floader.gif HTTP/1.1" 200 52959 "-" "Mozilla/5.0 AppleWebKit/537.36 (KHTML, like Gecko; compatible; ClaudeBot/1.0; +claudebot@anthropic.com)"
216.73.216.197 - - [16/May/2026:07:18:42 +0200] "GET /?edit=%2Fvar%2Fwww%2Fvhosts%2Fhandanhand.lu%2Fhttpdocs%2Fwp-content%2Fthemes%2FDivi%2Fcss%2Ftinymce-skin%2Fimg%2Fobject.gif HTTP/1.1" 200 51385 "-" "Mozilla/5.0 AppleWebKit/537.36 (KHTML, like Gecko; compatible; ClaudeBot/1.0; +claudebot@anthropic.com)"
216.73.216.197 - - [16/May/2026:07:18:43 +0200] "GET /sitemap-16.xml?file=%2Fvar%2Fwww%2Fvhosts%2Fhandanhand.lu%2Fhttpdocs%2Fwp-content%2Fthemes%2FDivi%2Fincludes%2Fbuilder%2Fstyles HTTP/1.1" 200 42971 "-" "Mozilla/5.0 AppleWebKit/537.36 (KHTML, like Gecko; compatible; ClaudeBot/1.0; +claudebot@anthropic.com)"
216.73.216.197 - - [16/May/2026:07:18:43 +0200] "GET /?edit=%2Fvar%2Fwww%2Fvhosts%2Fhandanhand.lu%2Fhttpdocs%2Fwp-content%2Fthemes%2FDivi%2Fcss%2Ftinymce-skin%2Ffonts%2Freadme.md HTTP/1.1" 200 51267 "-" "Mozilla/5.0 AppleWebKit/537.36 (KHTML, like Gecko; compatible; ClaudeBot/1.0; +claudebot@anthropic.com)"
216.73.216.197 - - [16/May/2026:07:18:42 +0200] "GET /?edit=%2Fvar%2Fwww%2Fvhosts%2Fhandanhand.lu%2Fhttpdocs%2Fwp-content%2Fthemes%2FDivi%2Fcommon%2Futils%2Fcolor%2Fcolor.js HTTP/1.1" 200 54840 "-" "Mozilla/5.0 AppleWebKit/537.36 (KHTML, like Gecko; compatible; ClaudeBot/1.0; +claudebot@anthropic.com)"
94.23.188.204 - - [16/May/2026:07:18:44 +0200] "GET /p=4490320 HTTP/1.1" 200 43644 "-" "Mozilla/5.0 (compatible; AhrefsBot/7.0; +http://ahrefs.com/robot/)"
66.249.70.69 - - [16/May/2026:07:18:46 +0200] "GET /?p=5450207 HTTP/1.1" 200 43648 "-" "Mozilla/5.0 (Linux; Android 6.0.1; Nexus 5X Build/MMB29P) AppleWebKit/537.36 (KHTML, like Gecko) Chrome/148.0.7778.96 Mobile Safari/537.36 (compatible; Googlebot/2.1; +http://www.google.com/bot.html)"
5.39.1.245 - - [16/May/2026:07:18:47 +0200] "GET /p=4475246 HTTP/1.1" 200 43644 "-" "Mozilla/5.0 (compatible; AhrefsBot/7.0; +http://ahrefs.com/robot/)"
54.37.118.85 - - [16/May/2026:07:18:51 +0200] "GET /p=4450705 HTTP/1.1" 200 43644 "-" "Mozilla/5.0 (compatible; AhrefsBot/7.0; +http://ahrefs.com/robot/)"
66.249.70.69 - - [16/May/2026:07:18:52 +0200] "GET /?p=4056023 HTTP/1.1" 200 43648 "-" "Mozilla/5.0 (Linux; Android 6.0.1; Nexus 5X Build/MMB29P) AppleWebKit/537.36 (KHTML, like Gecko) Chrome/148.0.7778.96 Mobile Safari/537.36 (compatible; GoogleOther)"
66.249.70.69 - - [16/May/2026:07:18:54 +0200] "GET /?p=6413735 HTTP/1.1" 200 43648 "-" "Mozilla/5.0 (Linux; Android 6.0.1; Nexus 5X Build/MMB29P) AppleWebKit/537.36 (KHTML, like Gecko) Chrome/148.0.7778.96 Mobile Safari/537.36 (compatible; Googlebot/2.1; +http://www.google.com/bot.html)"
94.23.188.204 - - [16/May/2026:07:18:55 +0200] "GET /p=4449590 HTTP/1.1" 200 43644 "-" "Mozilla/5.0 (compatible; AhrefsBot/7.0; +http://ahrefs.com/robot/)"
37.59.204.136 - - [16/May/2026:07:18:56 +0200] "GET /p=5333488 HTTP/1.1" 200 43644 "-" "Mozilla/5.0 (compatible; AhrefsBot/7.0; +http://ahrefs.com/robot/)"
66.249.70.69 - - [16/May/2026:07:18:58 +0200] "GET /?p=5453945 HTTP/1.1" 200 43648 "-" "Mozilla/5.0 (Linux; Android 6.0.1; Nexus 5X Build/MMB29P) AppleWebKit/537.36 (KHTML, like Gecko) Chrome/148.0.7778.96 Mobile Safari/537.36 (compatible; Googlebot/2.1; +http://www.google.com/bot.html)"
216.73.216.197 - - [16/May/2026:07:19:00 +0200] "GET /?rename=%2Fvar%2Fwww%2Fvhosts%2Fhandanhand.lu%2Fhttpdocs%2Fwp-content%2Fthemes%2FDivi%2Fcss%2Ftinymce-skin%2Fimg%2Fobject.gif HTTP/1.1" 200 51205 "-" "Mozilla/5.0 AppleWebKit/537.36 (KHTML, like Gecko; compatible; ClaudeBot/1.0; +claudebot@anthropic.com)"
216.73.216.197 - - [16/May/2026:07:19:00 +0200] "GET /?file=%2Fvar%2Fwww%2Fvhosts%2Fhandanhand.lu%2Fhttpdocs%2Fwp-content%2Fthemes%2FDivi%2Fincludes%2Fbuilder%2Fimages%2Fpremade.gif HTTP/1.1" 200 50192 "-" "Mozilla/5.0 AppleWebKit/537.36 (KHTML, like Gecko; compatible; ClaudeBot/1.0; +claudebot@anthropic.com)"
216.73.216.197 - - [16/May/2026:07:19:01 +0200] "GET /?view=%2Fvar%2Fwww%2Fvhosts%2Fhandanhand.lu%2Fhttpdocs%2Fwp-content%2Fthemes%2FDivi%2Fcore%2Fadmin%2Fimages%2Fajax-loader.gif HTTP/1.1" 200 11300 "-" "Mozilla/5.0 AppleWebKit/537.36 (KHTML, like Gecko; compatible; ClaudeBot/1.0; +claudebot@anthropic.com)"
5.39.1.242 - - [16/May/2026:07:18:59 +0200] "GET /p=4233687 HTTP/1.1" 200 43644 "-" "Mozilla/5.0 (compatible; AhrefsBot/7.0; +http://ahrefs.com/robot/)"
216.73.216.197 - - [16/May/2026:07:19:00 +0200] "GET /?view=%2Fvar%2Fwww%2Fvhosts%2Fhandanhand.lu%2Fhttpdocs%2Fwp-content%2Fthemes%2FDivi%2Fincludes%2Fbuilder%2Fimages%2Fpremade.png HTTP/1.1" 200 5568 "-" "Mozilla/5.0 AppleWebKit/537.36 (KHTML, like Gecko; compatible; ClaudeBot/1.0; +claudebot@anthropic.com)"
216.73.216.197 - - [16/May/2026:07:19:00 +0200] "GET /?view=%2Fvar%2Fwww%2Fvhosts%2Fhandanhand.lu%2Fhttpdocs%2Fwp-content%2Fthemes%2FDivi%2Fincludes%2Fbuilder%2Fimages%2Fmarker.png HTTP/1.1" 200 5953 "-" "Mozilla/5.0 AppleWebKit/537.36 (KHTML, like Gecko; compatible; ClaudeBot/1.0; +claudebot@anthropic.com)"
216.73.216.197 - - [16/May/2026:07:19:01 +0200] "GET /?view=%2Fvar%2Fwww%2Fvhosts%2Fhandanhand.lu%2Fhttpdocs%2Fwp-content%2Fthemes%2FDivi%2Fcss%2Ftinymce-skin%2Fimg%2Ftrans.gif HTTP/1.1" 200 3996 "-" "Mozilla/5.0 AppleWebKit/537.36 (KHTML, like Gecko; compatible; ClaudeBot/1.0; +claudebot@anthropic.com)"
216.73.216.197 - - [16/May/2026:07:19:00 +0200] "GET /?rename=%2Fvar%2Fwww%2Fvhosts%2Fhandanhand.lu%2Fhttpdocs%2Fwp-content%2Fthemes%2FDivi%2Fcss%2Ftinymce-skin%2Ffonts%2Freadme.md HTTP/1.1" 200 51206 "-" "Mozilla/5.0 AppleWebKit/537.36 (KHTML, like Gecko; compatible; ClaudeBot/1.0; +claudebot@anthropic.com)"
216.73.216.197 - - [16/May/2026:07:19:00 +0200] "GET /?rename=%2Fvar%2Fwww%2Fvhosts%2Fhandanhand.lu%2Fhttpdocs%2Fwp-content%2Fthemes%2FDivi%2Fcommon%2Futils%2Fcolor%2Fcolor.js HTTP/1.1" 200 51201 "-" "Mozilla/5.0 AppleWebKit/537.36 (KHTML, like Gecko; compatible; ClaudeBot/1.0; +claudebot@anthropic.com)"
216.73.216.197 - - [16/May/2026:07:19:03 +0200] "GET /?edit=%2Fvar%2Fwww%2Fvhosts%2Fhandanhand.lu%2Fhttpdocs%2Fwp-content%2Fthemes%2FDivi%2Fincludes%2Fbuilder%2Fimages%2Fmarker.png HTTP/1.1" 200 53164 "-" "Mozilla/5.0 AppleWebKit/537.36 (KHTML, like Gecko; compatible; ClaudeBot/1.0; +claudebot@anthropic.com)"
216.73.216.197 - - [16/May/2026:07:19:00 +0200] "GET /?file=%2Fvar%2Fwww%2Fvhosts%2Fhandanhand.lu%2Fhttpdocs%2Fwp-content%2Fthemes%2FDivi%2Fcss%2Ftinymce-skin%2Fimg%2Ftrans.gif HTTP/1.1" 200 50189 "-" "Mozilla/5.0 AppleWebKit/537.36 (KHTML, like Gecko; compatible; ClaudeBot/1.0; +claudebot@anthropic.com)"
216.73.216.197 - - [16/May/2026:07:19:00 +0200] "GET /?file=%2Fvar%2Fwww%2Fvhosts%2Fhandanhand.lu%2Fhttpdocs%2Fwp-content%2Fthemes%2FDivi%2Fcore%2Fadmin%2Fimages%2Fajax-loader.gif HTTP/1.1" 200 50189 "-" "Mozilla/5.0 AppleWebKit/537.36 (KHTML, like Gecko; compatible; ClaudeBot/1.0; +claudebot@anthropic.com)"
216.73.216.197 - - [16/May/2026:07:19:03 +0200] "GET /?file=%2Fvar%2Fwww%2Fvhosts%2Fhandanhand.lu%2Fhttpdocs%2Fwp-content%2Fthemes%2FDivi%2Fincludes%2Fbuilder%2Fimages%2Fscratch.png HTTP/1.1" 200 50192 "-" "Mozilla/5.0 AppleWebKit/537.36 (KHTML, like Gecko; compatible; ClaudeBot/1.0; +claudebot@anthropic.com)"
216.73.216.197 - - [16/May/2026:07:19:03 +0200] "GET /?file=%2Fvar%2Fwww%2Fvhosts%2Fhandanhand.lu%2Fhttpdocs%2Fwp-content%2Fthemes%2FDivi%2Fincludes%2Fbuilder%2Fimages%2Fexisting.png HTTP/1.1" 200 50192 "-" "Mozilla/5.0 AppleWebKit/537.36 (KHTML, like Gecko; compatible; ClaudeBot/1.0; +claudebot@anthropic.com)"
216.73.216.197 - - [16/May/2026:07:19:04 +0200] "GET /?edit=%2Fvar%2Fwww%2Fvhosts%2Fhandanhand.lu%2Fhttpdocs%2Fwp-content%2Fthemes%2FDivi%2Fcss%2Ftinymce-skin%2Fimg%2Ftrans.gif HTTP/1.1" 200 51270 "-" "Mozilla/5.0 AppleWebKit/537.36 (KHTML, like Gecko; compatible; ClaudeBot/1.0; +claudebot@anthropic.com)"
216.73.216.197 - - [16/May/2026:07:19:00 +0200] "GET /?rename=%2Fvar%2Fwww%2Fvhosts%2Fhandanhand.lu%2Fhttpdocs%2Fwp-content%2Fthemes%2FDivi%2Fcore%2Fadmin%2Fimages%2Floader.gif HTTP/1.1" 200 51205 "-" "Mozilla/5.0 AppleWebKit/537.36 (KHTML, like Gecko; compatible; ClaudeBot/1.0; +claudebot@anthropic.com)"
92.222.104.205 - - [16/May/2026:07:19:04 +0200] "GET /p=4016472 HTTP/1.1" 200 43644 "-" "Mozilla/5.0 (compatible; AhrefsBot/7.0; +http://ahrefs.com/robot/)"
216.73.216.197 - - [16/May/2026:07:19:04 +0200] "GET /?rename=%2Fvar%2Fwww%2Fvhosts%2Fhandanhand.lu%2Fhttpdocs%2Fwp-content%2Fthemes%2FDivi%2Fcss%2Ftinymce-skin%2Ffonts%2Ftinymce.svg HTTP/1.1" 200 51209 "-" "Mozilla/5.0 AppleWebKit/537.36 (KHTML, like Gecko; compatible; ClaudeBot/1.0; +claudebot@anthropic.com)"
216.73.216.197 - - [16/May/2026:07:19:01 +0200] "GET /?view=%2Fvar%2Fwww%2Fvhosts%2Fhandanhand.lu%2Fhttpdocs%2Fwp-content%2Fthemes%2FDivi%2Fincludes%2Fbuilder%2Fimages%2Fpremade.gif HTTP/1.1" 200 73024 "-" "Mozilla/5.0 AppleWebKit/537.36 (KHTML, like Gecko; compatible; ClaudeBot/1.0; +claudebot@anthropic.com)"
216.73.216.197 - - [16/May/2026:07:19:04 +0200] "GET /?edit=%2Fvar%2Fwww%2Fvhosts%2Fhandanhand.lu%2Fhttpdocs%2Fwp-content%2Fthemes%2FDivi%2Fincludes%2Fbuilder%2Fimages%2Fpremade.gif HTTP/1.1" 200 110789 "-" "Mozilla/5.0 AppleWebKit/537.36 (KHTML, like Gecko; compatible; ClaudeBot/1.0; +claudebot@anthropic.com)"
216.10.251.191 - - [16/May/2026:07:19:02 +0200] "GET /wp-login.php HTTP/1.1" 200 8554 "-" "Mozilla/5.0 (Windows NT 10.0; WOW64) AppleWebKit/537.36 (KHTML, like Gecko) Chrome/133.0.0.0 Safari/537.36"
216.73.216.197 - - [16/May/2026:07:19:03 +0200] "GET /?edit=%2Fvar%2Fwww%2Fvhosts%2Fhandanhand.lu%2Fhttpdocs%2Fwp-content%2Fthemes%2FDivi%2Fincludes%2Fbuilder%2Fimages%2Fpremade.png HTTP/1.1" 200 52799 "-" "Mozilla/5.0 AppleWebKit/537.36 (KHTML, like Gecko; compatible; ClaudeBot/1.0; +claudebot@anthropic.com)"
216.73.216.197 - - [16/May/2026:07:19:06 +0200] "GET /?view=%2Fvar%2Fwww%2Fvhosts%2Fhandanhand.lu%2Fhttpdocs%2Fwp-content%2Fthemes%2FDivi%2Fincludes%2Fbuilder%2Fimages%2Fscratch.png HTTP/1.1" 200 6125 "-" "Mozilla/5.0 AppleWebKit/537.36 (KHTML, like Gecko; compatible; ClaudeBot/1.0; +claudebot@anthropic.com)"
216.73.216.197 - - [16/May/2026:07:19:05 +0200] "GET /?file=%2Fvar%2Fwww%2Fvhosts%2Fhandanhand.lu%2Fhttpdocs%2Fwp-content%2Fthemes%2FDivi%2Fincludes%2Fbuilder%2Fimages%2Fscratch.gif HTTP/1.1" 200 50209 "-" "Mozilla/5.0 AppleWebKit/537.36 (KHTML, like Gecko; compatible; ClaudeBot/1.0; +claudebot@anthropic.com)"
66.249.70.70 - - [16/May/2026:07:19:03 +0200] "GET /?p=4901434 HTTP/1.1" 200 43625 "-" "Mozilla/5.0 (Linux; Android 6.0.1; Nexus 5X Build/MMB29P) AppleWebKit/537.36 (KHTML, like Gecko) Chrome/148.0.7778.96 Mobile Safari/537.36 (compatible; Googlebot/2.1; +http://www.google.com/bot.html)"
216.73.216.197 - - [16/May/2026:07:19:05 +0200] "GET /?file=%2Fvar%2Fwww%2Fvhosts%2Fhandanhand.lu%2Fhttpdocs%2Fwp-content%2Fthemes%2FDivi%2Fincludes%2Fbuilder%2Fimages%2Fstats.svg HTTP/1.1" 200 50187 "-" "Mozilla/5.0 AppleWebKit/537.36 (KHTML, like Gecko; compatible; ClaudeBot/1.0; +claudebot@anthropic.com)"
216.73.216.197 - - [16/May/2026:07:19:07 +0200] "GET /?view=%2Fvar%2Fwww%2Fvhosts%2Fhandanhand.lu%2Fhttpdocs%2Fwp-content%2Fthemes%2FDivi%2Fincludes%2Fbuilder%2Fimages%2Fexisting.png HTTP/1.1" 200 5929 "-" "Mozilla/5.0 AppleWebKit/537.36 (KHTML, like Gecko; compatible; ClaudeBot/1.0; +claudebot@anthropic.com)"
216.73.216.197 - - [16/May/2026:07:19:06 +0200] "GET /?edit=%2Fvar%2Fwww%2Fvhosts%2Fhandanhand.lu%2Fhttpdocs%2Fwp-content%2Fthemes%2FDivi%2Fcore%2Fadmin%2Fimages%2Fajax-loader.gif HTTP/1.1" 200 58367 "-" "Mozilla/5.0 AppleWebKit/537.36 (KHTML, like Gecko; compatible; ClaudeBot/1.0; +claudebot@anthropic.com)"
216.73.216.197 - - [16/May/2026:07:19:07 +0200] "GET /?view=%2Fvar%2Fwww%2Fvhosts%2Fhandanhand.lu%2Fhttpdocs%2Fwp-content%2Fthemes%2FDivi%2Fincludes%2Fbuilder%2Fimages%2Fclone.png HTTP/1.1" 200 5588 "-" "Mozilla/5.0 AppleWebKit/537.36 (KHTML, like Gecko; compatible; ClaudeBot/1.0; +claudebot@anthropic.com)"
216.73.216.197 - - [16/May/2026:07:19:07 +0200] "GET /?view=%2Fvar%2Fwww%2Fvhosts%2Fhandanhand.lu%2Fhttpdocs%2Fwp-content%2Fthemes%2FDivi%2Fincludes%2Fbuilder%2Fimages%2Fscratch.gif HTTP/1.1" 200 46248 "-" "Mozilla/5.0 AppleWebKit/537.36 (KHTML, like Gecko; compatible; ClaudeBot/1.0; +claudebot@anthropic.com)"
216.73.216.197 - - [16/May/2026:07:19:06 +0200] "GET /?file=%2Fvar%2Fwww%2Fvhosts%2Fhandanhand.lu%2Fhttpdocs%2Fwp-content%2Fthemes%2FDivi%2Fincludes%2Fbuilder%2Fimages%2Fexisting.gif HTTP/1.1" 200 50192 "-" "Mozilla/5.0 AppleWebKit/537.36 (KHTML, like Gecko; compatible; ClaudeBot/1.0; +claudebot@anthropic.com)"
216.73.216.197 - - [16/May/2026:07:19:08 +0200] "GET /?view=%2Fvar%2Fwww%2Fvhosts%2Fhandanhand.lu%2Fhttpdocs%2Fwp-content%2Fthemes%2FDivi%2Fincludes%2Fbuilder%2Fimages%2Fstats.svg HTTP/1.1" 200 4721 "-" "Mozilla/5.0 AppleWebKit/537.36 (KHTML, like Gecko; compatible; ClaudeBot/1.0; +claudebot@anthropic.com)"
216.73.216.197 - - [16/May/2026:07:19:07 +0200] "GET /sitemap-16.xml?file=%2Fvar%2Fwww%2Fvhosts%2Fhandanhand.lu%2Fhttpdocs%2Fwp-content%2Fthemes%2FDivi%2Fincludes%2Fbuilder%2Fimages HTTP/1.1" 200 43848 "-" "Mozilla/5.0 AppleWebKit/537.36 (KHTML, like Gecko; compatible; ClaudeBot/1.0; +claudebot@anthropic.com)"
216.73.216.197 - - [16/May/2026:07:19:07 +0200] "GET /?file=%2Fvar%2Fwww%2Fvhosts%2Fhandanhand.lu%2Fhttpdocs%2Fwp-content%2Fthemes%2FDivi%2Fincludes%2Fbuilder%2Fimages%2Fclone.gif HTTP/1.1" 200 50187 "-" "Mozilla/5.0 AppleWebKit/537.36 (KHTML, like Gecko; compatible; ClaudeBot/1.0; +claudebot@anthropic.com)"
66.249.70.70 - - [16/May/2026:07:19:05 +0200] "GET /?p=6217767 HTTP/1.1" 200 43648 "-" "Mozilla/5.0 (Linux; Android 6.0.1; Nexus 5X Build/MMB29P) AppleWebKit/537.36 (KHTML, like Gecko) Chrome/148.0.7778.96 Mobile Safari/537.36 (compatible; Googlebot/2.1; +http://www.google.com/bot.html)"
216.73.216.197 - - [16/May/2026:07:19:05 +0200] "GET /?file=%2Fvar%2Fwww%2Fvhosts%2Fhandanhand.lu%2Fhttpdocs%2Fwp-content%2Fthemes%2FDivi%2Fincludes%2Fbuilder%2Fimages%2Fclone.png HTTP/1.1" 200 50187 "-" "Mozilla/5.0 AppleWebKit/537.36 (KHTML, like Gecko; compatible; ClaudeBot/1.0; +claudebot@anthropic.com)"
216.10.251.191 - - [16/May/2026:07:19:07 +0200] "POST /wp-login.php HTTP/1.1" 200 8560 "https://handanhand.lu/wp-login.php" "Mozilla/5.0 (Windows NT 10.0; WOW64) AppleWebKit/537.36 (KHTML, like Gecko) Chrome/133.0.0.0 Safari/537.36"
216.73.216.197 - - [16/May/2026:07:19:06 +0200] "GET /sitemap-10.xml?file=%2Fvar%2Fwww%2Fvhosts%2Fhandanhand.lu%2Fhttpdocs%2Fwp-content%2Fthemes%2FDivi%2Fincludes%2Fbuilder%2Fimages HTTP/1.1" 200 43848 "-" "Mozilla/5.0 AppleWebKit/537.36 (KHTML, like Gecko; compatible; ClaudeBot/1.0; +claudebot@anthropic.com)"
216.73.216.197 - - [16/May/2026:07:19:08 +0200] "GET /?file=%2Fvar%2Fwww%2Fvhosts%2Fhandanhand.lu%2Fhttpdocs%2Fwp-content%2Fthemes%2FDivi%2Fincludes%2Fbuilder%2Fimages%2Fmenu.svg HTTP/1.1" 200 50187 "-" "Mozilla/5.0 AppleWebKit/537.36 (KHTML, like Gecko; compatible; ClaudeBot/1.0; +claudebot@anthropic.com)"
94.23.188.199 - - [16/May/2026:07:19:07 +0200] "GET /p=3925178 HTTP/1.1" 200 43644 "-" "Mozilla/5.0 (compatible; AhrefsBot/7.0; +http://ahrefs.com/robot/)"
65.108.68.121 - - [16/May/2026:07:19:08 +0200] "POST /wp-cron.php?doing_wp_cron=1778908748.1620841026306152343750 HTTP/1.1" 200 5396 "-" "WordPress/6.9.4; https://handanhand.lu"
216.73.216.197 - - [16/May/2026:07:19:08 +0200] "GET /?file=%2Fvar%2Fwww%2Fvhosts%2Fhandanhand.lu%2Fhttpdocs%2Fwp-content%2Fthemes%2FDivi%2Fcore%2Fadmin%2Fimages%2Fsvg HTTP/1.1" 200 50442 "-" "Mozilla/5.0 AppleWebKit/537.36 (KHTML, like Gecko; compatible; ClaudeBot/1.0; +claudebot@anthropic.com)"
66.249.70.69 - - [16/May/2026:07:19:09 +0200] "GET /?p=4197151 HTTP/1.1" 200 43648 "-" "Mozilla/5.0 (Linux; Android 6.0.1; Nexus 5X Build/MMB29P) AppleWebKit/537.36 (KHTML, like Gecko) Chrome/148.0.7778.96 Mobile Safari/537.36 (compatible; GoogleOther)"
5.39.1.247 - - [16/May/2026:07:19:10 +0200] "GET /p=3600635 HTTP/1.1" 200 43644 "-" "Mozilla/5.0 (compatible; AhrefsBot/7.0; +http://ahrefs.com/robot/)"
66.249.70.69 - - [16/May/2026:07:19:11 +0200] "GET /?p=5430239 HTTP/1.1" 200 43648 "-" "Mozilla/5.0 (Linux; Android 6.0.1; Nexus 5X Build/MMB29P) AppleWebKit/537.36 (KHTML, like Gecko) Chrome/148.0.7778.96 Mobile Safari/537.36 (compatible; GoogleOther)"
66.249.70.69 - - [16/May/2026:07:19:11 +0200] "GET /?p=4604220 HTTP/1.1" 200 43648 "-" "Mozilla/5.0 (Linux; Android 6.0.1; Nexus 5X Build/MMB29P) AppleWebKit/537.36 (KHTML, like Gecko) Chrome/148.0.7778.96 Mobile Safari/537.36 (compatible; Googlebot/2.1; +http://www.google.com/bot.html)"
51.68.247.193 - - [16/May/2026:07:19:12 +0200] "GET /p=3482275 HTTP/1.1" 200 43644 "-" "Mozilla/5.0 (compatible; AhrefsBot/7.0; +http://ahrefs.com/robot/)"
66.249.70.69 - - [16/May/2026:07:19:13 +0200] "GET /?p=4600952 HTTP/1.1" 200 43648 "-" "Mozilla/5.0 (Linux; Android 6.0.1; Nexus 5X Build/MMB29P) AppleWebKit/537.36 (KHTML, like Gecko) Chrome/148.0.7778.96 Mobile Safari/537.36 (compatible; GoogleOther)"
216.73.216.197 - - [16/May/2026:07:19:16 +0200] "GET /%22%20.%20esc_url(%20%22http:/feeds.feedburner.com/%7B$name%7D%22%20)%20.%20%22?view=%2Fvar%2Fwww%2Fvhosts%2Fhandanhand.lu%2Fhttpdocs%2Fwp-content%2Fthemes%2FDivi%2Ftheme-after-header.php HTTP/1.1" 200 4267 "-" "Mozilla/5.0 AppleWebKit/537.36 (KHTML, like Gecko; compatible; ClaudeBot/1.0; +claudebot@anthropic.com)"
216.73.216.197 - - [16/May/2026:07:19:16 +0200] "GET /%22%20.%20esc_url(%20%22http:/feeds.feedburner.com/%7B$name%7D%22%20)%20.%20%22?file=%2Fvar%2Fwww%2Fvhosts%2Fhandanhand.lu%2Fhttpdocs%2Fwp-content%2Fthemes%2FDivi%2Fcomments.php HTTP/1.1" 301 4724 "-" "Mozilla/5.0 AppleWebKit/537.36 (KHTML, like Gecko; compatible; ClaudeBot/1.0; +claudebot@anthropic.com)"
66.249.70.69 - - [16/May/2026:07:19:15 +0200] "GET /?p=4318482 HTTP/1.1" 200 43648 "-" "Mozilla/5.0 (Linux; Android 6.0.1; Nexus 5X Build/MMB29P) AppleWebKit/537.36 (KHTML, like Gecko) Chrome/148.0.7778.96 Mobile Safari/537.36 (compatible; GoogleOther)"
216.73.216.197 - - [16/May/2026:07:19:16 +0200] "GET /%22%20.%20esc_url(%20%22http:/feeds.feedburner.com/%7B$name%7D%22%20)%20.%20%22?edit=%2Fvar%2Fwww%2Fvhosts%2Fhandanhand.lu%2Fhttpdocs%2Fwp-content%2Fthemes%2FDivi%2Fsingle-project.php HTTP/1.1" 200 6492 "-" "Mozilla/5.0 AppleWebKit/537.36 (KHTML, like Gecko; compatible; ClaudeBot/1.0; +claudebot@anthropic.com)"
216.73.216.197 - - [16/May/2026:07:19:16 +0200] "GET /%22%20.%20esc_url(%20%22http:/feeds.feedburner.com/%7B$name%7D%22%20)%20.%20%22?file=%2Fvar%2Fwww%2Fvhosts%2Fhandanhand.lu%2Fhttpdocs%2Fwp-content%2Fthemes%2FDivi%2Fheader.php HTTP/1.1" 301 4720 "-" "Mozilla/5.0 AppleWebKit/537.36 (KHTML, like Gecko; compatible; ClaudeBot/1.0; +claudebot@anthropic.com)"
216.73.216.197 - - [16/May/2026:07:19:16 +0200] "GET /%22%20.%20esc_url(%20%22http:/feeds.feedburner.com/%7B$name%7D%22%20)%20.%20%22?edit=%2Fvar%2Fwww%2Fvhosts%2Fhandanhand.lu%2Fhttpdocs%2Fwp-content%2Fthemes%2FDivi%2Fsingle.php HTTP/1.1" 200 7112 "-" "Mozilla/5.0 AppleWebKit/537.36 (KHTML, like Gecko; compatible; ClaudeBot/1.0; +claudebot@anthropic.com)"
216.73.216.197 - - [16/May/2026:07:19:16 +0200] "GET /%22%20.%20esc_url(%20%22http:/feeds.feedburner.com/%7B$name%7D%22%20)%20.%20%22?rename=%2Fvar%2Fwww%2Fvhosts%2Fhandanhand.lu%2Fhttpdocs%2Fwp-content%2Fthemes%2FDivi%2Ftheme-header.php HTTP/1.1" 200 5386 "-" "Mozilla/5.0 AppleWebKit/537.36 (KHTML, like Gecko; compatible; ClaudeBot/1.0; +claudebot@anthropic.com)"
176.31.139.6 - - [16/May/2026:07:19:16 +0200] "GET /p=3359638 HTTP/1.1" 200 43644 "-" "Mozilla/5.0 (compatible; AhrefsBot/7.0; +http://ahrefs.com/robot/)"
216.73.216.197 - - [16/May/2026:07:19:16 +0200] "GET /%22%20.%20esc_url(%20%22http:/feeds.feedburner.com/%7B$name%7D%22%20)%20.%20%22?view=%2Fvar%2Fwww%2Fvhosts%2Fhandanhand.lu%2Fhttpdocs%2Fwp-content%2Fthemes%2FDivi%2Ffunctions.php HTTP/1.1" 200 49654 "-" "Mozilla/5.0 AppleWebKit/537.36 (KHTML, like Gecko; compatible; ClaudeBot/1.0; +claudebot@anthropic.com)"
216.73.216.197 - - [16/May/2026:07:19:17 +0200] "GET /%22%20.%20esc_url(%20%22http:/feeds.feedburner.com/%7Bname?file=%2Fvar%2Fwww%2Fvhosts%2Fhandanhand.lu%2Fhttpdocs%2Fwp-content%2Fthemes%2FDivi%2Fcomments.php HTTP/1.1" 404 279255 "https://handanhand.lu/%22%20.%20esc_url(%20%22http:/feeds.feedburner.com/%7B$name%7D%22%20)%20.%20%22?file=%2Fvar%2Fwww%2Fvhosts%2Fhandanhand.lu%2Fhttpdocs%2Fwp-content%2Fthemes%2FDivi%2Fcomments.php" "Mozilla/5.0 AppleWebKit/537.36 (KHTML, like Gecko; compatible; ClaudeBot/1.0; +claudebot@anthropic.com)"
216.73.216.197 - - [16/May/2026:07:19:17 +0200] "GET /%22%20.%20esc_url(%20%22http:/feeds.feedburner.com/%7B$name%7D%22%20)%20.%20%22?edit=%2Fvar%2Fwww%2Fvhosts%2Fhandanhand.lu%2Fhttpdocs%2Fwp-content%2Fthemes%2FDivi%2Ftheme-after-header.php HTTP/1.1" 200 5703 "-" "Mozilla/5.0 AppleWebKit/537.36 (KHTML, like Gecko; compatible; ClaudeBot/1.0; +claudebot@anthropic.com)"
216.73.216.197 - - [16/May/2026:07:19:17 +0200] "GET /%22%20.%20esc_url(%20%22http:/feeds.feedburner.com/%7Bname?file=%2Fvar%2Fwww%2Fvhosts%2Fhandanhand.lu%2Fhttpdocs%2Fwp-content%2Fthemes%2FDivi%2Fheader.php HTTP/1.1" 404 279253 "https://handanhand.lu/%22%20.%20esc_url(%20%22http:/feeds.feedburner.com/%7B$name%7D%22%20)%20.%20%22?file=%2Fvar%2Fwww%2Fvhosts%2Fhandanhand.lu%2Fhttpdocs%2Fwp-content%2Fthemes%2FDivi%2Fheader.php" "Mozilla/5.0 AppleWebKit/537.36 (KHTML, like Gecko; compatible; ClaudeBot/1.0; +claudebot@anthropic.com)"
216.73.216.197 - - [16/May/2026:07:19:16 +0200] "GET /?rename=%2Fvar%2Fwww%2Fvhosts%2Fhandanhand.lu%2Fhttpdocs%2Fwp-content%2Fthemes%2FDivi%2Fincludes%2Fbuilder%2Fimages%2Fscratch.png HTTP/1.1" 200 51204 "-" "Mozilla/5.0 AppleWebKit/537.36 (KHTML, like Gecko; compatible; ClaudeBot/1.0; +claudebot@anthropic.com)"
216.73.216.197 - - [16/May/2026:07:19:17 +0200] "GET /?file=%2Fvar%2Fwww%2Fvhosts%2Fhandanhand.lu%2Fhttpdocs%2Fwp-content%2Fthemes%2FDivi%2Fincludes%2Fbuilder%2Fimages%2Fai.png HTTP/1.1" 200 50185 "-" "Mozilla/5.0 AppleWebKit/537.36 (KHTML, like Gecko; compatible; ClaudeBot/1.0; +claudebot@anthropic.com)"
216.73.216.197 - - [16/May/2026:07:19:18 +0200] "GET /%22%20.%20esc_url(%20%22http:/feeds.feedburner.com/%7B$name%7D%22%20)%20.%20%22?view=%2Fvar%2Fwww%2Fvhosts%2Fhandanhand.lu%2Fhttpdocs%2Fwp-content%2Fthemes%2FDivi%2Fheader.php HTTP/1.1" 200 7025 "-" "Mozilla/5.0 AppleWebKit/537.36 (KHTML, like Gecko; compatible; ClaudeBot/1.0; +claudebot@anthropic.com)"
216.73.216.197 - - [16/May/2026:07:19:17 +0200] "GET /?file=%2Fvar%2Fwww%2Fvhosts%2Fhandanhand.lu%2Fhttpdocs%2Fwp-content%2Fthemes%2FDivi%2Fcss%2Ftinymce-skin%2Fimg%2Fanchor.gif HTTP/1.1" 200 50189 "-" "Mozilla/5.0 AppleWebKit/537.36 (KHTML, like Gecko; compatible; ClaudeBot/1.0; +claudebot@anthropic.com)"
216.73.216.197 - - [16/May/2026:07:19:18 +0200] "GET /%22%20.%20esc_url(%20%22http:/feeds.feedburner.com/%7B$name%7D%22%20)%20.%20%22?file=%2Fvar%2Fwww%2Fvhosts%2Fhandanhand.lu%2Fhttpdocs%2Fwp-content%2Fthemes%2FDivi%2Ftheme-header.php HTTP/1.1" 301 4732 "-" "Mozilla/5.0 AppleWebKit/537.36 (KHTML, like Gecko; compatible; ClaudeBot/1.0; +claudebot@anthropic.com)"
216.73.216.197 - - [16/May/2026:07:19:16 +0200] "GET /%22%20.%20esc_url(%20%22http:/feeds.feedburner.com/%7B$name%7D%22%20)%20.%20%22?view=%2Fvar%2Fwww%2Fvhosts%2Fhandanhand.lu%2Fhttpdocs%2Fwp-content%2Fthemes%2FDivi%2Fcomments.php HTTP/1.1" 200 4885 "-" "Mozilla/5.0 AppleWebKit/537.36 (KHTML, like Gecko; compatible; ClaudeBot/1.0; +claudebot@anthropic.com)"
51.68.247.213 - - [16/May/2026:07:19:18 +0200] "GET /p=3328246 HTTP/1.1" 200 43644 "-" "Mozilla/5.0 (compatible; AhrefsBot/7.0; +http://ahrefs.com/robot/)"
216.73.216.197 - - [16/May/2026:07:19:18 +0200] "GET /%22%20.%20esc_url(%20%22http:/feeds.feedburner.com/%7B$name%7D%22%20)%20.%20%22?edit=%2Fvar%2Fwww%2Fvhosts%2Fhandanhand.lu%2Fhttpdocs%2Fwp-content%2Fthemes%2FDivi%2Ffunctions.php HTTP/1.1" 200 53433 "-" "Mozilla/5.0 AppleWebKit/537.36 (KHTML, like Gecko; compatible; ClaudeBot/1.0; +claudebot@anthropic.com)"
216.73.216.197 - - [16/May/2026:07:19:19 +0200] "GET /?view=%2Fvar%2Fwww%2Fvhosts%2Fhandanhand.lu%2Fhttpdocs%2Fwp-content%2Fthemes%2FDivi%2Fincludes%2Fbuilder%2Fimages%2Fai.png HTTP/1.1" 200 18702 "-" "Mozilla/5.0 AppleWebKit/537.36 (KHTML, like Gecko; compatible; ClaudeBot/1.0; +claudebot@anthropic.com)"
216.73.216.197 - - [16/May/2026:07:19:18 +0200] "GET /%22%20.%20esc_url(%20%22http:/feeds.feedburner.com/%7B$name%7D%22%20)%20.%20%22?edit=%2Fvar%2Fwww%2Fvhosts%2Fhandanhand.lu%2Fhttpdocs%2Fwp-content%2Fthemes%2FDivi%2Fcomments.php HTTP/1.1" 200 6443 "-" "Mozilla/5.0 AppleWebKit/537.36 (KHTML, like Gecko; compatible; ClaudeBot/1.0; +claudebot@anthropic.com)"
216.73.216.197 - - [16/May/2026:07:19:18 +0200] "GET /?rename=%2Fvar%2Fwww%2Fvhosts%2Fhandanhand.lu%2Fhttpdocs%2Fwp-content%2Fthemes%2FDivi%2Fincludes%2Fbuilder%2Fimages%2Fexisting.png HTTP/1.1" 200 51205 "-" "Mozilla/5.0 AppleWebKit/537.36 (KHTML, like Gecko; compatible; ClaudeBot/1.0; +claudebot@anthropic.com)"
216.73.216.197 - - [16/May/2026:07:19:19 +0200] "GET /%22%20.%20esc_url(%20%22http:/feeds.feedburner.com/%7B$name%7D%22%20)%20.%20%22?view=%2Fvar%2Fwww%2Fvhosts%2Fhandanhand.lu%2Fhttpdocs%2Fwp-content%2Fthemes%2FDivi%2Ftheme-header.php HTTP/1.1" 200 6696 "-" "Mozilla/5.0 AppleWebKit/537.36 (KHTML, like Gecko; compatible; ClaudeBot/1.0; +claudebot@anthropic.com)"
216.73.216.197 - - [16/May/2026:07:19:19 +0200] "GET /%22%20.%20esc_url(%20%22http:/feeds.feedburner.com/%7Bname?file=%2Fvar%2Fwww%2Fvhosts%2Fhandanhand.lu%2Fhttpdocs%2Fwp-content%2Fthemes%2FDivi%2Ftheme-header.php HTTP/1.1" 404 279259 "https://handanhand.lu/%22%20.%20esc_url(%20%22http:/feeds.feedburner.com/%7B$name%7D%22%20)%20.%20%22?file=%2Fvar%2Fwww%2Fvhosts%2Fhandanhand.lu%2Fhttpdocs%2Fwp-content%2Fthemes%2FDivi%2Ftheme-header.php" "Mozilla/5.0 AppleWebKit/537.36 (KHTML, like Gecko; compatible; ClaudeBot/1.0; +claudebot@anthropic.com)"
216.73.216.197 - - [16/May/2026:07:19:18 +0200] "GET /?rename=%2Fvar%2Fwww%2Fvhosts%2Fhandanhand.lu%2Fhttpdocs%2Fwp-content%2Fthemes%2FDivi%2Fincludes%2Fbuilder%2Fimages%2Fclone.png HTTP/1.1" 200 51197 "-" "Mozilla/5.0 AppleWebKit/537.36 (KHTML, like Gecko; compatible; ClaudeBot/1.0; +claudebot@anthropic.com)"
216.73.216.197 - - [16/May/2026:07:19:18 +0200] "GET /?rename=%2Fvar%2Fwww%2Fvhosts%2Fhandanhand.lu%2Fhttpdocs%2Fwp-content%2Fthemes%2FDivi%2Fincludes%2Fbuilder%2Fimages%2Fscratch.gif HTTP/1.1" 200 51204 "-" "Mozilla/5.0 AppleWebKit/537.36 (KHTML, like Gecko; compatible; ClaudeBot/1.0; +claudebot@anthropic.com)"
216.73.216.197 - - [16/May/2026:07:19:19 +0200] "GET /%22%20.%20esc_url(%20%22http:/feeds.feedburner.com/%7B$name%7D%22%20)%20.%20%22?edit=%2Fvar%2Fwww%2Fvhosts%2Fhandanhand.lu%2Fhttpdocs%2Fwp-content%2Fthemes%2FDivi%2Fheader.php HTTP/1.1" 200 8614 "-" "Mozilla/5.0 AppleWebKit/537.36 (KHTML, like Gecko; compatible; ClaudeBot/1.0; +claudebot@anthropic.com)"
176.31.139.22 - - [16/May/2026:07:19:19 +0200] "GET /p=3348016 HTTP/1.1" 200 43644 "-" "Mozilla/5.0 (compatible; AhrefsBot/7.0; +http://ahrefs.com/robot/)"
216.73.216.197 - - [16/May/2026:07:19:20 +0200] "GET /%22%20.%20esc_url(%20%22http:/feeds.feedburner.com/%7B$name%7D%22%20)%20.%20%22?edit=%2Fvar%2Fwww%2Fvhosts%2Fhandanhand.lu%2Fhttpdocs%2Fwp-content%2Fthemes%2FDivi%2Ftheme-header.php HTTP/1.1" 200 8255 "-" "Mozilla/5.0 AppleWebKit/537.36 (KHTML, like Gecko; compatible; ClaudeBot/1.0; +claudebot@anthropic.com)"
216.73.216.197 - - [16/May/2026:07:19:19 +0200] "GET /?rename=%2Fvar%2Fwww%2Fvhosts%2Fhandanhand.lu%2Fhttpdocs%2Fwp-content%2Fthemes%2FDivi%2Fincludes%2Fbuilder%2Fimages%2Fexisting.gif HTTP/1.1" 200 51241 "-" "Mozilla/5.0 AppleWebKit/537.36 (KHTML, like Gecko; compatible; ClaudeBot/1.0; +claudebot@anthropic.com)"
66.249.70.70 - - [16/May/2026:07:19:20 +0200] "GET /?p=3595635 HTTP/1.1" 200 43648 "-" "Mozilla/5.0 (Linux; Android 6.0.1; Nexus 5X Build/MMB29P) AppleWebKit/537.36 (KHTML, like Gecko) Chrome/148.0.7778.96 Mobile Safari/537.36 (compatible; Googlebot/2.1; +http://www.google.com/bot.html)"
216.73.216.197 - - [16/May/2026:07:19:19 +0200] "GET /?rename=%2Fvar%2Fwww%2Fvhosts%2Fhandanhand.lu%2Fhttpdocs%2Fwp-content%2Fthemes%2FDivi%2Fincludes%2Fbuilder%2Fimages%2Fstats.svg HTTP/1.1" 200 51198 "-" "Mozilla/5.0 AppleWebKit/537.36 (KHTML, like Gecko; compatible; ClaudeBot/1.0; +claudebot@anthropic.com)"
216.73.216.197 - - [16/May/2026:07:19:19 +0200] "GET /?view=%2Fvar%2Fwww%2Fvhosts%2Fhandanhand.lu%2Fhttpdocs%2Fwp-content%2Fthemes%2FDivi%2Fcss%2Ftinymce-skin%2Fimg%2Fanchor.gif HTTP/1.1" 200 4011 "-" "Mozilla/5.0 AppleWebKit/537.36 (KHTML, like Gecko; compatible; ClaudeBot/1.0; +claudebot@anthropic.com)"
216.73.216.197 - - [16/May/2026:07:19:20 +0200] "GET /?rename=%2Fvar%2Fwww%2Fvhosts%2Fhandanhand.lu%2Fhttpdocs%2Fwp-content%2Fthemes%2FDivi%2Fincludes%2Fbuilder%2Fimages%2Fclone.gif HTTP/1.1" 200 51198 "-" "Mozilla/5.0 AppleWebKit/537.36 (KHTML, like Gecko; compatible; ClaudeBot/1.0; +claudebot@anthropic.com)"
216.73.216.197 - - [16/May/2026:07:19:20 +0200] "GET /?file=%2Fvar%2Fwww%2Fvhosts%2Fhandanhand.lu%2Fhttpdocs%2Fwp-content%2Fthemes%2FDivi%2Fincludes%2Fbuilder%2Fimages%2Fmarker.png HTTP/1.1" 200 50190 "-" "Mozilla/5.0 AppleWebKit/537.36 (KHTML, like Gecko; compatible; ClaudeBot/1.0; +claudebot@anthropic.com)"
216.73.216.197 - - [16/May/2026:07:19:20 +0200] "GET /?rename=%2Fvar%2Fwww%2Fvhosts%2Fhandanhand.lu%2Fhttpdocs%2Fwp-content%2Fthemes%2FDivi%2Fincludes%2Fbuilder%2Fimages%2Fmenu.svg HTTP/1.1" 200 51202 "-" "Mozilla/5.0 AppleWebKit/537.36 (KHTML, like Gecko; compatible; ClaudeBot/1.0; +claudebot@anthropic.com)"
216.73.216.197 - - [16/May/2026:07:19:21 +0200] "GET /?edit=%2Fvar%2Fwww%2Fvhosts%2Fhandanhand.lu%2Fhttpdocs%2Fwp-content%2Fthemes%2FDivi%2Fincludes%2Fbuilder%2Fimages%2Fai.png HTTP/1.1" 200 64211 "-" "Mozilla/5.0 AppleWebKit/537.36 (KHTML, like Gecko; compatible; ClaudeBot/1.0; +claudebot@anthropic.com)"
5.39.1.245 - - [16/May/2026:07:19:20 +0200] "GET /p=3127766 HTTP/1.1" 200 43644 "-" "Mozilla/5.0 (compatible; AhrefsBot/7.0; +http://ahrefs.com/robot/)"
216.73.216.197 - - [16/May/2026:07:19:22 +0200] "GET /%22%20.%20esc_url(%20%22http:/feeds.feedburner.com/%7B$name%7D%22%20)%20.%20%22?view=%2Fvar%2Fwww%2Fvhosts%2Fhandanhand.lu%2Fhttpdocs%2Fwp-content%2Fthemes%2FDivi%2Foptions_divi.php HTTP/1.1" 200 13743 "-" "Mozilla/5.0 AppleWebKit/537.36 (KHTML, like Gecko; compatible; ClaudeBot/1.0; +claudebot@anthropic.com)"
216.73.216.197 - - [16/May/2026:07:19:20 +0200] "GET /?file=%2Fvar%2Fwww%2Fvhosts%2Fhandanhand.lu%2Fhttpdocs%2Fwp-content%2Fthemes%2FDivi%2Fincludes%2Fbuilder%2Fimages%2Fpremade.png HTTP/1.1" 200 50192 "-" "Mozilla/5.0 AppleWebKit/537.36 (KHTML, like Gecko; compatible; ClaudeBot/1.0; +claudebot@anthropic.com)"
216.73.216.197 - - [16/May/2026:07:19:22 +0200] "GET /%22%20.%20esc_url(%20%22http:/feeds.feedburner.com/%7B$name%7D%22%20)%20.%20%22?view=%2Fvar%2Fwww%2Fvhosts%2Fhandanhand.lu%2Fhttpdocs%2Fwp-content%2Fthemes%2FDivi%2Fsidebar.php HTTP/1.1" 200 4167 "-" "Mozilla/5.0 AppleWebKit/537.36 (KHTML, like Gecko; compatible; ClaudeBot/1.0; +claudebot@anthropic.com)"
216.73.216.197 - - [16/May/2026:07:19:22 +0200] "GET /%22%20.%20esc_url(%20%22http:/feeds.feedburner.com/%7B$name%7D%22%20)%20.%20%22?view=%2Fvar%2Fwww%2Fvhosts%2Fhandanhand.lu%2Fhttpdocs%2Fwp-content%2Fthemes%2FDivi%2Fsingle-et_pb_layout.php HTTP/1.1" 200 4134 "-" "Mozilla/5.0 AppleWebKit/537.36 (KHTML, like Gecko; compatible; ClaudeBot/1.0; +claudebot@anthropic.com)"
216.73.216.197 - - [16/May/2026:07:19:20 +0200] "GET /?edit=%2Fvar%2Fwww%2Fvhosts%2Fhandanhand.lu%2Fhttpdocs%2Fwp-content%2Fthemes%2FDivi%2Fcss%2Ftinymce-skin%2Fimg%2Fanchor.gif HTTP/1.1" 200 51290 "-" "Mozilla/5.0 AppleWebKit/537.36 (KHTML, like Gecko; compatible; ClaudeBot/1.0; +claudebot@anthropic.com)"
216.73.216.197 - - [16/May/2026:07:19:20 +0200] "GET /?rename=%2Fvar%2Fwww%2Fvhosts%2Fhandanhand.lu%2Fhttpdocs%2Fwp-content%2Fthemes%2FDivi%2Fcss%2Ftinymce-skin%2Fimg%2Floader.gif HTTP/1.1" 200 51205 "-" "Mozilla/5.0 AppleWebKit/537.36 (KHTML, like Gecko; compatible; ClaudeBot/1.0; +claudebot@anthropic.com)"
216.73.216.197 - - [16/May/2026:07:19:22 +0200] "GET /%22%20.%20esc_url(%20%22http:/feeds.feedburner.com/%7B$name%7D%22%20)%20.%20%22?view=%2Fvar%2Fwww%2Fvhosts%2Fhandanhand.lu%2Fhttpdocs%2Fwp-content%2Fthemes%2FDivi%2Ftheme-before-wrappers.php HTTP/1.1" 200 4237 "-" "Mozilla/5.0 AppleWebKit/537.36 (KHTML, like Gecko; compatible; ClaudeBot/1.0; +claudebot@anthropic.com)"
216.73.216.197 - - [16/May/2026:07:19:22 +0200] "GET /%22%20.%20esc_url(%20%22http:/feeds.feedburner.com/%7B$name%7D%22%20)%20.%20%22?view=%2Fvar%2Fwww%2Fvhosts%2Fhandanhand.lu%2Fhttpdocs%2Fwp-content%2Fthemes%2FDivi%2F404.php HTTP/1.1" 200 4173 "-" "Mozilla/5.0 AppleWebKit/537.36 (KHTML, like Gecko; compatible; ClaudeBot/1.0; +claudebot@anthropic.com)"
216.73.216.197 - - [16/May/2026:07:19:23 +0200] "GET /%22%20.%20esc_url(%20%22http:/feeds.feedburner.com/%7B$name%7D%22%20)%20.%20%22?view=%2Fvar%2Fwww%2Fvhosts%2Fhandanhand.lu%2Fhttpdocs%2Fwp-content%2Fthemes%2FDivi%2Fpost_thumbnails_divi.php HTTP/1.1" 200 4521 "-" "Mozilla/5.0 AppleWebKit/537.36 (KHTML, like Gecko; compatible; ClaudeBot/1.0; +claudebot@anthropic.com)"
216.73.216.197 - - [16/May/2026:07:19:22 +0200] "GET /%22%20.%20esc_url(%20%22http:/feeds.feedburner.com/%7B$name%7D%22%20)%20.%20%22?rename=%2Fvar%2Fwww%2Fvhosts%2Fhandanhand.lu%2Fhttpdocs%2Fwp-content%2Fthemes%2FDivi%2Fsingle.php HTTP/1.1" 200 5387 "-" "Mozilla/5.0 AppleWebKit/537.36 (KHTML, like Gecko; compatible; ClaudeBot/1.0; +claudebot@anthropic.com)"
66.249.70.70 - - [16/May/2026:07:19:22 +0200] "GET /?p=6030094 HTTP/1.1" 200 43648 "-" "Mozilla/5.0 (Linux; Android 6.0.1; Nexus 5X Build/MMB29P) AppleWebKit/537.36 (KHTML, like Gecko) Chrome/148.0.7778.96 Mobile Safari/537.36 (compatible; GoogleOther)"
216.73.216.197 - - [16/May/2026:07:19:22 +0200] "GET /%22%20.%20esc_url(%20%22http:/feeds.feedburner.com/%7B$name%7D%22%20)%20.%20%22?edit=%2Fvar%2Fwww%2Fvhosts%2Fhandanhand.lu%2Fhttpdocs%2Fwp-content%2Fthemes%2FDivi%2Findex.php HTTP/1.1" 200 6438 "-" "Mozilla/5.0 AppleWebKit/537.36 (KHTML, like Gecko; compatible; ClaudeBot/1.0; +claudebot@anthropic.com)"
216.73.216.197 - - [16/May/2026:07:19:22 +0200] "GET /%22%20.%20esc_url(%20%22http:/feeds.feedburner.com/%7B$name%7D%22%20)%20.%20%22?rename=%2Fvar%2Fwww%2Fvhosts%2Fhandanhand.lu%2Fhttpdocs%2Fwp-content%2Fthemes%2FDivi%2Fsingle-project.php HTTP/1.1" 200 5388 "-" "Mozilla/5.0 AppleWebKit/537.36 (KHTML, like Gecko; compatible; ClaudeBot/1.0; +claudebot@anthropic.com)"
216.73.216.197 - - [16/May/2026:07:19:22 +0200] "GET /?edit=%2Fvar%2Fwww%2Fvhosts%2Fhandanhand.lu%2Fhttpdocs%2Fwp-content%2Fthemes%2FDivi%2Fincludes%2Fbuilder%2Fimages%2Fno-color.png HTTP/1.1" 200 54458 "-" "Mozilla/5.0 AppleWebKit/537.36 (KHTML, like Gecko; compatible; ClaudeBot/1.0; +claudebot@anthropic.com)"
216.73.216.197 - - [16/May/2026:07:19:23 +0200] "GET /%22%20.%20esc_url(%20%22http:/feeds.feedburner.com/%7B$name%7D%22%20)%20.%20%22?edit=%2Fvar%2Fwww%2Fvhosts%2Fhandanhand.lu%2Fhttpdocs%2Fwp-content%2Fthemes%2FDivi%2Foptions_divi.php HTTP/1.1" 200 15878 "-" "Mozilla/5.0 AppleWebKit/537.36 (KHTML, like Gecko; compatible; ClaudeBot/1.0; +claudebot@anthropic.com)"
216.73.216.197 - - [16/May/2026:07:19:22 +0200] "GET /?rename=%2Fvar%2Fwww%2Fvhosts%2Fhandanhand.lu%2Fhttpdocs%2Fwp-content%2Fthemes%2FDivi%2Fincludes%2Fbuilder%2Fimages%2Fmarker.png HTTP/1.1" 200 51200 "-" "Mozilla/5.0 AppleWebKit/537.36 (KHTML, like Gecko; compatible; ClaudeBot/1.0; +claudebot@anthropic.com)"
216.73.216.197 - - [16/May/2026:07:19:23 +0200] "GET /%22%20.%20esc_url(%20%22http:/feeds.feedburner.com/%7B$name%7D%22%20)%20.%20%22?edit=%2Fvar%2Fwww%2Fvhosts%2Fhandanhand.lu%2Fhttpdocs%2Fwp-content%2Fthemes%2FDivi%2Fsidebar.php HTTP/1.1" 200 5617 "-" "Mozilla/5.0 AppleWebKit/537.36 (KHTML, like Gecko; compatible; ClaudeBot/1.0; +claudebot@anthropic.com)"
216.73.216.197 - - [16/May/2026:07:19:23 +0200] "GET /%22%20.%20esc_url(%20%22http:/feeds.feedburner.com/%7B$name%7D%22%20)%20.%20%22?edit=%2Fvar%2Fwww%2Fvhosts%2Fhandanhand.lu%2Fhttpdocs%2Fwp-content%2Fthemes%2FDivi%2Ftheme-before-wrappers.php HTTP/1.1" 200 5681 "-" "Mozilla/5.0 AppleWebKit/537.36 (KHTML, like Gecko; compatible; ClaudeBot/1.0; +claudebot@anthropic.com)"
94.23.188.215 - - [16/May/2026:07:19:23 +0200] "GET /p=3108957 HTTP/1.1" 200 43644 "-" "Mozilla/5.0 (compatible; AhrefsBot/7.0; +http://ahrefs.com/robot/)"
216.73.216.197 - - [16/May/2026:07:19:24 +0200] "GET /%22%20.%20esc_url(%20%22http:/feeds.feedburner.com/%7B$name%7D%22%20)%20.%20%22?edit=%2Fvar%2Fwww%2Fvhosts%2Fhandanhand.lu%2Fhttpdocs%2Fwp-content%2Fthemes%2FDivi%2F404.php HTTP/1.1" 200 5618 "-" "Mozilla/5.0 AppleWebKit/537.36 (KHTML, like Gecko; compatible; ClaudeBot/1.0; +claudebot@anthropic.com)"
216.73.216.197 - - [16/May/2026:07:19:24 +0200] "GET /%22%20.%20esc_url(%20%22http:/feeds.feedburner.com/%7B$name%7D%22%20)%20.%20%22?file=%2Fvar%2Fwww%2Fvhosts%2Fhandanhand.lu%2Fhttpdocs%2Fwp-content%2Fthemes%2FDivi%2Fsingle.php HTTP/1.1" 301 4720 "-" "Mozilla/5.0 AppleWebKit/537.36 (KHTML, like Gecko; compatible; ClaudeBot/1.0; +claudebot@anthropic.com)"
216.73.216.197 - - [16/May/2026:07:19:23 +0200] "GET /?edit=%2Fvar%2Fwww%2Fvhosts%2Fhandanhand.lu%2Fhttpdocs%2Fwp-content%2Fthemes%2FDivi%2Fcore%2Fadmin%2Fimages%2Fblurb-vip.jpg HTTP/1.1" 200 66875 "-" "Mozilla/5.0 AppleWebKit/537.36 (KHTML, like Gecko; compatible; ClaudeBot/1.0; +claudebot@anthropic.com)"
216.73.216.197 - - [16/May/2026:07:19:24 +0200] "GET /%22%20.%20esc_url(%20%22http:/feeds.feedburner.com/%7B$name%7D%22%20)%20.%20%22?file=%2Fvar%2Fwww%2Fvhosts%2Fhandanhand.lu%2Fhttpdocs%2Fwp-content%2Fthemes%2FDivi%2Fsingle-project.php HTTP/1.1" 301 4736 "-" "Mozilla/5.0 AppleWebKit/537.36 (KHTML, like Gecko; compatible; ClaudeBot/1.0; +claudebot@anthropic.com)"
185.191.171.18 - - [16/May/2026:07:19:24 +0200] "GET /p=6388152 HTTP/1.1" 200 43644 "-" "Mozilla/5.0 (compatible; SemrushBot/7~bl; +http://www.semrush.com/bot.html)"
216.73.216.197 - - [16/May/2026:07:19:23 +0200] "GET /?rename=%2Fvar%2Fwww%2Fvhosts%2Fhandanhand.lu%2Fhttpdocs%2Fwp-content%2Fthemes%2FDivi%2Fincludes%2Fbuilder%2Fimages%2Fpremade.png HTTP/1.1" 200 51203 "-" "Mozilla/5.0 AppleWebKit/537.36 (KHTML, like Gecko; compatible; ClaudeBot/1.0; +claudebot@anthropic.com)"
216.73.216.197 - - [16/May/2026:07:19:23 +0200] "GET /%22%20.%20esc_url(%20%22http:/feeds.feedburner.com/%7B$name%7D%22%20)%20.%20%22?rename=%2Fvar%2Fwww%2Fvhosts%2Fhandanhand.lu%2Fhttpdocs%2Fwp-content%2Fthemes%2FDivi%2Ftheme-after-header.php HTTP/1.1" 200 5386 "-" "Mozilla/5.0 AppleWebKit/537.36 (KHTML, like Gecko; compatible; ClaudeBot/1.0; +claudebot@anthropic.com)"
216.73.216.197 - - [16/May/2026:07:19:23 +0200] "GET /%22%20.%20esc_url(%20%22http:/feeds.feedburner.com/%7B$name%7D%22%20)%20.%20%22?edit=%2Fvar%2Fwww%2Fvhosts%2Fhandanhand.lu%2Fhttpdocs%2Fwp-content%2Fthemes%2FDivi%2Fsingle-et_pb_layout.php HTTP/1.1" 200 5578 "-" "Mozilla/5.0 AppleWebKit/537.36 (KHTML, like Gecko; compatible; ClaudeBot/1.0; +claudebot@anthropic.com)"
216.73.216.197 - - [16/May/2026:07:19:24 +0200] "GET /%22%20.%20esc_url(%20%22http:/feeds.feedburner.com/%7B$name%7D%22%20)%20.%20%22?edit=%2Fvar%2Fwww%2Fvhosts%2Fhandanhand.lu%2Fhttpdocs%2Fwp-content%2Fthemes%2FDivi%2Fpost_thumbnails_divi.php HTTP/1.1" 200 6028 "-" "Mozilla/5.0 AppleWebKit/537.36 (KHTML, like Gecko; compatible; ClaudeBot/1.0; +claudebot@anthropic.com)"
216.73.216.197 - - [16/May/2026:07:19:25 +0200] "GET /?rename=%2Fvar%2Fwww%2Fvhosts%2Fhandanhand.lu%2Fhttpdocs%2Fwp-content%2Fthemes%2FDivi%2Fincludes%2Fbuilder%2Fimages%2Fpremade.gif HTTP/1.1" 200 51204 "-" "Mozilla/5.0 AppleWebKit/537.36 (KHTML, like Gecko; compatible; ClaudeBot/1.0; +claudebot@anthropic.com)"
216.73.216.197 - - [16/May/2026:07:19:24 +0200] "GET /%22%20.%20esc_url(%20%22http:/feeds.feedburner.com/%7B$name%7D%22%20)%20.%20%22?rename=%2Fvar%2Fwww%2Fvhosts%2Fhandanhand.lu%2Fhttpdocs%2Fwp-content%2Fthemes%2FDivi%2Ffunctions.php HTTP/1.1" 200 5388 "-" "Mozilla/5.0 AppleWebKit/537.36 (KHTML, like Gecko; compatible; ClaudeBot/1.0; +claudebot@anthropic.com)"
216.73.216.197 - - [16/May/2026:07:19:25 +0200] "GET /%22%20.%20esc_url(%20%22http:/feeds.feedburner.com/%7Bname?file=%2Fvar%2Fwww%2Fvhosts%2Fhandanhand.lu%2Fhttpdocs%2Fwp-content%2Fthemes%2FDivi%2Fsingle-project.php HTTP/1.1" 404 279261 "https://handanhand.lu/%22%20.%20esc_url(%20%22http:/feeds.feedburner.com/%7B$name%7D%22%20)%20.%20%22?file=%2Fvar%2Fwww%2Fvhosts%2Fhandanhand.lu%2Fhttpdocs%2Fwp-content%2Fthemes%2FDivi%2Fsingle-project.php" "Mozilla/5.0 AppleWebKit/537.36 (KHTML, like Gecko; compatible; ClaudeBot/1.0; +claudebot@anthropic.com)"
216.73.216.197 - - [16/May/2026:07:19:25 +0200] "GET /%22%20.%20esc_url(%20%22http:/feeds.feedburner.com/%7Bname?file=%2Fvar%2Fwww%2Fvhosts%2Fhandanhand.lu%2Fhttpdocs%2Fwp-content%2Fthemes%2FDivi%2Fsingle.php HTTP/1.1" 404 279253 "https://handanhand.lu/%22%20.%20esc_url(%20%22http:/feeds.feedburner.com/%7B$name%7D%22%20)%20.%20%22?file=%2Fvar%2Fwww%2Fvhosts%2Fhandanhand.lu%2Fhttpdocs%2Fwp-content%2Fthemes%2FDivi%2Fsingle.php" "Mozilla/5.0 AppleWebKit/537.36 (KHTML, like Gecko; compatible; ClaudeBot/1.0; +claudebot@anthropic.com)"
216.73.216.197 - - [16/May/2026:07:19:25 +0200] "GET /%22%20.%20esc_url(%20%22http:/feeds.feedburner.com/%7B$name%7D%22%20)%20.%20%22?rename=%2Fvar%2Fwww%2Fvhosts%2Fhandanhand.lu%2Fhttpdocs%2Fwp-content%2Fthemes%2FDivi%2Fcomments.php HTTP/1.1" 200 5389 "-" "Mozilla/5.0 AppleWebKit/537.36 (KHTML, like Gecko; compatible; ClaudeBot/1.0; +claudebot@anthropic.com)"
216.73.216.197 - - [16/May/2026:07:19:26 +0200] "GET /%22%20.%20esc_url(%20%22http:/feeds.feedburner.com/%7B$name%7D%22%20)%20.%20%22?view=%2Fvar%2Fwww%2Fvhosts%2Fhandanhand.lu%2Fhttpdocs%2Fwp-content%2Fthemes%2FDivi%2Fsingle-project.php HTTP/1.1" 200 4965 "-" "Mozilla/5.0 AppleWebKit/537.36 (KHTML, like Gecko; compatible; ClaudeBot/1.0; +claudebot@anthropic.com)"
216.73.216.197 - - [16/May/2026:07:19:23 +0200] "GET /%22%20.%20esc_url(%20%22http:/feeds.feedburner.com/%7B$name%7D%22%20)%20.%20%22?edit=%2Fvar%2Fwww%2Fvhosts%2Fhandanhand.lu%2Fhttpdocs%2Fwp-content%2Fthemes%2FDivi%2Fpage.php HTTP/1.1" 200 6188 "-" "Mozilla/5.0 AppleWebKit/537.36 (KHTML, like Gecko; compatible; ClaudeBot/1.0; +claudebot@anthropic.com)"
216.73.216.197 - - [16/May/2026:07:19:26 +0200] "GET /%22%20.%20esc_url(%20%22http:/feeds.feedburner.com/%7B$name%7D%22%20)%20.%20%22?view=%2Fvar%2Fwww%2Fvhosts%2Fhandanhand.lu%2Fhttpdocs%2Fwp-content%2Fthemes%2FDivi%2Fsingle.php HTTP/1.1" 200 5557 "-" "Mozilla/5.0 AppleWebKit/537.36 (KHTML, like Gecko; compatible; ClaudeBot/1.0; +claudebot@anthropic.com)"
216.73.216.197 - - [16/May/2026:07:19:26 +0200] "GET /%22%20.%20esc_url(%20%22http:/feeds.feedburner.com/%7B$name%7D%22%20)%20.%20%22?rename=%2Fvar%2Fwww%2Fvhosts%2Fhandanhand.lu%2Fhttpdocs%2Fwp-content%2Fthemes%2FDivi%2Fheader.php HTTP/1.1" 200 5386 "-" "Mozilla/5.0 AppleWebKit/537.36 (KHTML, like Gecko; compatible; ClaudeBot/1.0; +claudebot@anthropic.com)"
66.249.70.69 - - [16/May/2026:07:19:26 +0200] "GET /?p=5710309 HTTP/1.1" 200 43648 "-" "Mozilla/5.0 (Linux; Android 6.0.1; Nexus 5X Build/MMB29P) AppleWebKit/537.36 (KHTML, like Gecko) Chrome/148.0.7778.96 Mobile Safari/537.36 (compatible; Googlebot/2.1; +http://www.google.com/bot.html)"
216.73.216.197 - - [16/May/2026:07:19:26 +0200] "GET /%22%20.%20esc_url(%20%22http:/feeds.feedburner.com/%7B$name%7D%22%20)%20.%20%22?file=%2Fvar%2Fwww%2Fvhosts%2Fhandanhand.lu%2Fhttpdocs%2Fwp-content%2Fthemes%2FDivi%2Ffunctions.php HTTP/1.1" 301 4726 "-" "Mozilla/5.0 AppleWebKit/537.36 (KHTML, like Gecko; compatible; ClaudeBot/1.0; +claudebot@anthropic.com)"
216.73.216.197 - - [16/May/2026:07:19:25 +0200] "GET /%22%20.%20esc_url(%20%22http:/feeds.feedburner.com/%7B$name%7D%22%20)%20.%20%22?file=%2Fvar%2Fwww%2Fvhosts%2Fhandanhand.lu%2Fhttpdocs%2Fwp-content%2Fthemes%2FDivi%2Ftheme-after-header.php HTTP/1.1" 301 4744 "-" "Mozilla/5.0 AppleWebKit/537.36 (KHTML, like Gecko; compatible; ClaudeBot/1.0; +claudebot@anthropic.com)"
216.73.216.197 - - [16/May/2026:07:19:26 +0200] "GET /?rename=%2Fvar%2Fwww%2Fvhosts%2Fhandanhand.lu%2Fhttpdocs%2Fwp-content%2Fthemes%2FDivi%2Fcore%2Fadmin%2Fimages%2Fajax-loader.gif HTTP/1.1" 200 51205 "-" "Mozilla/5.0 AppleWebKit/537.36 (KHTML, like Gecko; compatible; ClaudeBot/1.0; +claudebot@anthropic.com)"
216.73.216.197 - - [16/May/2026:07:19:25 +0200] "GET /?rename=%2Fvar%2Fwww%2Fvhosts%2Fhandanhand.lu%2Fhttpdocs%2Fwp-content%2Fthemes%2FDivi%2Fcss%2Ftinymce-skin%2Fimg%2Ftrans.gif HTTP/1.1" 200 51211 "-" "Mozilla/5.0 AppleWebKit/537.36 (KHTML, like Gecko; compatible; ClaudeBot/1.0; +claudebot@anthropic.com)"
216.73.216.197 - - [16/May/2026:07:19:27 +0200] "GET /%22%20.%20esc_url(%20%22http:/feeds.feedburner.com/%7Bname?file=%2Fvar%2Fwww%2Fvhosts%2Fhandanhand.lu%2Fhttpdocs%2Fwp-content%2Fthemes%2FDivi%2Ffunctions.php HTTP/1.1" 404 279256 "https://handanhand.lu/%22%20.%20esc_url(%20%22http:/feeds.feedburner.com/%7B$name%7D%22%20)%20.%20%22?file=%2Fvar%2Fwww%2Fvhosts%2Fhandanhand.lu%2Fhttpdocs%2Fwp-content%2Fthemes%2FDivi%2Ffunctions.php" "Mozilla/5.0 AppleWebKit/537.36 (KHTML, like Gecko; compatible; ClaudeBot/1.0; +claudebot@anthropic.com)"
216.73.216.197 - - [16/May/2026:07:19:27 +0200] "GET /%22%20.%20esc_url(%20%22http:/feeds.feedburner.com/%7Bname?file=%2Fvar%2Fwww%2Fvhosts%2Fhandanhand.lu%2Fhttpdocs%2Fwp-content%2Fthemes%2FDivi%2Ftheme-after-header.php HTTP/1.1" 404 279265 "https://handanhand.lu/%22%20.%20esc_url(%20%22http:/feeds.feedburner.com/%7B$name%7D%22%20)%20.%20%22?file=%2Fvar%2Fwww%2Fvhosts%2Fhandanhand.lu%2Fhttpdocs%2Fwp-content%2Fthemes%2FDivi%2Ftheme-after-header.php" "Mozilla/5.0 AppleWebKit/537.36 (KHTML, like Gecko; compatible; ClaudeBot/1.0; +claudebot@anthropic.com)"
51.68.247.204 - - [16/May/2026:07:19:27 +0200] "GET /p=2782126 HTTP/1.1" 200 43644 "-" "Mozilla/5.0 (compatible; AhrefsBot/7.0; +http://ahrefs.com/robot/)"
66.249.70.70 - - [16/May/2026:07:19:28 +0200] "GET /?p=4679260 HTTP/1.1" 200 43648 "-" "Mozilla/5.0 (Linux; Android 6.0.1; Nexus 5X Build/MMB29P) AppleWebKit/537.36 (KHTML, like Gecko) Chrome/148.0.7778.96 Mobile Safari/537.36 (compatible; Googlebot/2.1; +http://www.google.com/bot.html)"
54.37.118.81 - - [16/May/2026:07:19:30 +0200] "GET /p=2666809 HTTP/1.1" 200 43644 "-" "Mozilla/5.0 (compatible; AhrefsBot/7.0; +http://ahrefs.com/robot/)"
51.68.247.202 - - [16/May/2026:07:19:31 +0200] "GET /p=4095158 HTTP/1.1" 200 43644 "-" "Mozilla/5.0 (compatible; AhrefsBot/7.0; +http://ahrefs.com/robot/)"
