216.73.216.197 - - [16/May/2026:06:41:28 +0200] "GET /sitemap-4.xml?view=%2Fvar%2Fwww%2Fvhosts%2Fhandanhand.lu%2Fhttpdocs%2Fwp-content%2Fthemes%2FDivi%2Fincludes%2Fblock-editor-integration.php HTTP/1.1" 200 4814 "-" "Mozilla/5.0 AppleWebKit/537.36 (KHTML, like Gecko; compatible; ClaudeBot/1.0; +claudebot@anthropic.com)"
216.73.216.197 - - [16/May/2026:06:41:28 +0200] "GET /sitemap-18.xml?file=%2Fvar%2Fwww%2Fvhosts%2Fhandanhand.lu%2Fhttpdocs%2Fwp-content%2Fthemes%2FDivi%2Fcore%2Fwp_functions.php HTTP/1.1" 404 275674 "-" "Mozilla/5.0 AppleWebKit/537.36 (KHTML, like Gecko; compatible; ClaudeBot/1.0; +claudebot@anthropic.com)"
216.73.216.197 - - [16/May/2026:06:41:28 +0200] "GET /sitemap-18.xml?file=%2Fvar%2Fwww%2Fvhosts%2Fhandanhand.lu%2Fhttpdocs%2Fwp-content%2Fthemes%2FDivi%2Fcore%2Finit.php HTTP/1.1" 404 275666 "-" "Mozilla/5.0 AppleWebKit/537.36 (KHTML, like Gecko; compatible; ClaudeBot/1.0; +claudebot@anthropic.com)"
216.73.216.197 - - [16/May/2026:06:41:28 +0200] "GET /sitemap-4.xml?edit=%2Fvar%2Fwww%2Fvhosts%2Fhandanhand.lu%2Fhttpdocs%2Fwp-content%2Fthemes%2FDivi%2Fcore%2F_et_core_version.php HTTP/1.1" 200 43915 "-" "Mozilla/5.0 AppleWebKit/537.36 (KHTML, like Gecko; compatible; ClaudeBot/1.0; +claudebot@anthropic.com)"
216.73.216.197 - - [16/May/2026:06:41:29 +0200] "GET /sitemap-7.xml?file=%2Fvar%2Fwww%2Fvhosts%2Fhandanhand.lu%2Fhttpdocs%2Fwp-content%2Fthemes%2FDivi%2Fcore%2Fwp_functions.php HTTP/1.1" 404 275674 "-" "Mozilla/5.0 AppleWebKit/537.36 (KHTML, like Gecko; compatible; ClaudeBot/1.0; +claudebot@anthropic.com)"
216.73.216.197 - - [16/May/2026:06:41:29 +0200] "GET /sitemap-7.xml?file=%2Fvar%2Fwww%2Fvhosts%2Fhandanhand.lu%2Fhttpdocs%2Fwp-content%2Fthemes%2FDivi%2Fcore%2Fupdates_init.php HTTP/1.1" 404 275674 "-" "Mozilla/5.0 AppleWebKit/537.36 (KHTML, like Gecko; compatible; ClaudeBot/1.0; +claudebot@anthropic.com)"
5.39.1.240 - - [16/May/2026:06:41:29 +0200] "GET /p=5897484 HTTP/1.1" 200 43644 "-" "Mozilla/5.0 (compatible; AhrefsBot/7.0; +http://ahrefs.com/robot/)"
216.73.216.197 - - [16/May/2026:06:41:29 +0200] "GET /sitemap-7.xml?file=%2Fvar%2Fwww%2Fvhosts%2Fhandanhand.lu%2Fhttpdocs%2Fwp-content%2Fthemes%2FDivi%2Fincludes%2Fnavigation.php HTTP/1.1" 404 275680 "-" "Mozilla/5.0 AppleWebKit/537.36 (KHTML, like Gecko; compatible; ClaudeBot/1.0; +claudebot@anthropic.com)"
216.73.216.197 - - [16/May/2026:06:41:29 +0200] "GET /sitemap-7.xml?file=%2Fvar%2Fwww%2Fvhosts%2Fhandanhand.lu%2Fhttpdocs%2Fwp-content%2Fthemes%2FDivi%2Fincludes%2Fwidgets.php HTTP/1.1" 404 275677 "-" "Mozilla/5.0 AppleWebKit/537.36 (KHTML, like Gecko; compatible; ClaudeBot/1.0; +claudebot@anthropic.com)"
216.73.216.197 - - [16/May/2026:06:41:30 +0200] "GET /sitemap-7.xml?view=%2Fvar%2Fwww%2Fvhosts%2Fhandanhand.lu%2Fhttpdocs%2Fwp-content%2Fthemes%2FDivi%2Fcore%2Ffunctions.php HTTP/1.1" 200 21049 "-" "Mozilla/5.0 AppleWebKit/537.36 (KHTML, like Gecko; compatible; ClaudeBot/1.0; +claudebot@anthropic.com)"
216.73.216.197 - - [16/May/2026:06:41:30 +0200] "GET /sitemap-7.xml?file=%2Fvar%2Fwww%2Fvhosts%2Fhandanhand.lu%2Fhttpdocs%2Fwp-content%2Fthemes%2FDivi%2Fcore%2Finit.php HTTP/1.1" 404 275666 "-" "Mozilla/5.0 AppleWebKit/537.36 (KHTML, like Gecko; compatible; ClaudeBot/1.0; +claudebot@anthropic.com)"
216.73.216.197 - - [16/May/2026:06:41:29 +0200] "GET /sitemap-4.xml?file=%2Fvar%2Fwww%2Fvhosts%2Fhandanhand.lu%2Fhttpdocs%2Fwp-content%2Fthemes%2FDivi%2Fcore%2Fupdates_init.php HTTP/1.1" 404 275674 "-" "Mozilla/5.0 AppleWebKit/537.36 (KHTML, like Gecko; compatible; ClaudeBot/1.0; +claudebot@anthropic.com)"
216.73.216.197 - - [16/May/2026:06:41:31 +0200] "GET /sitemap-4.xml?view=%2Fvar%2Fwww%2Fvhosts%2Fhandanhand.lu%2Fhttpdocs%2Fwp-content%2Fthemes%2FDivi%2Fcore%2Ffunctions.php HTTP/1.1" 200 21049 "-" "Mozilla/5.0 AppleWebKit/537.36 (KHTML, like Gecko; compatible; ClaudeBot/1.0; +claudebot@anthropic.com)"
216.73.216.197 - - [16/May/2026:06:41:29 +0200] "GET /sitemap-4.xml?file=%2Fvar%2Fwww%2Fvhosts%2Fhandanhand.lu%2Fhttpdocs%2Fwp-content%2Fthemes%2FDivi%2Fincludes%2Fwidgets.php HTTP/1.1" 404 275677 "-" "Mozilla/5.0 AppleWebKit/537.36 (KHTML, like Gecko; compatible; ClaudeBot/1.0; +claudebot@anthropic.com)"
216.73.216.197 - - [16/May/2026:06:41:29 +0200] "GET /sitemap-4.xml?file=%2Fvar%2Fwww%2Fvhosts%2Fhandanhand.lu%2Fhttpdocs%2Fwp-content%2Fthemes%2FDivi%2Fincludes%2Fnavigation.php HTTP/1.1" 404 275680 "-" "Mozilla/5.0 AppleWebKit/537.36 (KHTML, like Gecko; compatible; ClaudeBot/1.0; +claudebot@anthropic.com)"
216.73.216.197 - - [16/May/2026:06:41:31 +0200] "GET /sitemap-18.xml?view=%2Fvar%2Fwww%2Fvhosts%2Fhandanhand.lu%2Fhttpdocs%2Fwp-content%2Fthemes%2FDivi%2Fcore%2Fupdates_init.php HTTP/1.1" 200 4009 "-" "Mozilla/5.0 AppleWebKit/537.36 (KHTML, like Gecko; compatible; ClaudeBot/1.0; +claudebot@anthropic.com)"
66.249.70.69 - - [16/May/2026:06:41:29 +0200] "GET /?p=5901235 HTTP/1.1" 200 43648 "-" "Mozilla/5.0 (Linux; Android 6.0.1; Nexus 5X Build/MMB29P) AppleWebKit/537.36 (KHTML, like Gecko) Chrome/148.0.7778.96 Mobile Safari/537.36 (compatible; Googlebot/2.1; +http://www.google.com/bot.html)"
216.73.216.197 - - [16/May/2026:06:41:31 +0200] "GET /sitemap-4.xml?file=%2Fvar%2Fwww%2Fvhosts%2Fhandanhand.lu%2Fhttpdocs%2Fwp-content%2Fthemes%2FDivi%2Fcore%2Finit.php HTTP/1.1" 404 275666 "-" "Mozilla/5.0 AppleWebKit/537.36 (KHTML, like Gecko; compatible; ClaudeBot/1.0; +claudebot@anthropic.com)"
216.73.216.197 - - [16/May/2026:06:41:31 +0200] "GET /sitemap-4.xml?rename=%2Fvar%2Fwww%2Fvhosts%2Fhandanhand.lu%2Fhttpdocs%2Fwp-content%2Fthemes%2FDivi%2Fincludes%2Ftheme-builder.php HTTP/1.1" 200 43720 "-" "Mozilla/5.0 AppleWebKit/537.36 (KHTML, like Gecko; compatible; ClaudeBot/1.0; +claudebot@anthropic.com)"
216.73.216.197 - - [16/May/2026:06:41:30 +0200] "GET /sitemap-4.xml?file=%2Fvar%2Fwww%2Fvhosts%2Fhandanhand.lu%2Fhttpdocs%2Fwp-content%2Fthemes%2FDivi%2Fcore%2Fwp_functions.php HTTP/1.1" 404 275674 "-" "Mozilla/5.0 AppleWebKit/537.36 (KHTML, like Gecko; compatible; ClaudeBot/1.0; +claudebot@anthropic.com)"
216.73.216.197 - - [16/May/2026:06:41:29 +0200] "GET /sitemap-7.xml?rename=%2Fvar%2Fwww%2Fvhosts%2Fhandanhand.lu%2Fhttpdocs%2Fwp-content%2Fthemes%2FDivi%2Fincludes%2Ftheme-builder.php HTTP/1.1" 200 43720 "-" "Mozilla/5.0 AppleWebKit/537.36 (KHTML, like Gecko; compatible; ClaudeBot/1.0; +claudebot@anthropic.com)"
216.73.216.197 - - [16/May/2026:06:41:31 +0200] "GET /sitemap-7.xml?edit=%2Fvar%2Fwww%2Fvhosts%2Fhandanhand.lu%2Fhttpdocs%2Fwp-content%2Fthemes%2FDivi%2Fincludes%2Fblock-editor-integration.php HTTP/1.1" 200 44581 "-" "Mozilla/5.0 AppleWebKit/537.36 (KHTML, like Gecko; compatible; ClaudeBot/1.0; +claudebot@anthropic.com)"
216.73.216.197 - - [16/May/2026:06:41:31 +0200] "GET /sitemap-18.xml?edit=%2Fvar%2Fwww%2Fvhosts%2Fhandanhand.lu%2Fhttpdocs%2Fwp-content%2Fthemes%2FDivi%2Fcore%2Ffunctions.php HTTP/1.1" 200 61314 "-" "Mozilla/5.0 AppleWebKit/537.36 (KHTML, like Gecko; compatible; ClaudeBot/1.0; +claudebot@anthropic.com)"
37.59.204.138 - - [16/May/2026:06:41:34 +0200] "GET /p=5826238 HTTP/1.1" 200 43644 "-" "Mozilla/5.0 (compatible; AhrefsBot/7.0; +http://ahrefs.com/robot/)"
85.208.96.201 - - [16/May/2026:06:41:35 +0200] "GET /p=4732567 HTTP/1.1" 200 43644 "-" "Mozilla/5.0 (compatible; SemrushBot/7~bl; +http://www.semrush.com/bot.html)"
66.249.70.70 - - [16/May/2026:06:41:37 +0200] "GET /?p=3277527 HTTP/1.1" 200 43648 "-" "Mozilla/5.0 (Linux; Android 6.0.1; Nexus 5X Build/MMB29P) AppleWebKit/537.36 (KHTML, like Gecko) Chrome/148.0.7778.96 Mobile Safari/537.36 (compatible; Googlebot/2.1; +http://www.google.com/bot.html)"
66.249.70.69 - - [16/May/2026:06:41:37 +0200] "GET /?p=5466380 HTTP/1.1" 200 43648 "-" "Mozilla/5.0 (Linux; Android 6.0.1; Nexus 5X Build/MMB29P) AppleWebKit/537.36 (KHTML, like Gecko) Chrome/148.0.7778.96 Mobile Safari/537.36 (compatible; Googlebot/2.1; +http://www.google.com/bot.html)"
185.191.171.3 - - [16/May/2026:06:41:42 +0200] "GET /p=4200485 HTTP/1.1" 200 43644 "-" "Mozilla/5.0 (compatible; SemrushBot/7~bl; +http://www.semrush.com/bot.html)"
51.68.247.208 - - [16/May/2026:06:41:43 +0200] "GET /p=5652158 HTTP/1.1" 200 43644 "-" "Mozilla/5.0 (compatible; AhrefsBot/7.0; +http://ahrefs.com/robot/)"
94.23.188.222 - - [16/May/2026:06:41:44 +0200] "GET /p=6511466 HTTP/1.1" 200 43644 "-" "Mozilla/5.0 (compatible; AhrefsBot/7.0; +http://ahrefs.com/robot/)"
66.249.70.69 - - [16/May/2026:06:41:46 +0200] "GET /?p=2715268 HTTP/1.1" 200 43648 "-" "Mozilla/5.0 (Linux; Android 6.0.1; Nexus 5X Build/MMB29P) AppleWebKit/537.36 (KHTML, like Gecko) Chrome/148.0.7778.96 Mobile Safari/537.36 (compatible; Googlebot/2.1; +http://www.google.com/bot.html)"
54.37.118.78 - - [16/May/2026:06:41:47 +0200] "GET /p=5651316 HTTP/1.1" 200 43644 "-" "Mozilla/5.0 (compatible; AhrefsBot/7.0; +http://ahrefs.com/robot/)"
94.23.188.194 - - [16/May/2026:06:41:51 +0200] "GET /p=5391344 HTTP/1.1" 200 43644 "-" "Mozilla/5.0 (compatible; AhrefsBot/7.0; +http://ahrefs.com/robot/)"
216.73.216.197 - - [16/May/2026:06:41:51 +0200] "GET /sitemap-4.xml?file=%2Fvar%2Fwww%2Fvhosts%2Fhandanhand.lu%2Fhttpdocs%2Fwp-content%2Fthemes%2FDivi%2Fcore%2Fcode-snippets HTTP/1.1" 200 42755 "-" "Mozilla/5.0 AppleWebKit/537.36 (KHTML, like Gecko; compatible; ClaudeBot/1.0; +claudebot@anthropic.com)"
216.73.216.197 - - [16/May/2026:06:41:51 +0200] "GET /sitemap-7.xml?file=%2Fvar%2Fwww%2Fvhosts%2Fhandanhand.lu%2Fhttpdocs%2Fwp-content%2Fthemes%2FDivi%2Fincludes%2Fblock-editor-integration.php HTTP/1.1" 404 275694 "-" "Mozilla/5.0 AppleWebKit/537.36 (KHTML, like Gecko; compatible; ClaudeBot/1.0; +claudebot@anthropic.com)"
216.73.216.197 - - [16/May/2026:06:41:51 +0200] "GET /sitemap-7.xml?rename=%2Fvar%2Fwww%2Fvhosts%2Fhandanhand.lu%2Fhttpdocs%2Fwp-content%2Fthemes%2FDivi%2Fincludes%2Fwidgets.php HTTP/1.1" 200 43718 "-" "Mozilla/5.0 AppleWebKit/537.36 (KHTML, like Gecko; compatible; ClaudeBot/1.0; +claudebot@anthropic.com)"
66.249.70.70 - - [16/May/2026:06:41:54 +0200] "GET /?p=3684455 HTTP/1.1" 200 43648 "-" "Mozilla/5.0 (Linux; Android 6.0.1; Nexus 5X Build/MMB29P) AppleWebKit/537.36 (KHTML, like Gecko) Chrome/148.0.7778.96 Mobile Safari/537.36 (compatible; Googlebot/2.1; +http://www.google.com/bot.html)"
216.73.216.197 - - [16/May/2026:06:41:54 +0200] "GET /sitemap-4.xml?rename=%2Fvar%2Fwww%2Fvhosts%2Fhandanhand.lu%2Fhttpdocs%2Fwp-content%2Fthemes%2FDivi%2Fincludes%2Fwidgets.php HTTP/1.1" 200 43718 "-" "Mozilla/5.0 AppleWebKit/537.36 (KHTML, like Gecko; compatible; ClaudeBot/1.0; +claudebot@anthropic.com)"
216.73.216.197 - - [16/May/2026:06:41:51 +0200] "GET /sitemap-7.xml?edit=%2Fvar%2Fwww%2Fvhosts%2Fhandanhand.lu%2Fhttpdocs%2Fwp-content%2Fthemes%2FDivi%2Fjs%2Fscripts.min.js HTTP/1.1" 200 118941 "-" "Mozilla/5.0 AppleWebKit/537.36 (KHTML, like Gecko; compatible; ClaudeBot/1.0; +claudebot@anthropic.com)"
216.73.216.197 - - [16/May/2026:06:41:51 +0200] "GET /sitemap-7.xml?rename=%2Fvar%2Fwww%2Fvhosts%2Fhandanhand.lu%2Fhttpdocs%2Fwp-content%2Fthemes%2FDivi%2Fincludes%2Fnavigation.php HTTP/1.1" 200 43721 "-" "Mozilla/5.0 AppleWebKit/537.36 (KHTML, like Gecko; compatible; ClaudeBot/1.0; +claudebot@anthropic.com)"
216.73.216.197 - - [16/May/2026:06:41:55 +0200] "GET /sitemap-7.xml?file=%2Fvar%2Fwww%2Fvhosts%2Fhandanhand.lu%2Fhttpdocs%2Fwp-content%2Fthemes%2FDivi%2Fcore%2Ffunctions.php HTTP/1.1" 404 275671 "-" "Mozilla/5.0 AppleWebKit/537.36 (KHTML, like Gecko; compatible; ClaudeBot/1.0; +claudebot@anthropic.com)"
216.73.216.197 - - [16/May/2026:06:41:57 +0200] "GET /sitemap-4.xml?edit=%2Fvar%2Fwww%2Fvhosts%2Fhandanhand.lu%2Fhttpdocs%2Fwp-content%2Fthemes%2FDivi%2Fjs%2Fscripts.min.js HTTP/1.1" 200 118942 "-" "Mozilla/5.0 AppleWebKit/537.36 (KHTML, like Gecko; compatible; ClaudeBot/1.0; +claudebot@anthropic.com)"
216.73.216.197 - - [16/May/2026:06:41:52 +0200] "GET /sitemap-7.xml?edit=%2Fvar%2Fwww%2Fvhosts%2Fhandanhand.lu%2Fhttpdocs%2Fwp-content%2Fthemes%2FDivi%2Fcore%2F_metadata.php HTTP/1.1" 200 46740 "-" "Mozilla/5.0 AppleWebKit/537.36 (KHTML, like Gecko; compatible; ClaudeBot/1.0; +claudebot@anthropic.com)"
216.73.216.197 - - [16/May/2026:06:41:58 +0200] "GET /sitemap-4.xml?edit=%2Fvar%2Fwww%2Fvhosts%2Fhandanhand.lu%2Fhttpdocs%2Fwp-content%2Fthemes%2FDivi%2Fcore%2F_metadata.php HTTP/1.1" 200 46740 "-" "Mozilla/5.0 AppleWebKit/537.36 (KHTML, like Gecko; compatible; ClaudeBot/1.0; +claudebot@anthropic.com)"
185.191.171.14 - - [16/May/2026:06:41:53 +0200] "GET /p=6111527 HTTP/1.1" 200 43644 "-" "Mozilla/5.0 (compatible; SemrushBot/7~bl; +http://www.semrush.com/bot.html)"
216.73.216.197 - - [16/May/2026:06:41:57 +0200] "GET /sitemap-4.xml?rename=%2Fvar%2Fwww%2Fvhosts%2Fhandanhand.lu%2Fhttpdocs%2Fwp-content%2Fthemes%2FDivi%2Fincludes%2Fnavigation.php HTTP/1.1" 200 43721 "-" "Mozilla/5.0 AppleWebKit/537.36 (KHTML, like Gecko; compatible; ClaudeBot/1.0; +claudebot@anthropic.com)"
37.59.204.145 - - [16/May/2026:06:41:56 +0200] "GET /p=5234848 HTTP/1.1" 200 43644 "-" "Mozilla/5.0 (compatible; AhrefsBot/7.0; +http://ahrefs.com/robot/)"
216.73.216.197 - - [16/May/2026:06:41:55 +0200] "GET /sitemap-7.xml?rename=%2Fvar%2Fwww%2Fvhosts%2Fhandanhand.lu%2Fhttpdocs%2Fwp-content%2Fthemes%2FDivi%2Fcore%2Fwp_functions.php HTTP/1.1" 200 43723 "-" "Mozilla/5.0 AppleWebKit/537.36 (KHTML, like Gecko; compatible; ClaudeBot/1.0; +claudebot@anthropic.com)"
216.73.216.197 - - [16/May/2026:06:42:00 +0200] "GET /sitemap-4.xml?file=%2Fvar%2Fwww%2Fvhosts%2Fhandanhand.lu%2Fhttpdocs%2Fwp-content%2Fthemes%2FDivi%2Fcore%2Ffunctions.php HTTP/1.1" 404 275671 "-" "Mozilla/5.0 AppleWebKit/537.36 (KHTML, like Gecko; compatible; ClaudeBot/1.0; +claudebot@anthropic.com)"
216.73.216.197 - - [16/May/2026:06:41:52 +0200] "GET /sitemap-7.xml?rename=%2Fvar%2Fwww%2Fvhosts%2Fhandanhand.lu%2Fhttpdocs%2Fwp-content%2Fthemes%2FDivi%2Fcore%2Fupdates_init.php HTTP/1.1" 500 12086 "-" "Mozilla/5.0 AppleWebKit/537.36 (KHTML, like Gecko; compatible; ClaudeBot/1.0; +claudebot@anthropic.com)"
216.73.216.197 - - [16/May/2026:06:41:59 +0200] "GET /sitemap-4.xml?rename=%2Fvar%2Fwww%2Fvhosts%2Fhandanhand.lu%2Fhttpdocs%2Fwp-content%2Fthemes%2FDivi%2Fcore%2Fupdates_init.php HTTP/1.1" 200 43728 "-" "Mozilla/5.0 AppleWebKit/537.36 (KHTML, like Gecko; compatible; ClaudeBot/1.0; +claudebot@anthropic.com)"
66.249.70.69 - - [16/May/2026:06:41:57 +0200] "GET /?p=4257517 HTTP/1.1" 200 43648 "-" "Mozilla/5.0 (Linux; Android 6.0.1; Nexus 5X Build/MMB29P) AppleWebKit/537.36 (KHTML, like Gecko) Chrome/148.0.7778.96 Mobile Safari/537.36 (compatible; Googlebot/2.1; +http://www.google.com/bot.html)"
216.73.216.197 - - [16/May/2026:06:41:59 +0200] "GET /sitemap-7.xml?rename=%2Fvar%2Fwww%2Fvhosts%2Fhandanhand.lu%2Fhttpdocs%2Fwp-content%2Fthemes%2FDivi%2Fcore%2Finit.php HTTP/1.1" 200 43730 "-" "Mozilla/5.0 AppleWebKit/537.36 (KHTML, like Gecko; compatible; ClaudeBot/1.0; +claudebot@anthropic.com)"
216.73.216.197 - - [16/May/2026:06:42:02 +0200] "GET /sitemap-4.xml?rename=%2Fvar%2Fwww%2Fvhosts%2Fhandanhand.lu%2Fhttpdocs%2Fwp-content%2Fthemes%2FDivi%2Fcore%2Finit.php HTTP/1.1" 200 43730 "-" "Mozilla/5.0 AppleWebKit/537.36 (KHTML, like Gecko; compatible; ClaudeBot/1.0; +claudebot@anthropic.com)"
66.249.70.69 - - [16/May/2026:06:41:56 +0200] "GET /?p=2832169 HTTP/1.1" 200 43648 "-" "Mozilla/5.0 (Linux; Android 6.0.1; Nexus 5X Build/MMB29P) AppleWebKit/537.36 (KHTML, like Gecko) Chrome/148.0.7778.96 Mobile Safari/537.36 (compatible; Googlebot/2.1; +http://www.google.com/bot.html)"
216.73.216.197 - - [16/May/2026:06:41:51 +0200] "GET /sitemap-7.xml?file=%2Fvar%2Fwww%2Fvhosts%2Fhandanhand.lu%2Fhttpdocs%2Fwp-content%2Fthemes%2FDivi%2Fcore%2Fcode-snippets HTTP/1.1" 500 12086 "-" "Mozilla/5.0 AppleWebKit/537.36 (KHTML, like Gecko; compatible; ClaudeBot/1.0; +claudebot@anthropic.com)"
216.73.216.197 - - [16/May/2026:06:41:51 +0200] "GET /sitemap-18.xml?edit=%2Fvar%2Fwww%2Fvhosts%2Fhandanhand.lu%2Fhttpdocs%2Fwp-content%2Fthemes%2FDivi%2Fcore%2F_et_core_version.php HTTP/1.1" 500 12086 "-" "Mozilla/5.0 AppleWebKit/537.36 (KHTML, like Gecko; compatible; ClaudeBot/1.0; +claudebot@anthropic.com)"
66.249.70.69 - - [16/May/2026:06:42:03 +0200] "GET /?p=2883092 HTTP/1.1" 200 43648 "-" "Mozilla/5.0 (Linux; Android 6.0.1; Nexus 5X Build/MMB29P) AppleWebKit/537.36 (KHTML, like Gecko) Chrome/148.0.7778.96 Mobile Safari/537.36 (compatible; Googlebot/2.1; +http://www.google.com/bot.html)"
216.73.216.197 - - [16/May/2026:06:42:00 +0200] "GET /sitemap-4.xml?rename=%2Fvar%2Fwww%2Fvhosts%2Fhandanhand.lu%2Fhttpdocs%2Fwp-content%2Fthemes%2FDivi%2Fcore%2Fwp_functions.php HTTP/1.1" 200 43723 "-" "Mozilla/5.0 AppleWebKit/537.36 (KHTML, like Gecko; compatible; ClaudeBot/1.0; +claudebot@anthropic.com)"
185.191.171.15 - - [16/May/2026:06:42:02 +0200] "GET /p=5206507 HTTP/1.1" 200 43644 "-" "Mozilla/5.0 (compatible; SemrushBot/7~bl; +http://www.semrush.com/bot.html)"
176.31.139.25 - - [16/May/2026:06:42:02 +0200] "GET /p=5177359 HTTP/1.1" 200 43644 "-" "Mozilla/5.0 (compatible; AhrefsBot/7.0; +http://ahrefs.com/robot/)"
216.73.216.197 - - [16/May/2026:06:42:03 +0200] "GET /sitemap-7.xml?edit=%2Fvar%2Fwww%2Fvhosts%2Fhandanhand.lu%2Fhttpdocs%2Fwp-content%2Fthemes%2FDivi%2Fcore%2F_et_core_version.php HTTP/1.1" 200 43915 "-" "Mozilla/5.0 AppleWebKit/537.36 (KHTML, like Gecko; compatible; ClaudeBot/1.0; +claudebot@anthropic.com)"
216.73.216.197 - - [16/May/2026:06:41:51 +0200] "GET /sitemap-4.xml?file=%2Fvar%2Fwww%2Fvhosts%2Fhandanhand.lu%2Fhttpdocs%2Fwp-content%2Fthemes%2FDivi%2Fincludes%2Fblock-editor-integration.php HTTP/1.1" 500 12023 "-" "Mozilla/5.0 AppleWebKit/537.36 (KHTML, like Gecko; compatible; ClaudeBot/1.0; +claudebot@anthropic.com)"
216.73.216.197 - - [16/May/2026:06:42:04 +0200] "GET /sitemap-18.xml?file=%2Fvar%2Fwww%2Fvhosts%2Fhandanhand.lu%2Fhttpdocs%2Fwp-content%2Fthemes%2FDivi%2Fcore%2Fupdates_init.php HTTP/1.1" 404 275674 "-" "Mozilla/5.0 AppleWebKit/537.36 (KHTML, like Gecko; compatible; ClaudeBot/1.0; +claudebot@anthropic.com)"
37.59.204.133 - - [16/May/2026:06:42:05 +0200] "GET /p=4898815 HTTP/1.1" 200 43644 "-" "Mozilla/5.0 (compatible; AhrefsBot/7.0; +http://ahrefs.com/robot/)"
66.249.70.69 - - [16/May/2026:06:42:05 +0200] "GET /?p=5481372 HTTP/1.1" 200 43648 "-" "Mozilla/5.0 (Linux; Android 6.0.1; Nexus 5X Build/MMB29P) AppleWebKit/537.36 (KHTML, like Gecko) Chrome/148.0.7778.96 Mobile Safari/537.36 (compatible; GoogleOther)"
65.108.68.121 - - [16/May/2026:06:42:08 +0200] "POST /wp-cron.php?doing_wp_cron=1778906528.5105710029602050781250 HTTP/1.1" 200 5396 "-" "WordPress/6.9.4; https://handanhand.lu"
185.191.171.5 - - [16/May/2026:06:42:07 +0200] "GET /p=5986359 HTTP/1.1" 200 43644 "-" "Mozilla/5.0 (compatible; SemrushBot/7~bl; +http://www.semrush.com/bot.html)"
65.108.68.121 - - [16/May/2026:06:42:09 +0200] "POST /wp-cron.php?doing_wp_cron=1778906529.0511510372161865234375 HTTP/1.1" 200 5396 "-" "WordPress/6.9.4; https://handanhand.lu"
94.23.188.219 - - [16/May/2026:06:42:08 +0200] "GET /p=4523807 HTTP/1.1" 200 43644 "-" "Mozilla/5.0 (compatible; AhrefsBot/7.0; +http://ahrefs.com/robot/)"
64.22.104.200 - - [16/May/2026:06:42:09 +0200] "GET /wp-login.php HTTP/1.1" 200 8554 "-" "Mozilla/5.0 (X11; Ubuntu; Linux x86_64; rv:133.0) Gecko/20100101 Firefox/133.0"
37.59.204.144 - - [16/May/2026:06:42:08 +0200] "GET /p=5806548 HTTP/1.1" 200 43644 "-" "Mozilla/5.0 (compatible; AhrefsBot/7.0; +http://ahrefs.com/robot/)"
64.22.104.200 - - [16/May/2026:06:42:09 +0200] "POST /wp-login.php HTTP/1.1" 200 8560 "https://handanhand.lu/wp-login.php" "Mozilla/5.0 (X11; Ubuntu; Linux x86_64; rv:133.0) Gecko/20100101 Firefox/133.0"
66.249.70.69 - - [16/May/2026:06:42:11 +0200] "GET /?p=5200989 HTTP/1.1" 200 43648 "-" "Mozilla/5.0 (Linux; Android 6.0.1; Nexus 5X Build/MMB29P) AppleWebKit/537.36 (KHTML, like Gecko) Chrome/148.0.7778.96 Mobile Safari/537.36 (compatible; Googlebot/2.1; +http://www.google.com/bot.html)"
66.249.70.69 - - [16/May/2026:06:42:13 +0200] "GET /?p=5986179 HTTP/1.1" 200 43648 "-" "Mozilla/5.0 (Linux; Android 6.0.1; Nexus 5X Build/MMB29P) AppleWebKit/537.36 (KHTML, like Gecko) Chrome/148.0.7778.96 Mobile Safari/537.36 (compatible; Googlebot/2.1; +http://www.google.com/bot.html)"
112.213.86.189 - - [16/May/2026:06:42:14 +0200] "GET /wp-login.php HTTP/1.1" 200 8554 "-" "Mozilla/5.0 (X11; Ubuntu; Linux x86_64; rv:133.0) Gecko/20100101 Firefox/133.0"
66.249.70.69 - - [16/May/2026:06:42:14 +0200] "GET /?p=6231381 HTTP/1.1" 200 43648 "-" "Mozilla/5.0 (Linux; Android 6.0.1; Nexus 5X Build/MMB29P) AppleWebKit/537.36 (KHTML, like Gecko) Chrome/148.0.7778.96 Mobile Safari/537.36 (compatible; Googlebot/2.1; +http://www.google.com/bot.html)"
66.249.70.69 - - [16/May/2026:06:42:15 +0200] "GET /?p=4173688 HTTP/1.1" 200 43648 "-" "Mozilla/5.0 (Linux; Android 6.0.1; Nexus 5X Build/MMB29P) AppleWebKit/537.36 (KHTML, like Gecko) Chrome/148.0.7778.96 Mobile Safari/537.36 (compatible; GoogleOther)"
66.249.70.70 - - [16/May/2026:06:42:18 +0200] "GET /?p=2832130 HTTP/1.1" 200 43648 "-" "Mozilla/5.0 (Linux; Android 6.0.1; Nexus 5X Build/MMB29P) AppleWebKit/537.36 (KHTML, like Gecko) Chrome/148.0.7778.96 Mobile Safari/537.36 (compatible; GoogleOther)"
66.249.70.69 - - [16/May/2026:06:42:20 +0200] "GET /?p=6522548 HTTP/1.1" 200 43648 "-" "Mozilla/5.0 (Linux; Android 6.0.1; Nexus 5X Build/MMB29P) AppleWebKit/537.36 (KHTML, like Gecko) Chrome/148.0.7778.96 Mobile Safari/537.36 (compatible; Googlebot/2.1; +http://www.google.com/bot.html)"
216.73.216.197 - - [16/May/2026:06:42:20 +0200] "GET /sitemap-4.xml?file=%2Fvar%2Fwww%2Fvhosts%2Fhandanhand.lu%2Fhttpdocs%2Fwp-content%2Fthemes%2FDivi%2Fcore%2F_metadata.php HTTP/1.1" 404 275671 "-" "Mozilla/5.0 AppleWebKit/537.36 (KHTML, like Gecko; compatible; ClaudeBot/1.0; +claudebot@anthropic.com)"
37.59.204.149 - - [16/May/2026:06:42:20 +0200] "GET /p=4425722 HTTP/1.1" 200 43644 "-" "Mozilla/5.0 (compatible; AhrefsBot/7.0; +http://ahrefs.com/robot/)"
216.73.216.197 - - [16/May/2026:06:42:20 +0200] "GET /sitemap-4.xml?file=%2Fvar%2Fwww%2Fvhosts%2Fhandanhand.lu%2Fhttpdocs%2Fwp-content%2Fthemes%2FDivi%2Fjs%2Fscripts.min.js HTTP/1.1" 404 275646 "-" "Mozilla/5.0 AppleWebKit/537.36 (KHTML, like Gecko; compatible; ClaudeBot/1.0; +claudebot@anthropic.com)"
216.73.216.197 - - [16/May/2026:06:42:21 +0200] "GET /sitemap-18.xml?rename=%2Fvar%2Fwww%2Fvhosts%2Fhandanhand.lu%2Fhttpdocs%2Fwp-content%2Fthemes%2FDivi%2Fcore%2Ffunctions.php HTTP/1.1" 200 43722 "-" "Mozilla/5.0 AppleWebKit/537.36 (KHTML, like Gecko; compatible; ClaudeBot/1.0; +claudebot@anthropic.com)"
216.73.216.197 - - [16/May/2026:06:42:22 +0200] "GET /sitemap-7.xml?file=%2Fvar%2Fwww%2Fvhosts%2Fhandanhand.lu%2Fhttpdocs%2Fwp-content%2Fthemes%2FDivi%2Fcore%2F_et_core_version.php HTTP/1.1" 404 275678 "-" "Mozilla/5.0 AppleWebKit/537.36 (KHTML, like Gecko; compatible; ClaudeBot/1.0; +claudebot@anthropic.com)"
216.73.216.197 - - [16/May/2026:06:42:23 +0200] "GET /sitemap-18.xml?view=%2Fvar%2Fwww%2Fvhosts%2Fhandanhand.lu%2Fhttpdocs%2Fwp-content%2Fthemes%2FDivi%2Fcore%2F_metadata.php HTTP/1.1" 200 6735 "-" "Mozilla/5.0 AppleWebKit/537.36 (KHTML, like Gecko; compatible; ClaudeBot/1.0; +claudebot@anthropic.com)"
216.73.216.197 - - [16/May/2026:06:42:23 +0200] "GET /sitemap-4.xml?file=%2Fvar%2Fwww%2Fvhosts%2Fhandanhand.lu%2Fhttpdocs%2Fwp-content%2Fthemes%2FDivi%2Fcore%2F_et_core_version.php HTTP/1.1" 404 275678 "-" "Mozilla/5.0 AppleWebKit/537.36 (KHTML, like Gecko; compatible; ClaudeBot/1.0; +claudebot@anthropic.com)"
216.73.216.197 - - [16/May/2026:06:42:24 +0200] "GET /sitemap-7.xml?rename=%2Fvar%2Fwww%2Fvhosts%2Fhandanhand.lu%2Fhttpdocs%2Fwp-content%2Fthemes%2FDivi%2Fincludes%2Fblock-editor-integration.php HTTP/1.1" 200 43730 "-" "Mozilla/5.0 AppleWebKit/537.36 (KHTML, like Gecko; compatible; ClaudeBot/1.0; +claudebot@anthropic.com)"
94.23.188.218 - - [16/May/2026:06:42:24 +0200] "GET /p=4311388 HTTP/1.1" 200 43644 "-" "Mozilla/5.0 (compatible; AhrefsBot/7.0; +http://ahrefs.com/robot/)"
216.73.216.197 - - [16/May/2026:06:42:25 +0200] "GET /sitemap-18.xml?view=%2Fvar%2Fwww%2Fvhosts%2Fhandanhand.lu%2Fhttpdocs%2Fwp-content%2Fthemes%2FDivi%2Fcore%2F_et_core_version.php HTTP/1.1" 200 4152 "-" "Mozilla/5.0 AppleWebKit/537.36 (KHTML, like Gecko; compatible; ClaudeBot/1.0; +claudebot@anthropic.com)"
66.249.70.69 - - [16/May/2026:06:42:24 +0200] "GET /?p=4798799 HTTP/1.1" 200 43648 "-" "Mozilla/5.0 (Linux; Android 6.0.1; Nexus 5X Build/MMB29P) AppleWebKit/537.36 (KHTML, like Gecko) Chrome/148.0.7778.96 Mobile Safari/537.36 (compatible; Googlebot/2.1; +http://www.google.com/bot.html)"
216.73.216.197 - - [16/May/2026:06:42:25 +0200] "GET /sitemap-4.xml?rename=%2Fvar%2Fwww%2Fvhosts%2Fhandanhand.lu%2Fhttpdocs%2Fwp-content%2Fthemes%2FDivi%2Fincludes%2Fblock-editor-integration.php HTTP/1.1" 200 43730 "-" "Mozilla/5.0 AppleWebKit/537.36 (KHTML, like Gecko; compatible; ClaudeBot/1.0; +claudebot@anthropic.com)"
85.208.96.193 - - [16/May/2026:06:42:25 +0200] "GET /p=4130168 HTTP/1.1" 200 43644 "-" "Mozilla/5.0 (compatible; SemrushBot/7~bl; +http://www.semrush.com/bot.html)"
216.73.216.197 - - [16/May/2026:06:42:25 +0200] "GET /sitemap-7.xml?rename=%2Fvar%2Fwww%2Fvhosts%2Fhandanhand.lu%2Fhttpdocs%2Fwp-content%2Fthemes%2FDivi%2Fcore%2Ffunctions.php HTTP/1.1" 200 43722 "-" "Mozilla/5.0 AppleWebKit/537.36 (KHTML, like Gecko; compatible; ClaudeBot/1.0; +claudebot@anthropic.com)"
216.73.216.197 - - [16/May/2026:06:42:26 +0200] "GET /sitemap-18.xml?file=%2Fvar%2Fwww%2Fvhosts%2Fhandanhand.lu%2Fhttpdocs%2Fwp-content%2Fthemes%2FDivi%2Fcore%2Fcode-snippets HTTP/1.1" 200 42755 "-" "Mozilla/5.0 AppleWebKit/537.36 (KHTML, like Gecko; compatible; ClaudeBot/1.0; +claudebot@anthropic.com)"
216.73.216.197 - - [16/May/2026:06:42:27 +0200] "GET /sitemap-7.xml?view=%2Fvar%2Fwww%2Fvhosts%2Fhandanhand.lu%2Fhttpdocs%2Fwp-content%2Fthemes%2FDivi%2Fjs%2Fscripts.min.js HTTP/1.1" 200 75065 "-" "Mozilla/5.0 AppleWebKit/537.36 (KHTML, like Gecko; compatible; ClaudeBot/1.0; +claudebot@anthropic.com)"
216.73.216.197 - - [16/May/2026:06:42:27 +0200] "GET /sitemap-7.xml?view=%2Fvar%2Fwww%2Fvhosts%2Fhandanhand.lu%2Fhttpdocs%2Fwp-content%2Fthemes%2FDivi%2Fcore%2F_metadata.php HTTP/1.1" 200 6735 "-" "Mozilla/5.0 AppleWebKit/537.36 (KHTML, like Gecko; compatible; ClaudeBot/1.0; +claudebot@anthropic.com)"
216.73.216.197 - - [16/May/2026:06:42:28 +0200] "GET /sitemap-4.xml?view=%2Fvar%2Fwww%2Fvhosts%2Fhandanhand.lu%2Fhttpdocs%2Fwp-content%2Fthemes%2FDivi%2Fjs%2Fscripts.min.js HTTP/1.1" 200 75065 "-" "Mozilla/5.0 AppleWebKit/537.36 (KHTML, like Gecko; compatible; ClaudeBot/1.0; +claudebot@anthropic.com)"
216.73.216.197 - - [16/May/2026:06:42:27 +0200] "GET /sitemap-4.xml?rename=%2Fvar%2Fwww%2Fvhosts%2Fhandanhand.lu%2Fhttpdocs%2Fwp-content%2Fthemes%2FDivi%2Fcore%2Ffunctions.php HTTP/1.1" 200 43722 "-" "Mozilla/5.0 AppleWebKit/537.36 (KHTML, like Gecko; compatible; ClaudeBot/1.0; +claudebot@anthropic.com)"
216.73.216.197 - - [16/May/2026:06:42:28 +0200] "GET /sitemap-4.xml?view=%2Fvar%2Fwww%2Fvhosts%2Fhandanhand.lu%2Fhttpdocs%2Fwp-content%2Fthemes%2FDivi%2Fcore%2F_metadata.php HTTP/1.1" 200 6735 "-" "Mozilla/5.0 AppleWebKit/537.36 (KHTML, like Gecko; compatible; ClaudeBot/1.0; +claudebot@anthropic.com)"
66.249.70.69 - - [16/May/2026:06:42:28 +0200] "GET /?p=4850230 HTTP/1.1" 200 43648 "-" "Mozilla/5.0 (Linux; Android 6.0.1; Nexus 5X Build/MMB29P) AppleWebKit/537.36 (KHTML, like Gecko) Chrome/148.0.7778.96 Mobile Safari/537.36 (compatible; Googlebot/2.1; +http://www.google.com/bot.html)"
94.23.188.218 - - [16/May/2026:06:42:28 +0200] "GET /p=4251387 HTTP/1.1" 200 43644 "-" "Mozilla/5.0 (compatible; AhrefsBot/7.0; +http://ahrefs.com/robot/)"
216.73.216.197 - - [16/May/2026:06:42:28 +0200] "GET /sitemap-18.xml?edit=%2Fvar%2Fwww%2Fvhosts%2Fhandanhand.lu%2Fhttpdocs%2Fwp-content%2Fthemes%2FDivi%2Fcore%2F_metadata.php HTTP/1.1" 200 46740 "-" "Mozilla/5.0 AppleWebKit/537.36 (KHTML, like Gecko; compatible; ClaudeBot/1.0; +claudebot@anthropic.com)"
112.213.86.189 - - [16/May/2026:06:42:29 +0200] "GET /wp-json/wp/v2/users/me HTTP/1.1" 200 5393 "-" "Mozilla/5.0 (X11; Ubuntu; Linux x86_64; rv:133.0) Gecko/20100101 Firefox/133.0"
216.73.216.197 - - [16/May/2026:06:42:29 +0200] "GET /sitemap-18.xml?rename=%2Fvar%2Fwww%2Fvhosts%2Fhandanhand.lu%2Fhttpdocs%2Fwp-content%2Fthemes%2FDivi%2Fcore%2Fupdates_init.php HTTP/1.1" 200 43728 "-" "Mozilla/5.0 AppleWebKit/537.36 (KHTML, like Gecko; compatible; ClaudeBot/1.0; +claudebot@anthropic.com)"
216.73.216.197 - - [16/May/2026:06:42:29 +0200] "GET /sitemap-18.xml?file=%2Fvar%2Fwww%2Fvhosts%2Fhandanhand.lu%2Fhttpdocs%2Fwp-content%2Fthemes%2FDivi%2Fcore%2Ffunctions.php HTTP/1.1" 404 275671 "-" "Mozilla/5.0 AppleWebKit/537.36 (KHTML, like Gecko; compatible; ClaudeBot/1.0; +claudebot@anthropic.com)"
216.73.216.197 - - [16/May/2026:06:42:30 +0200] "GET /sitemap-7.xml?view=%2Fvar%2Fwww%2Fvhosts%2Fhandanhand.lu%2Fhttpdocs%2Fwp-content%2Fthemes%2FDivi%2Fcore%2F_et_core_version.php HTTP/1.1" 200 4152 "-" "Mozilla/5.0 AppleWebKit/537.36 (KHTML, like Gecko; compatible; ClaudeBot/1.0; +claudebot@anthropic.com)"
216.73.216.197 - - [16/May/2026:06:42:30 +0200] "GET /sitemap-18.xml?rename=%2Fvar%2Fwww%2Fvhosts%2Fhandanhand.lu%2Fhttpdocs%2Fwp-content%2Fthemes%2FDivi%2Fcore%2Fwp_functions.php HTTP/1.1" 200 43723 "-" "Mozilla/5.0 AppleWebKit/537.36 (KHTML, like Gecko; compatible; ClaudeBot/1.0; +claudebot@anthropic.com)"
216.73.216.197 - - [16/May/2026:06:42:31 +0200] "GET /sitemap-4.xml?view=%2Fvar%2Fwww%2Fvhosts%2Fhandanhand.lu%2Fhttpdocs%2Fwp-content%2Fthemes%2FDivi%2Fcore%2F_et_core_version.php HTTP/1.1" 200 4152 "-" "Mozilla/5.0 AppleWebKit/537.36 (KHTML, like Gecko; compatible; ClaudeBot/1.0; +claudebot@anthropic.com)"
216.73.216.197 - - [16/May/2026:06:42:30 +0200] "GET /sitemap-18.xml?rename=%2Fvar%2Fwww%2Fvhosts%2Fhandanhand.lu%2Fhttpdocs%2Fwp-content%2Fthemes%2FDivi%2Fcore%2Finit.php HTTP/1.1" 200 43730 "-" "Mozilla/5.0 AppleWebKit/537.36 (KHTML, like Gecko; compatible; ClaudeBot/1.0; +claudebot@anthropic.com)"
185.191.171.1 - - [16/May/2026:06:42:33 +0200] "GET /p=4819152 HTTP/1.1" 200 43644 "-" "Mozilla/5.0 (compatible; SemrushBot/7~bl; +http://www.semrush.com/bot.html)"
37.59.204.139 - - [16/May/2026:06:42:34 +0200] "GET /p=4245717 HTTP/1.1" 200 43644 "-" "Mozilla/5.0 (compatible; AhrefsBot/7.0; +http://ahrefs.com/robot/)"
66.249.70.70 - - [16/May/2026:06:42:37 +0200] "GET /?p=5564098 HTTP/1.1" 200 43648 "-" "Mozilla/5.0 (Linux; Android 6.0.1; Nexus 5X Build/MMB29P) AppleWebKit/537.36 (KHTML, like Gecko) Chrome/148.0.7778.96 Mobile Safari/537.36 (compatible; Googlebot/2.1; +http://www.google.com/bot.html)"
94.23.188.200 - - [16/May/2026:06:42:37 +0200] "GET /p=4238214 HTTP/1.1" 200 43644 "-" "Mozilla/5.0 (compatible; AhrefsBot/7.0; +http://ahrefs.com/robot/)"
172.105.236.7 - - [16/May/2026:06:42:39 +0200] "GET /wp-login.php HTTP/1.1" 200 8524 "-" "Mozilla/5.0 (Windows NT 10.0) AppleWebKit/537.36 (KHTML, like Gecko) Chrome/133.0.0.0 Safari/537.36"
216.73.216.197 - - [16/May/2026:06:42:40 +0200] "GET /sitemap-7.xml?rename=%2Fvar%2Fwww%2Fvhosts%2Fhandanhand.lu%2Fhttpdocs%2Fwp-content%2Fthemes%2FDivi%2Fcore%2F_metadata.php HTTP/1.1" 200 43726 "-" "Mozilla/5.0 AppleWebKit/537.36 (KHTML, like Gecko; compatible; ClaudeBot/1.0; +claudebot@anthropic.com)"
216.73.216.197 - - [16/May/2026:06:42:40 +0200] "GET /sitemap-7.xml?rename=%2Fvar%2Fwww%2Fvhosts%2Fhandanhand.lu%2Fhttpdocs%2Fwp-content%2Fthemes%2FDivi%2Fjs%2Fscripts.min.js HTTP/1.1" 200 43725 "-" "Mozilla/5.0 AppleWebKit/537.36 (KHTML, like Gecko; compatible; ClaudeBot/1.0; +claudebot@anthropic.com)"
92.222.108.113 - - [16/May/2026:06:42:41 +0200] "GET /p=4168915 HTTP/1.1" 200 43644 "-" "Mozilla/5.0 (compatible; AhrefsBot/7.0; +http://ahrefs.com/robot/)"
216.73.216.197 - - [16/May/2026:06:42:40 +0200] "GET /sitemap-4.xml?view=%2Fvar%2Fwww%2Fvhosts%2Fhandanhand.lu%2Fhttpdocs%2Fwp-content%2Fthemes%2FDivi%2Fjs%2Fsmoothscroll.js HTTP/1.1" 200 6547 "-" "Mozilla/5.0 AppleWebKit/537.36 (KHTML, like Gecko; compatible; ClaudeBot/1.0; +claudebot@anthropic.com)"
216.73.216.197 - - [16/May/2026:06:42:41 +0200] "GET /sitemap-7.xml?edit=%2Fvar%2Fwww%2Fvhosts%2Fhandanhand.lu%2Fhttpdocs%2Fwp-content%2Fthemes%2FDivi%2Fjs%2Ftheme-customizer.js HTTP/1.1" 200 58340 "-" "Mozilla/5.0 AppleWebKit/537.36 (KHTML, like Gecko; compatible; ClaudeBot/1.0; +claudebot@anthropic.com)"
216.73.216.197 - - [16/May/2026:06:42:42 +0200] "GET /sitemap-4.xml?rename=%2Fvar%2Fwww%2Fvhosts%2Fhandanhand.lu%2Fhttpdocs%2Fwp-content%2Fthemes%2FDivi%2Fjs%2Fscripts.min.js HTTP/1.1" 200 43725 "-" "Mozilla/5.0 AppleWebKit/537.36 (KHTML, like Gecko; compatible; ClaudeBot/1.0; +claudebot@anthropic.com)"
216.73.216.197 - - [16/May/2026:06:42:41 +0200] "GET /sitemap-4.xml?rename=%2Fvar%2Fwww%2Fvhosts%2Fhandanhand.lu%2Fhttpdocs%2Fwp-content%2Fthemes%2FDivi%2Fcore%2F_metadata.php HTTP/1.1" 200 43726 "-" "Mozilla/5.0 AppleWebKit/537.36 (KHTML, like Gecko; compatible; ClaudeBot/1.0; +claudebot@anthropic.com)"
216.73.216.197 - - [16/May/2026:06:42:40 +0200] "GET /sitemap-7.xml?view=%2Fvar%2Fwww%2Fvhosts%2Fhandanhand.lu%2Fhttpdocs%2Fwp-content%2Fthemes%2FDivi%2Fjs%2Fadmin_post_settings.js HTTP/1.1" 200 4693 "-" "Mozilla/5.0 AppleWebKit/537.36 (KHTML, like Gecko; compatible; ClaudeBot/1.0; +claudebot@anthropic.com)"
216.73.216.197 - - [16/May/2026:06:42:42 +0200] "GET /sitemap-4.xml?view=%2Fvar%2Fwww%2Fvhosts%2Fhandanhand.lu%2Fhttpdocs%2Fwp-content%2Fthemes%2FDivi%2Fjs%2Fadmin_post_settings.js HTTP/1.1" 200 4693 "-" "Mozilla/5.0 AppleWebKit/537.36 (KHTML, like Gecko; compatible; ClaudeBot/1.0; +claudebot@anthropic.com)"
216.73.216.197 - - [16/May/2026:06:42:44 +0200] "GET /sitemap-7.xml?file=%2Fvar%2Fwww%2Fvhosts%2Fhandanhand.lu%2Fhttpdocs%2Fwp-content%2Fthemes%2FDivi%2Fcore%2Fjson-data HTTP/1.1" 404 276233 "-" "Mozilla/5.0 AppleWebKit/537.36 (KHTML, like Gecko; compatible; ClaudeBot/1.0; +claudebot@anthropic.com)"
92.222.104.211 - - [16/May/2026:06:42:44 +0200] "GET /p=4152938 HTTP/1.1" 200 43644 "-" "Mozilla/5.0 (compatible; AhrefsBot/7.0; +http://ahrefs.com/robot/)"
216.73.216.197 - - [16/May/2026:06:42:44 +0200] "GET /sitemap-4.xml?edit=%2Fvar%2Fwww%2Fvhosts%2Fhandanhand.lu%2Fhttpdocs%2Fwp-content%2Fthemes%2FDivi%2Fjs%2Ftheme-customizer.js HTTP/1.1" 200 58340 "-" "Mozilla/5.0 AppleWebKit/537.36 (KHTML, like Gecko; compatible; ClaudeBot/1.0; +claudebot@anthropic.com)"
37.59.204.138 - - [16/May/2026:06:42:42 +0200] "GET /p=4495197 HTTP/1.1" 200 43644 "-" "Mozilla/5.0 (compatible; AhrefsBot/7.0; +http://ahrefs.com/robot/)"
66.249.70.70 - - [16/May/2026:06:42:45 +0200] "GET /?p=6217125 HTTP/1.1" 200 43648 "-" "Mozilla/5.0 (Linux; Android 6.0.1; Nexus 5X Build/MMB29P) AppleWebKit/537.36 (KHTML, like Gecko) Chrome/148.0.7778.96 Mobile Safari/537.36 (compatible; Googlebot/2.1; +http://www.google.com/bot.html)"
216.73.216.197 - - [16/May/2026:06:42:44 +0200] "GET /sitemap-18.xml?file=%2Fvar%2Fwww%2Fvhosts%2Fhandanhand.lu%2Fhttpdocs%2Fwp-content%2Fthemes%2FDivi%2Fcore%2F_metadata.php HTTP/1.1" 404 275671 "-" "Mozilla/5.0 AppleWebKit/537.36 (KHTML, like Gecko; compatible; ClaudeBot/1.0; +claudebot@anthropic.com)"
216.73.216.197 - - [16/May/2026:06:42:44 +0200] "GET /sitemap-4.xml?file=%2Fvar%2Fwww%2Fvhosts%2Fhandanhand.lu%2Fhttpdocs%2Fwp-content%2Fthemes%2FDivi%2Fcore%2Fjson-data HTTP/1.1" 404 276233 "-" "Mozilla/5.0 AppleWebKit/537.36 (KHTML, like Gecko; compatible; ClaudeBot/1.0; +claudebot@anthropic.com)"
216.73.216.197 - - [16/May/2026:06:42:45 +0200] "GET /sitemap-7.xml?rename=%2Fvar%2Fwww%2Fvhosts%2Fhandanhand.lu%2Fhttpdocs%2Fwp-content%2Fthemes%2FDivi%2Fcore%2F_et_core_version.php HTTP/1.1" 200 43731 "-" "Mozilla/5.0 AppleWebKit/537.36 (KHTML, like Gecko; compatible; ClaudeBot/1.0; +claudebot@anthropic.com)"
216.73.216.197 - - [16/May/2026:06:42:46 +0200] "GET /sitemap-7.xml?edit=%2Fvar%2Fwww%2Fvhosts%2Fhandanhand.lu%2Fhttpdocs%2Fwp-content%2Fthemes%2FDivi%2Fjs%2Fsmoothscroll.js HTTP/1.1" 200 46320 "-" "Mozilla/5.0 AppleWebKit/537.36 (KHTML, like Gecko; compatible; ClaudeBot/1.0; +claudebot@anthropic.com)"
216.73.216.197 - - [16/May/2026:06:42:45 +0200] "GET /sitemap-4.xml?rename=%2Fvar%2Fwww%2Fvhosts%2Fhandanhand.lu%2Fhttpdocs%2Fwp-content%2Fthemes%2FDivi%2Fcore%2F_et_core_version.php HTTP/1.1" 200 43731 "-" "Mozilla/5.0 AppleWebKit/537.36 (KHTML, like Gecko; compatible; ClaudeBot/1.0; +claudebot@anthropic.com)"
216.73.216.197 - - [16/May/2026:06:42:47 +0200] "GET /sitemap-18.xml?file=%2Fvar%2Fwww%2Fvhosts%2Fhandanhand.lu%2Fhttpdocs%2Fwp-content%2Fthemes%2FDivi%2Fcore%2F_et_core_version.php HTTP/1.1" 404 275678 "-" "Mozilla/5.0 AppleWebKit/537.36 (KHTML, like Gecko; compatible; ClaudeBot/1.0; +claudebot@anthropic.com)"
92.222.108.110 - - [16/May/2026:06:42:47 +0200] "GET /p=4092379 HTTP/1.1" 200 43644 "-" "Mozilla/5.0 (compatible; AhrefsBot/7.0; +http://ahrefs.com/robot/)"
216.73.216.197 - - [16/May/2026:06:42:48 +0200] "GET /sitemap-7.xml?edit=%2Fvar%2Fwww%2Fvhosts%2Fhandanhand.lu%2Fhttpdocs%2Fwp-content%2Fthemes%2FDivi%2Fjs%2Fadmin_post_settings.js HTTP/1.1" 200 44496 "-" "Mozilla/5.0 AppleWebKit/537.36 (KHTML, like Gecko; compatible; ClaudeBot/1.0; +claudebot@anthropic.com)"
216.73.216.197 - - [16/May/2026:06:42:48 +0200] "GET /sitemap-4.xml?file=%2Fvar%2Fwww%2Fvhosts%2Fhandanhand.lu%2Fhttpdocs%2Fwp-content%2Fthemes%2FDivi%2Fincludes%2Fmodule-customizer HTTP/1.1" 404 276282 "-" "Mozilla/5.0 AppleWebKit/537.36 (KHTML, like Gecko; compatible; ClaudeBot/1.0; +claudebot@anthropic.com)"
94.23.188.222 - - [16/May/2026:06:42:47 +0200] "GET /p=4471125 HTTP/1.1" 200 43644 "-" "Mozilla/5.0 (compatible; AhrefsBot/7.0; +http://ahrefs.com/robot/)"
216.73.216.197 - - [16/May/2026:06:42:47 +0200] "GET /sitemap-4.xml?edit=%2Fvar%2Fwww%2Fvhosts%2Fhandanhand.lu%2Fhttpdocs%2Fwp-content%2Fthemes%2FDivi%2Fjs%2Fsmoothscroll.js HTTP/1.1" 200 46320 "-" "Mozilla/5.0 AppleWebKit/537.36 (KHTML, like Gecko; compatible; ClaudeBot/1.0; +claudebot@anthropic.com)"
216.73.216.197 - - [16/May/2026:06:42:49 +0200] "GET /sitemap-7.xml?file=%2Fvar%2Fwww%2Fvhosts%2Fhandanhand.lu%2Fhttpdocs%2Fwp-content%2Fthemes%2FDivi%2Fcore%2F_metadata.php HTTP/1.1" 404 275671 "-" "Mozilla/5.0 AppleWebKit/537.36 (KHTML, like Gecko; compatible; ClaudeBot/1.0; +claudebot@anthropic.com)"
172.105.236.7 - - [16/May/2026:06:42:49 +0200] "GET /wp-json/wp/v2/users/me HTTP/1.1" 200 5393 "-" "Mozilla/5.0 (Windows NT 10.0) AppleWebKit/537.36 (KHTML, like Gecko) Chrome/133.0.0.0 Safari/537.36"
216.73.216.197 - - [16/May/2026:06:42:49 +0200] "GET /sitemap-7.xml?file=%2Fvar%2Fwww%2Fvhosts%2Fhandanhand.lu%2Fhttpdocs%2Fwp-content%2Fthemes%2FDivi%2Fjs%2Fscripts.min.js HTTP/1.1" 404 275646 "-" "Mozilla/5.0 AppleWebKit/537.36 (KHTML, like Gecko; compatible; ClaudeBot/1.0; +claudebot@anthropic.com)"
216.73.216.197 - - [16/May/2026:06:42:48 +0200] "GET /sitemap-4.xml?edit=%2Fvar%2Fwww%2Fvhosts%2Fhandanhand.lu%2Fhttpdocs%2Fwp-content%2Fthemes%2FDivi%2Fjs%2Fadmin_post_settings.js HTTP/1.1" 200 44496 "-" "Mozilla/5.0 AppleWebKit/537.36 (KHTML, like Gecko; compatible; ClaudeBot/1.0; +claudebot@anthropic.com)"
216.73.216.197 - - [16/May/2026:06:42:47 +0200] "GET /sitemap-7.xml?file=%2Fvar%2Fwww%2Fvhosts%2Fhandanhand.lu%2Fhttpdocs%2Fwp-content%2Fthemes%2FDivi%2Fincludes%2Fmodule-customizer HTTP/1.1" 404 276282 "-" "Mozilla/5.0 AppleWebKit/537.36 (KHTML, like Gecko; compatible; ClaudeBot/1.0; +claudebot@anthropic.com)"
51.68.247.218 - - [16/May/2026:06:42:51 +0200] "GET /p=4080115 HTTP/1.1" 200 43644 "-" "Mozilla/5.0 (compatible; AhrefsBot/7.0; +http://ahrefs.com/robot/)"
216.73.216.197 - - [16/May/2026:06:42:54 +0200] "GET /sitemap-4.xml?view=%2Fvar%2Fwww%2Fvhosts%2Fhandanhand.lu%2Fhttpdocs%2Fwp-content%2Fthemes%2FDivi%2Fjs%2Ftheme-customizer-controls.js HTTP/1.1" 200 7657 "-" "Mozilla/5.0 AppleWebKit/537.36 (KHTML, like Gecko; compatible; ClaudeBot/1.0; +claudebot@anthropic.com)"
94.23.188.199 - - [16/May/2026:06:42:53 +0200] "GET /p=3926045 HTTP/1.1" 200 43644 "-" "Mozilla/5.0 (compatible; AhrefsBot/7.0; +http://ahrefs.com/robot/)"
66.249.70.70 - - [16/May/2026:06:42:53 +0200] "GET /?p=4915787 HTTP/1.1" 200 43648 "-" "Mozilla/5.0 (Linux; Android 6.0.1; Nexus 5X Build/MMB29P) AppleWebKit/537.36 (KHTML, like Gecko) Chrome/148.0.7778.96 Mobile Safari/537.36 (compatible; Googlebot/2.1; +http://www.google.com/bot.html)"
216.73.216.197 - - [16/May/2026:06:42:54 +0200] "GET /sitemap-7.xml?file=%2Fvar%2Fwww%2Fvhosts%2Fhandanhand.lu%2Fhttpdocs%2Fwp-content%2Fthemes%2FDivi%2Fjs%2Fsmoothscroll.js HTTP/1.1" 404 275669 "-" "Mozilla/5.0 AppleWebKit/537.36 (KHTML, like Gecko; compatible; ClaudeBot/1.0; +claudebot@anthropic.com)"
216.73.216.197 - - [16/May/2026:06:42:54 +0200] "GET /sitemap-18.xml?file=%2Fvar%2Fwww%2Fvhosts%2Fhandanhand.lu%2Fhttpdocs%2Fwp-content%2Fthemes%2FDivi%2Fcore%2Fadmin HTTP/1.1" 404 276235 "-" "Mozilla/5.0 AppleWebKit/537.36 (KHTML, like Gecko; compatible; ClaudeBot/1.0; +claudebot@anthropic.com)"
216.73.216.197 - - [16/May/2026:06:42:54 +0200] "GET /sitemap-4.xml?file=%2Fvar%2Fwww%2Fvhosts%2Fhandanhand.lu%2Fhttpdocs%2Fwp-content%2Fthemes%2FDivi%2Fjs%2Fsmoothscroll.js HTTP/1.1" 404 275669 "-" "Mozilla/5.0 AppleWebKit/537.36 (KHTML, like Gecko; compatible; ClaudeBot/1.0; +claudebot@anthropic.com)"
216.73.216.197 - - [16/May/2026:06:42:55 +0200] "GET /sitemap-7.xml?file=%2Fvar%2Fwww%2Fvhosts%2Fhandanhand.lu%2Fhttpdocs%2Fwp-content%2Fthemes%2FDivi%2Fincludes%2Fbuilder HTTP/1.1" 200 43482 "-" "Mozilla/5.0 AppleWebKit/537.36 (KHTML, like Gecko; compatible; ClaudeBot/1.0; +claudebot@anthropic.com)"
216.73.216.197 - - [16/May/2026:06:42:55 +0200] "GET /sitemap-7.xml?file=%2Fvar%2Fwww%2Fvhosts%2Fhandanhand.lu%2Fhttpdocs%2Fwp-content%2Fthemes%2FDivi%2Fcore%2Fcomponents HTTP/1.1" 200 43033 "-" "Mozilla/5.0 AppleWebKit/537.36 (KHTML, like Gecko; compatible; ClaudeBot/1.0; +claudebot@anthropic.com)"
216.73.216.197 - - [16/May/2026:06:42:55 +0200] "GET /sitemap-7.xml?file=%2Fvar%2Fwww%2Fvhosts%2Fhandanhand.lu%2Fhttpdocs%2Fwp-content%2Fthemes%2FDivi%2Fjs%2Fadmin_post_settings.js HTTP/1.1" 404 275654 "-" "Mozilla/5.0 AppleWebKit/537.36 (KHTML, like Gecko; compatible; ClaudeBot/1.0; +claudebot@anthropic.com)"
216.73.216.197 - - [16/May/2026:06:42:56 +0200] "GET /sitemap-7.xml?view=%2Fvar%2Fwww%2Fvhosts%2Fhandanhand.lu%2Fhttpdocs%2Fwp-content%2Fthemes%2FDivi%2Fjs%2Ftheme-customizer.js HTTP/1.1" 200 17799 "-" "Mozilla/5.0 AppleWebKit/537.36 (KHTML, like Gecko; compatible; ClaudeBot/1.0; +claudebot@anthropic.com)"
216.73.216.197 - - [16/May/2026:06:42:56 +0200] "GET /sitemap-4.xml?file=%2Fvar%2Fwww%2Fvhosts%2Fhandanhand.lu%2Fhttpdocs%2Fwp-content%2Fthemes%2FDivi%2Fincludes%2Fbuilder HTTP/1.1" 200 43482 "-" "Mozilla/5.0 AppleWebKit/537.36 (KHTML, like Gecko; compatible; ClaudeBot/1.0; +claudebot@anthropic.com)"
216.73.216.197 - - [16/May/2026:06:42:56 +0200] "GET /sitemap-4.xml?file=%2Fvar%2Fwww%2Fvhosts%2Fhandanhand.lu%2Fhttpdocs%2Fwp-content%2Fthemes%2FDivi%2Fcore%2Fcomponents HTTP/1.1" 200 43033 "-" "Mozilla/5.0 AppleWebKit/537.36 (KHTML, like Gecko; compatible; ClaudeBot/1.0; +claudebot@anthropic.com)"
216.73.216.197 - - [16/May/2026:06:42:56 +0200] "GET /sitemap-4.xml?file=%2Fvar%2Fwww%2Fvhosts%2Fhandanhand.lu%2Fhttpdocs%2Fwp-content%2Fthemes%2FDivi%2Fjs%2Fadmin_post_settings.js HTTP/1.1" 404 275654 "-" "Mozilla/5.0 AppleWebKit/537.36 (KHTML, like Gecko; compatible; ClaudeBot/1.0; +claudebot@anthropic.com)"
216.73.216.197 - - [16/May/2026:06:42:57 +0200] "GET /sitemap-4.xml?view=%2Fvar%2Fwww%2Fvhosts%2Fhandanhand.lu%2Fhttpdocs%2Fwp-content%2Fthemes%2FDivi%2Fjs%2Ftheme-customizer.js HTTP/1.1" 200 17799 "-" "Mozilla/5.0 AppleWebKit/537.36 (KHTML, like Gecko; compatible; ClaudeBot/1.0; +claudebot@anthropic.com)"
216.73.216.197 - - [16/May/2026:06:42:57 +0200] "GET /sitemap-18.xml?rename=%2Fvar%2Fwww%2Fvhosts%2Fhandanhand.lu%2Fhttpdocs%2Fwp-content%2Fthemes%2FDivi%2Fcore%2F_metadata.php HTTP/1.1" 200 43726 "-" "Mozilla/5.0 AppleWebKit/537.36 (KHTML, like Gecko; compatible; ClaudeBot/1.0; +claudebot@anthropic.com)"
94.23.188.208 - - [16/May/2026:06:42:57 +0200] "GET /p=3896693 HTTP/1.1" 200 43644 "-" "Mozilla/5.0 (compatible; AhrefsBot/7.0; +http://ahrefs.com/robot/)"
216.73.216.197 - - [16/May/2026:06:42:57 +0200] "GET /sitemap-7.xml?edit=%2Fvar%2Fwww%2Fvhosts%2Fhandanhand.lu%2Fhttpdocs%2Fwp-content%2Fthemes%2FDivi%2Fjs%2Fmenu_fix.js HTTP/1.1" 200 44286 "-" "Mozilla/5.0 AppleWebKit/537.36 (KHTML, like Gecko; compatible; ClaudeBot/1.0; +claudebot@anthropic.com)"
216.73.216.197 - - [16/May/2026:06:42:57 +0200] "GET /sitemap-7.xml?edit=%2Fvar%2Fwww%2Fvhosts%2Fhandanhand.lu%2Fhttpdocs%2Fwp-content%2Fthemes%2FDivi%2Fjs%2Ftheme-customizer-controls.js HTTP/1.1" 200 47449 "-" "Mozilla/5.0 AppleWebKit/537.36 (KHTML, like Gecko; compatible; ClaudeBot/1.0; +claudebot@anthropic.com)"
216.73.216.197 - - [16/May/2026:06:42:57 +0200] "GET /sitemap-4.xml?edit=%2Fvar%2Fwww%2Fvhosts%2Fhandanhand.lu%2Fhttpdocs%2Fwp-content%2Fthemes%2FDivi%2Fjs%2Fmenu_fix.js HTTP/1.1" 200 44286 "-" "Mozilla/5.0 AppleWebKit/537.36 (KHTML, like Gecko; compatible; ClaudeBot/1.0; +claudebot@anthropic.com)"
216.73.216.197 - - [16/May/2026:06:42:58 +0200] "GET /sitemap-18.xml?file=%2Fvar%2Fwww%2Fvhosts%2Fhandanhand.lu%2Fhttpdocs%2Fwp-content%2Fthemes%2FDivi%2Fcore%2Fjson-data HTTP/1.1" 404 276233 "-" "Mozilla/5.0 AppleWebKit/537.36 (KHTML, like Gecko; compatible; ClaudeBot/1.0; +claudebot@anthropic.com)"
216.73.216.197 - - [16/May/2026:06:42:58 +0200] "GET /sitemap-4.xml?edit=%2Fvar%2Fwww%2Fvhosts%2Fhandanhand.lu%2Fhttpdocs%2Fwp-content%2Fthemes%2FDivi%2Fjs%2Ftheme-customizer-controls.js HTTP/1.1" 200 47449 "-" "Mozilla/5.0 AppleWebKit/537.36 (KHTML, like Gecko; compatible; ClaudeBot/1.0; +claudebot@anthropic.com)"
216.73.216.197 - - [16/May/2026:06:42:58 +0200] "GET /sitemap-7.xml?file=%2Fvar%2Fwww%2Fvhosts%2Fhandanhand.lu%2Fhttpdocs%2Fwp-content%2Fthemes%2FDivi%2Fcore%2Fadmin HTTP/1.1" 404 276235 "-" "Mozilla/5.0 AppleWebKit/537.36 (KHTML, like Gecko; compatible; ClaudeBot/1.0; +claudebot@anthropic.com)"
216.73.216.197 - - [16/May/2026:06:42:59 +0200] "GET /sitemap-7.xml?view=%2Fvar%2Fwww%2Fvhosts%2Fhandanhand.lu%2Fhttpdocs%2Fwp-content%2Fthemes%2FDivi%2Fjs%2Fsmoothscroll.js HTTP/1.1" 200 6547 "-" "Mozilla/5.0 AppleWebKit/537.36 (KHTML, like Gecko; compatible; ClaudeBot/1.0; +claudebot@anthropic.com)"
185.191.171.11 - - [16/May/2026:06:42:58 +0200] "GET /p=6191652 HTTP/1.1" 200 43644 "-" "Mozilla/5.0 (compatible; SemrushBot/7~bl; +http://www.semrush.com/bot.html)"
216.73.216.197 - - [16/May/2026:06:42:59 +0200] "GET /sitemap-18.xml?rename=%2Fvar%2Fwww%2Fvhosts%2Fhandanhand.lu%2Fhttpdocs%2Fwp-content%2Fthemes%2FDivi%2Fcore%2F_et_core_version.php HTTP/1.1" 200 43731 "-" "Mozilla/5.0 AppleWebKit/537.36 (KHTML, like Gecko; compatible; ClaudeBot/1.0; +claudebot@anthropic.com)"
63.34.153.202 - - [16/May/2026:06:42:59 +0200] "GET /wp-login.php HTTP/1.1" 200 8554 "-" "Mozilla/5.0 (Windows NT 10.0; Win64; x64; rv:133.0) Gecko/20100101 Firefox/133.0"
216.73.216.197 - - [16/May/2026:06:42:58 +0200] "GET /sitemap-4.xml?file=%2Fvar%2Fwww%2Fvhosts%2Fhandanhand.lu%2Fhttpdocs%2Fwp-content%2Fthemes%2FDivi%2Fcore%2Fadmin HTTP/1.1" 404 276235 "-" "Mozilla/5.0 AppleWebKit/537.36 (KHTML, like Gecko; compatible; ClaudeBot/1.0; +claudebot@anthropic.com)"
63.34.153.202 - - [16/May/2026:06:43:00 +0200] "POST /wp-login.php HTTP/1.1" 200 8560 "https://handanhand.lu/wp-login.php" "Mozilla/5.0 (Windows NT 10.0; Win64; x64; rv:133.0) Gecko/20100101 Firefox/133.0"
94.23.188.221 - - [16/May/2026:06:42:59 +0200] "GET /p=3849813 HTTP/1.1" 200 43644 "-" "Mozilla/5.0 (compatible; AhrefsBot/7.0; +http://ahrefs.com/robot/)"
216.73.216.197 - - [16/May/2026:06:42:59 +0200] "GET /sitemap-21.xml?edit=%27.%24file.%27 HTTP/1.1" 200 43644 "-" "Mozilla/5.0 AppleWebKit/537.36 (KHTML, like Gecko; compatible; ClaudeBot/1.0; +claudebot@anthropic.com)"
66.249.70.69 - - [16/May/2026:06:43:01 +0200] "GET /?p=5334466 HTTP/1.1" 200 43648 "-" "Mozilla/5.0 (Linux; Android 6.0.1; Nexus 5X Build/MMB29P) AppleWebKit/537.36 (KHTML, like Gecko) Chrome/148.0.7778.96 Mobile Safari/537.36 (compatible; GoogleOther)"
66.249.70.70 - - [16/May/2026:06:43:02 +0200] "GET /?p=4905541 HTTP/1.1" 200 43648 "-" "Mozilla/5.0 (Linux; Android 6.0.1; Nexus 5X Build/MMB29P) AppleWebKit/537.36 (KHTML, like Gecko) Chrome/148.0.7778.96 Mobile Safari/537.36 (compatible; Googlebot/2.1; +http://www.google.com/bot.html)"
5.39.1.248 - - [16/May/2026:06:43:02 +0200] "GET /p=3832361 HTTP/1.1" 200 43644 "-" "Mozilla/5.0 (compatible; AhrefsBot/7.0; +http://ahrefs.com/robot/)"
92.222.104.216 - - [16/May/2026:06:43:05 +0200] "GET /p=3710686 HTTP/1.1" 200 43644 "-" "Mozilla/5.0 (compatible; AhrefsBot/7.0; +http://ahrefs.com/robot/)"
94.23.188.208 - - [16/May/2026:06:43:07 +0200] "GET /p=2680712 HTTP/1.1" 200 43644 "-" "Mozilla/5.0 (compatible; AhrefsBot/7.0; +http://ahrefs.com/robot/)"
65.108.68.121 - - [16/May/2026:06:43:11 +0200] "POST /wp-cron.php?doing_wp_cron=1778906591.6685791015625000000000 HTTP/1.1" 200 5396 "-" "WordPress/6.9.4; https://handanhand.lu"
66.249.70.70 - - [16/May/2026:06:43:10 +0200] "GET /?p=3868607 HTTP/1.1" 200 43648 "-" "Mozilla/5.0 (Linux; Android 6.0.1; Nexus 5X Build/MMB29P) AppleWebKit/537.36 (KHTML, like Gecko) Chrome/148.0.7778.96 Mobile Safari/537.36 (compatible; Googlebot/2.1; +http://www.google.com/bot.html)"
85.208.96.199 - - [16/May/2026:06:43:13 +0200] "GET /p=3097198 HTTP/1.1" 200 43644 "-" "Mozilla/5.0 (compatible; SemrushBot/7~bl; +http://www.semrush.com/bot.html)"
5.39.1.247 - - [16/May/2026:06:43:14 +0200] "GET /p=2585376 HTTP/1.1" 200 43644 "-" "Mozilla/5.0 (compatible; AhrefsBot/7.0; +http://ahrefs.com/robot/)"
66.249.70.69 - - [16/May/2026:06:43:14 +0200] "GET /?p=4933638 HTTP/1.1" 200 43648 "-" "Mozilla/5.0 (Linux; Android 6.0.1; Nexus 5X Build/MMB29P) AppleWebKit/537.36 (KHTML, like Gecko) Chrome/148.0.7778.96 Mobile Safari/537.36 (compatible; GoogleOther)"
176.31.139.12 - - [16/May/2026:06:43:15 +0200] "GET /p=2641750 HTTP/1.1" 200 43644 "-" "Mozilla/5.0 (compatible; AhrefsBot/7.0; +http://ahrefs.com/robot/)"
92.222.108.110 - - [16/May/2026:06:43:16 +0200] "GET /p=6135940 HTTP/1.1" 200 43644 "-" "Mozilla/5.0 (compatible; AhrefsBot/7.0; +http://ahrefs.com/robot/)"
